--------- beginning of /dev/log/system
D/AlarmManager( 188): Added alarm Alarm{415ead58 type 2 com.google.android.gsf} type:ELAPSED_REALTIME_WAKEUP when: After 0h:14m:59.0s
D/AlarmManager( 188): Removed alarm Alarm{415ead58 type 2 com.google.android.gsf} type:ELAPSED_REALTIME_WAKEUP
D/AlarmManager( 188): Added alarm Alarm{415ebe20 type 2 com.google.android.gsf} type:ELAPSED_REALTIME_WAKEUP when: After 0h:14m:59.0s
D/AlarmManager( 188): Removed alarm Alarm{415ebe20 type 2 com.google.android.gsf} type:ELAPSED_REALTIME_WAKEUP
D/AlarmManager( 188): Added alarm Alarm{416ba5a8 type 2 com.google.android.gsf} type:ELAPSED_REALTIME_WAKEUP when: After 0h:14m:59.0s
D/AlarmManager( 188): Added alarm Alarm{413747e0 type 2 com.google.android.apps.maps} type:ELAPSED_REALTIME_WAKEUP when: After 0h:14m:59.0s repeatInterval: 0h:15m:0.0s
D/AlarmManager( 188): Triggered Alarm 413747e0 ELAPSED_REALTIME_WAKEUP IntentSender{4164ec38: PendingIntentRecord{4172dd10 com.google.android.apps.maps startService}}
W/ThrottleService( 188): unable to find stats for iface rmnet0
D/AlarmManager( 188): Removed alarm Alarm{413747e0 type 2 com.google.android.apps.maps} type:ELAPSED_REALTIME_WAKEUP
D/AlarmManager( 188): Added alarm Alarm{41756d20 type 2 com.google.android.apps.maps} type:ELAPSED_REALTIME_WAKEUP when: After 0h:29m:19.0s repeatInterval: 0h:15m:0.0s
D/AlarmManager( 188): Added alarm Alarm{41727910 type 0 com.google.android.gsf} type:RTC_WAKEUP when: At 3/17/12 6:51 PM repeatInterval: 0h:30m:0.0s
D/AlarmManager( 188): Triggered Alarm 41727910 RTC_WAKEUP IntentSender{416bb7e0: PendingIntentRecord{417277b8 com.google.android.gsf broadcastIntent}}
D/AlarmManager( 188): Removed alarm Alarm{41727910 type 0 com.google.android.gsf} type:RTC_WAKEUP
D/AlarmManager( 188): Added alarm Alarm{4131d388 type 0 com.google.android.gsf} type:RTC_WAKEUP when: At 3/17/12 6:51 PM repeatInterval: 0h:30m:0.0s
D/AlarmManager( 188): Triggered Alarm 4130e278 RTC_WAKEUP IntentSender{415f2c48: PendingIntentRecord{4130e1d8 com.facebook.katana startService}}
D/AlarmManager( 188): Added alarm Alarm{41324bc8 type 0 com.facebook.katana} type:RTC_WAKEUP when: At 3/17/12 6:51 PM
D/AlarmManager( 188): Triggered Alarm 416ba5a8 ELAPSED_REALTIME_WAKEUP IntentSender{4154f368: PendingIntentRecord{416ae1d8 com.google.android.gsf broadcastIntent}}
D/AlarmManager( 188): Added alarm Alarm{4167f7a0 type 2 com.google.android.gsf} type:ELAPSED_REALTIME_WAKEUP when: After 0h:0m:59.0s
D/AlarmManager( 188): Removed alarm Alarm{4167f7a0 type 2 com.google.android.gsf} type:ELAPSED_REALTIME_WAKEUP
D/AlarmManager( 188): Added alarm Alarm{416656e0 type 2 com.google.android.gsf} type:ELAPSED_REALTIME_WAKEUP when: After 0h:14m:59.0s
D/AlarmManager( 188): Removed alarm Alarm{416656e0 type 2 com.google.android.gsf} type:ELAPSED_REALTIME_WAKEUP
D/AlarmManager( 188): Added alarm Alarm{415feb98 type 2 com.google.android.gsf} type:ELAPSED_REALTIME_WAKEUP when: After 0h:14m:59.0s
D/AlarmManager( 188): Removed alarm Alarm{415feb98 type 2 com.google.android.gsf} type:ELAPSED_REALTIME_WAKEUP
D/AlarmManager( 188): Added alarm Alarm{415de9b0 type 2 com.google.android.gsf} type:ELAPSED_REALTIME_WAKEUP when: After 0h:14m:59.0s
D/AlarmManager( 188): Removed alarm Alarm{415de9b0 type 2 com.google.android.gsf} type:ELAPSED_REALTIME_WAKEUP
D/AlarmManager( 188): Added alarm Alarm{41537460 type 2 com.google.android.gsf} type:ELAPSED_REALTIME_WAKEUP when: After 0h:15m:0.0s
D/AlarmManager( 188): Added alarm Alarm{4136ab38 type 0 com.ted.android} type:RTC_WAKEUP when: At 3/17/12 7:25 PM
I/ActivityManager( 188): No longer want com.ted.android (pid 1151): hidden #16
D/PowerManagerService( 188): @PowerManagement: Screen Bright {false -> true}
D/PowerManagerService( 188): @PowerManagement: Screen turned on mScreenOffTime=2204255ms Battery: <52,7>
D/PowerManagerService( 188): @PowerManagement: Acquire UWL 'sleep_broadcast' flags [partial] refcount=1
D/PowerManagerService( 188): @PowerManagement: Acquire UWL 'sleep_broadcast' flags [partial] refcount=2
D/PowerManagerService( 188): @PowerManagement: sending ordered bcast for ACTION_SCREEN_ON
I/WindowManager( 188): Lock screen displayed!
D/PowerManagerService( 188): @PowerManagement: Release UWL 'sleep_broadcast' flags [partial] refcount=1
D/PowerManagerService( 188): @PowerManagement: Release UWL 'sleep_broadcast' flags [partial] refcount=0
D/PowerManagerService( 188): @PowerManagement: 'keyguard' releaseWakeLock when screen locked
D/AlarmManager( 188): Removed alarm Alarm{41537460 type 2 com.google.android.gsf} type:ELAPSED_REALTIME_WAKEUP
D/AlarmManager( 188): Added alarm Alarm{41668030 type 2 com.google.android.gsf} type:ELAPSED_REALTIME_WAKEUP when: After 0h:15m:0.0s
I/TabletStatusBar( 290): DISABLE_CLOCK: no
I/ActivityManager( 188): START {act=android.intent.action.MAIN cat=[android.intent.category.LAUNCHER] flg=0x10200000 cmp=com.android.settings/.Settings} from pid 472
I/ActivityManager( 188): Start proc com.android.settings for activity com.android.settings/.Settings: pid=1575 uid=1000 gids={3003, 1015, 3002, 3001, 3007}
W/InputManagerService( 188): Starting input on non-focused client com.android.internal.view.IInputMethodClient$Stub$Proxy@415cc0a0 (uid=1000 pid=472)
D/AlarmManager( 188): Removed alarm Alarm{416d6908 type 2 com.google.android.location} type:ELAPSED_REALTIME_WAKEUP
D/AlarmManager( 188): Added alarm Alarm{4130fe18 type 2 com.google.android.location} type:ELAPSED_REALTIME_WAKEUP when: After 23h:22m:40.0s
D/AlarmManager( 188): Removed alarm Alarm{416d5db8 type 2 com.google.android.apps.maps} type:ELAPSED_REALTIME_WAKEUP
D/AlarmManager( 188): Added alarm Alarm{41550b28 type 2 com.google.android.apps.maps} type:ELAPSED_REALTIME_WAKEUP when: After 596522h:36m:39.0s
I/ActivityManager( 188): Start proc com.android.defcontainer for service com.android.defcontainer/.DefaultContainerService: pid=1595 uid=10061 gids={1015, 2001}
I/ActivityManager( 188): No longer want com.asus.UpdateLauncher (pid 954): hidden #16
D/VoldCmdListener( 103): cryptfs cryptocomplete
E/Cryptfs ( 103): not running with encryption, aborting
W/InputManagerService( 188): Window already focused, ignoring focus gain of: com.android.internal.view.IInputMethodClient$Stub$Proxy@415dc470
W/InputManagerService( 188): Window already focused, ignoring focus gain of: com.android.internal.view.IInputMethodClient$Stub$Proxy@415fdb78
W/InputManagerService( 188): Window already focused, ignoring focus gain of: com.android.internal.view.IInputMethodClient$Stub$Proxy@415e7610
I/ActivityManager( 188): START {act=android.intent.action.MAIN cat=[android.intent.category.HOME] flg=0x10200000 cmp=com.android.launcher/com.android.launcher2.Launcher} from pid 188
W/InputManagerService( 188): Starting input on non-focused client com.android.internal.view.IInputMethodClient$Stub$Proxy@4127b8a0 (uid=1000 pid=1575)
I/ActivityManager( 188): START {act=android.intent.action.MAIN cat=[android.intent.category.LAUNCHER] flg=0x10200000 cmp=com.android.browser/.BrowserActivity bnds=[144,640][240,736]} from pid 472
I/ActivityManager( 188): Start proc com.android.browser for activity com.android.browser/.BrowserActivity: pid=1703 uid=10067 gids={3003, 1015}
I/ActivityManager( 188): Start proc com.google.android.googlequicksearchbox for content provider com.google.android.googlequicksearchbox/.google.GoogleSuggestionProvider: pid=1766 uid=10049 gids={3003}
D/AlarmManager( 188): Removed alarm Alarm{4130fe18 type 2 com.google.android.location} type:ELAPSED_REALTIME_WAKEUP
D/AlarmManager( 188): Added alarm Alarm{415dcfa0 type 2 com.google.android.location} type:ELAPSED_REALTIME_WAKEUP when: After 0h:0m:4.0s
D/AlarmManager( 188): Removed alarm Alarm{415dcfa0 type 2 com.google.android.location} type:ELAPSED_REALTIME_WAKEUP
D/AlarmManager( 188): Added alarm Alarm{415607c8 type 2 com.google.android.location} type:ELAPSED_REALTIME_WAKEUP when: After 0h:0m:4.0s
D/AlarmManager( 188): Removed alarm Alarm{415607c8 type 2 com.google.android.location} type:ELAPSED_REALTIME_WAKEUP
D/AlarmManager( 188): Added alarm Alarm{4111b9a0 type 2 com.google.android.location} type:ELAPSED_REALTIME_WAKEUP when: After 0h:0m:4.0s
D/AlarmManager( 188): Removed alarm Alarm{4111b9a0 type 2 com.google.android.location} type:ELAPSED_REALTIME_WAKEUP
D/AlarmManager( 188): Added alarm Alarm{4156b588 type 2 com.google.android.location} type:ELAPSED_REALTIME_WAKEUP when: After 0h:0m:4.0s
I/ActivityManager( 188): No longer want com.android.calendar (pid 1195): hidden #16
D/AlarmManager( 188): Removed alarm Alarm{41550b28 type 2 com.google.android.apps.maps} type:ELAPSED_REALTIME_WAKEUP
D/AlarmManager( 188): Added alarm Alarm{41744ff0 type 2 com.google.android.apps.maps} type:ELAPSED_REALTIME_WAKEUP when: After 596522h:34m:51.0s
D/AlarmManager( 188): Removed alarm Alarm{4156b588 type 2 com.google.android.location} type:ELAPSED_REALTIME_WAKEUP
D/AlarmManager( 188): Added alarm Alarm{416d7868 type 2 com.google.android.location} type:ELAPSED_REALTIME_WAKEUP when: After 0h:4m:58.0s
W/ThrottleService( 188): unable to find stats for iface rmnet0
D/PowerManagerService( 188): @PowerManagement: 'KEEP_SCREEN_ON_FLAG' releaseWakeLock when screen locked
I/ActivityManager( 188): START {act=android.intent.action.VIEW_DOWNLOADS flg=0x10000000 cmp=com.android.providers.downloads.ui/.DownloadList} from pid 1703
W/InputManagerService( 188): Starting input on non-focused client com.android.internal.view.IInputMethodClient$Stub$Proxy@41364e68 (uid=10067 pid=1703)
D/AlarmManager( 188): Added alarm Alarm{4164a0c0 type 0 com.google.android.apps.plus} type:RTC_WAKEUP when: At 3/17/12 6:31 PM
D/AlarmManager( 188): Removed alarm Alarm{4164a0c0 type 0 com.google.android.apps.plus} type:RTC_WAKEUP
D/AlarmManager( 188): Added alarm Alarm{4161e0b8 type 0 com.google.android.apps.plus} type:RTC_WAKEUP when: At 3/17/12 6:31 PM
D/AlarmManager( 188): Removed alarm Alarm{4161e0b8 type 0 com.google.android.apps.plus} type:RTC_WAKEUP
D/AlarmManager( 188): Added alarm Alarm{416b3970 type 0 com.google.android.apps.plus} type:RTC_WAKEUP when: At 3/17/12 6:31 PM
D/AlarmManager( 188): Removed alarm Alarm{416b3970 type 0 com.google.android.apps.plus} type:RTC_WAKEUP
D/AlarmManager( 188): Added alarm Alarm{41673108 type 0 com.google.android.apps.plus} type:RTC_WAKEUP when: At 3/17/12 6:31 PM
D/AlarmManager( 188): Removed alarm Alarm{41673108 type 0 com.google.android.apps.plus} type:RTC_WAKEUP
D/AlarmManager( 188): Added alarm Alarm{41652ac0 type 0 com.google.android.apps.plus} type:RTC_WAKEUP when: At 3/17/12 6:31 PM
D/AlarmManager( 188): Removed alarm Alarm{41652ac0 type 0 com.google.android.apps.plus} type:RTC_WAKEUP
D/AlarmManager( 188): Added alarm Alarm{415e5598 type 0 com.google.android.apps.plus} type:RTC_WAKEUP when: At 3/17/12 6:31 PM
I/ActivityManager( 188): START {act=android.intent.action.VIEW dat=file:///mnt/sdcard/Download/VLC-debug.apk typ=application/vnd.android.package-archive flg=0x10000001 cmp=android/com.android.internal.app.ResolverActivity} from pid 1484
I/ActivityManager( 188): START {act=android.intent.action.VIEW dat=file:///mnt/sdcard/Download/VLC-debug.apk typ=application/vnd.android.package-archive flg=0x13000001 cmp=com.android.packageinstaller/.PackageInstallerActivity} from pid 188
I/ActivityManager( 188): Start proc com.android.packageinstaller for activity com.android.packageinstaller/.PackageInstallerActivity: pid=1867 uid=10027 gids={}
W/InputManagerService( 188): Starting input on non-focused client com.android.internal.view.IInputMethodClient$Stub$Proxy@416b13b8 (uid=10040 pid=1484)
I/ActivityManager( 188): START {dat=file:///mnt/sdcard/Download/VLC-debug.apk cmp=com.android.packageinstaller/.InstallAppProgress (has extras)} from pid 1867
W/ActivityManager( 188): No content provider found for permission revoke: file:///mnt/sdcard/Download/VLC-debug.apk
W/ActivityManager( 188): No content provider found for permission revoke: file:///mnt/sdcard/Download/VLC-debug.apk
I/ActivityManager( 188): Force stopping package org.videolan.vlc uid=10092
D/AlarmManager( 188): Triggered Alarm 415e5598 RTC_WAKEUP IntentSender{417259f8: PendingIntentRecord{416d5898 com.google.android.apps.plus broadcastIntent}}
I/ActivityManager( 188): Start proc com.android.gallery3d for broadcast com.android.gallery3d/.app.PackagesMonitor: pid=1893 uid=10054 gids={3003, 1015}
D/BackupManagerService( 188): Received broadcast Intent { act=android.intent.action.PACKAGE_ADDED dat=package:org.videolan.vlc flg=0x10000010 (has extras) }
V/BackupManagerService( 188): addPackageParticipantsLocked: org.videolan.vlc
I/ActivityManager( 188): Start proc com.nvidia.demo.launcher.glowball for broadcast com.nvidia.demo.launcher.glowball/.LauncherActivity$PackageAddListener: pid=1909 uid=10053 gids={}
I/ActivityManager( 188): Start proc com.google.android.partnersetup for broadcast com.google.android.partnersetup/.RlzPingBroadcastReceiver: pid=1921 uid=10050 gids={3003}
I/ActivityManager( 188): No longer want com.ecareme.pixwe (pid 1069): hidden #16
I/ActivityManager( 188): Start proc com.android.musicfx for broadcast com.android.musicfx/.Compatibility$Receiver: pid=1933 uid=10083 gids={3003, 3002}
I/ActivityManager( 188): No longer want com.google.android.music:main (pid 1295): hidden #16
I/ActivityManager( 188): Start proc com.android.vending for broadcast com.android.vending/com.google.android.finsky.receivers.PackageMonitorReceiver$RegisteredReceiver: pid=1946 uid=10026 gids={3003, 1015}
D/AlarmManager( 188): Added alarm Alarm{413678d0 type 0 com.android.vending} type:RTC_WAKEUP when: At 3/17/12 6:32 PM
I/ActivityManager( 188): Start proc xcxin.filexpert for broadcast xcxin.filexpert/.Receivers.PackageActionReceiver: pid=1980 uid=10091 gids={3003, 1007, 1015, 3002, 3001}
I/ActivityManager( 188): No longer want com.asus.weather (pid 966): hidden #16
I/ActivityManager( 188): No longer want com.google.android.apps.maps:LocationFriendService (pid 1340): hidden #17
I/ActivityManager( 188): No longer want com.google.android.talk (pid 1319): hidden #16
I/ActivityManager( 188): START {act=android.intent.action.MAIN cat=[android.intent.category.LAUNCHER] flg=0x10000000 pkg=org.videolan.vlc cmp=org.videolan.vlc/.gui.MainActivity} from pid 1867
I/ActivityManager( 188): Start proc org.videolan.vlc for activity org.videolan.vlc/.gui.MainActivity: pid=1997 uid=10092 gids={3003, 1007, 1015}
I/ActivityManager( 188): No longer want com.google.android.gm (pid 847): hidden #16
I/ActivityManager( 188): No longer want com.facebook.katana (pid 1443): hidden #16
V/TabletStatusBar( 290): setLightsOn(true)
I/ActivityManager( 188): No longer want com.android.settings (pid 1575): hidden #16
I/WindowManager( 188): WIN DEATH: Window{41742210 com.android.settings/com.android.settings.Settings paused=false}
D/AlarmManager( 188): Triggered Alarm 413678d0 RTC_WAKEUP IntentSender{412fa440: PendingIntentRecord{4136ca60 com.android.vending startService}}
W/InputManagerService( 188): Window already focused, ignoring focus gain of: com.android.internal.view.IInputMethodClient$Stub$Proxy@4137d408
I/ActivityManager( 188): START {cmp=org.videolan.vlc/.gui.SearchActivity} from pid 1997
V/TabletStatusBar( 290): setLightsOn(true)
W/InputManagerService( 188): Window already focused, ignoring focus gain of: com.android.internal.view.IInputMethodClient$Stub$Proxy@41326188
V/TabletStatusBar( 290): setLightsOn(true)
V/TabletStatusBar( 290): setLightsOn(true)
I/ActivityManager( 188): START {cmp=org.videolan.vlc/.gui.PreferencesActivity} from pid 1997
V/TabletStatusBar( 290): setLightsOn(true)
I/ActivityManager( 188): Start proc com.google.android.inputmethod.latin for service com.google.android.inputmethod.latin/com.android.inputmethod.latin.spellcheck.AndroidSpellCheckerService: pid=2122 uid=10045 gids={}
I/ActivityManager( 188): Start proc com.google.android.inputmethod.latin.dictionarypack for content provider com.google.android.inputmethod.latin.dictionarypack/.DictionaryProvider: pid=2134 uid=10082 gids={3003, 1015}
I/ActivityManager( 188): No longer want com.google.android.gsf.login (pid 1402): hidden #16
I/ActivityManager( 188): No longer want com.android.packageinstaller (pid 1867): hidden #16
V/TabletStatusBar( 290): setLightsOn(true)
I/ActivityManager( 188): START {cmp=org.videolan.vlc/.gui.AboutActivity} from pid 1997
V/TabletStatusBar( 290): setLightsOn(true)
V/TabletStatusBar( 290): setLightsOn(true)
W/InputManagerService( 188): Window already focused, ignoring focus gain of: com.android.internal.view.IInputMethodClient$Stub$Proxy@41614590
W/InputManagerService( 188): Window already focused, ignoring focus gain of: com.android.internal.view.IInputMethodClient$Stub$Proxy@41630058
W/InputManagerService( 188): Window already focused, ignoring focus gain of: com.android.internal.view.IInputMethodClient$Stub$Proxy@411ec5a0
I/ActivityManager( 188): START {cmp=org.videolan.vlc/.gui.PreferencesActivity} from pid 1997
V/TabletStatusBar( 290): setLightsOn(true)
V/TabletStatusBar( 290): setLightsOn(true)
W/InputManagerService( 188): Starting input on non-focused client com.android.internal.view.IInputMethodClient$Stub$Proxy@410c1510 (uid=10092 pid=1997)
W/InputManagerService( 188): Starting input on non-focused client com.android.internal.view.IInputMethodClient$Stub$Proxy@416b13b8 (uid=10040 pid=1484)
I/ActivityManager( 188): No longer want com.android.gallery3d (pid 1893): hidden #16
I/ActivityManager( 188): No longer want com.nvidia.demo.launcher.glowball (pid 1909): hidden #16
W/ActivityManager( 188): removeTaskLocked: unknown taskId 8
W/InputManagerService( 188): Window already focused, ignoring focus gain of: com.android.internal.view.IInputMethodClient$Stub$Proxy@4160a200
W/InputManagerService( 188): Window already focused, ignoring focus gain of: com.android.internal.view.IInputMethodClient$Stub$Proxy@413a0aa0
I/ActivityManager( 188): START {act=android.intent.action.MAIN cat=[android.intent.category.LAUNCHER] flg=0x10200000 cmp=com.android.browser/.BrowserActivity bnds=[144,640][240,736]} from pid 472
D/PowerManagerService( 188): @PowerManagement: Sleep state requested, reason:2
D/PowerManagerService( 188): @PowerManagement: Screen Bright {true -> false}
D/PowerManagerService( 188): @PowerManagement: Screen turned off mScreenOnTime=329477ms Battery: <56,7>
D/PowerManagerService( 188): @PowerManagement: Acquire UWL 'sleep_broadcast' flags [partial] refcount=1
D/PowerManagerService( 188): @PowerManagement: sending ordered bcast for ACTION_SCREEN_OFF
D/AlarmManager( 188): Added alarm Alarm{41393fd0 type 2 com.google.android.gsf} type:ELAPSED_REALTIME_WAKEUP when: After 0h:0m:30.0s
D/PowerManagerService( 188): @PowerManagement: Release UWL 'sleep_broadcast' flags [partial] refcount=0
I/ActivityManager( 188): Start proc com.google.android.gsf.login for service com.google.android.gsf.login/com.google.android.gsf.loginservice.GoogleLoginService: pid=2350 uid=10030 gids={3003, 1015, 1007, 2001, 3006}
I/TabletStatusBar( 290): DISABLE_CLOCK: yes
D/AlarmManager( 188): Triggered Alarm 41393fd0 ELAPSED_REALTIME_WAKEUP IntentSender{41092160: PendingIntentRecord{4161a6d8 com.google.android.gsf broadcastIntent}}
D/PowerManagerService( 188): @PowerManagement: Auto-sleep timeout
D/AlarmManager( 188): Triggered Alarm 416d7868 ELAPSED_REALTIME_WAKEUP IntentSender{4139efd8: PendingIntentRecord{415df358 com.google.android.location broadcastIntent}}
D/AlarmManager( 188): Removed alarm Alarm{41744ff0 type 2 com.google.android.apps.maps} type:ELAPSED_REALTIME_WAKEUP
D/AlarmManager( 188): Added alarm Alarm{416590c8 type 2 com.google.android.apps.maps} type:ELAPSED_REALTIME_WAKEUP when: After 596522h:29m:52.0s
D/AlarmManager( 188): Added alarm Alarm{416114e8 type 2 com.google.android.location} type:ELAPSED_REALTIME_WAKEUP when: After 0h:0m:4.0s
D/AlarmManager( 188): Removed alarm Alarm{416114e8 type 2 com.google.android.location} type:ELAPSED_REALTIME_WAKEUP
D/AlarmManager( 188): Added alarm Alarm{4154cb58 type 2 com.google.android.location} type:ELAPSED_REALTIME_WAKEUP when: After 0h:0m:4.0s
D/AlarmManager( 188): Removed alarm Alarm{416590c8 type 2 com.google.android.apps.maps} type:ELAPSED_REALTIME_WAKEUP
D/AlarmManager( 188): Added alarm Alarm{41673fa0 type 2 com.google.android.apps.maps} type:ELAPSED_REALTIME_WAKEUP when: After 596522h:29m:48.0s
D/AlarmManager( 188): Added alarm Alarm{4165d170 type 2 com.google.android.apps.maps} type:ELAPSED_REALTIME_WAKEUP when: After 0h:1m:59.0s
D/AlarmManager( 188): Removed alarm Alarm{4154cb58 type 2 com.google.android.location} type:ELAPSED_REALTIME_WAKEUP
D/AlarmManager( 188): Added alarm Alarm{41682f70 type 2 com.google.android.location} type:ELAPSED_REALTIME_WAKEUP when: After 0h:4m:55.0s
D/AlarmManager( 188): Triggered Alarm 4165d170 ELAPSED_REALTIME_WAKEUP IntentSender{41845a90: PendingIntentRecord{41735720 com.google.android.apps.maps broadcastIntent}}
D/AlarmManager( 188): Triggered Alarm 41682f70 ELAPSED_REALTIME_WAKEUP IntentSender{416918e8: PendingIntentRecord{415df358 com.google.android.location broadcastIntent}}
D/AlarmManager( 188): Added alarm Alarm{416934c0 type 2 com.google.android.location} type:ELAPSED_REALTIME_WAKEUP when: After 0h:0m:4.0s
D/AlarmManager( 188): Removed alarm Alarm{416934c0 type 2 com.google.android.location} type:ELAPSED_REALTIME_WAKEUP
D/AlarmManager( 188): Added alarm Alarm{41693608 type 2 com.google.android.location} type:ELAPSED_REALTIME_WAKEUP when: After 0h:0m:4.0s
D/AlarmManager( 188): Removed alarm Alarm{41673fa0 type 2 com.google.android.apps.maps} type:ELAPSED_REALTIME_WAKEUP
D/AlarmManager( 188): Added alarm Alarm{4167f728 type 2 com.google.android.apps.maps} type:ELAPSED_REALTIME_WAKEUP when: After 596522h:24m:52.0s
W/ThrottleService( 188): unable to find stats for iface rmnet0
D/AlarmManager( 188): Removed alarm Alarm{4167f728 type 2 com.google.android.apps.maps} type:ELAPSED_REALTIME_WAKEUP
D/AlarmManager( 188): Added alarm Alarm{416dd3a0 type 2 com.google.android.apps.maps} type:ELAPSED_REALTIME_WAKEUP when: After 596522h:24m:48.0s
D/AlarmManager( 188): Removed alarm Alarm{41693608 type 2 com.google.android.location} type:ELAPSED_REALTIME_WAKEUP
D/AlarmManager( 188): Added alarm Alarm{41743a98 type 2 com.google.android.location} type:ELAPSED_REALTIME_WAKEUP when: After 0h:4m:55.0s
D/AlarmManager( 188): Triggered Alarm 41668030 ELAPSED_REALTIME_WAKEUP IntentSender{41774c50: PendingIntentRecord{416ae1d8 com.google.android.gsf broadcastIntent}}
D/AlarmManager( 188): Added alarm Alarm{417d5c90 type 2 com.google.android.gsf} type:ELAPSED_REALTIME_WAKEUP when: After 0h:0m:59.0s
D/AlarmManager( 188): Removed alarm Alarm{417d5c90 type 2 com.google.android.gsf} type:ELAPSED_REALTIME_WAKEUP
D/AlarmManager( 188): Added alarm Alarm{417dfab0 type 2 com.google.android.gsf} type:ELAPSED_REALTIME_WAKEUP when: After 0h:15m:0.0s
D/AlarmManager( 188): Removed alarm Alarm{417dfab0 type 2 com.google.android.gsf} type:ELAPSED_REALTIME_WAKEUP
D/AlarmManager( 188): Added alarm Alarm{41584208 type 2 com.google.android.gsf} type:ELAPSED_REALTIME_WAKEUP when: After 0h:15m:0.0s
D/AlarmManager( 188): Removed alarm Alarm{41584208 type 2 com.google.android.gsf} type:ELAPSED_REALTIME_WAKEUP
D/AlarmManager( 188): Added alarm Alarm{416d9e20 type 2 com.google.android.gsf} type:ELAPSED_REALTIME_WAKEUP when: After 0h:14m:59.0s
D/AlarmManager( 188): Removed alarm Alarm{416d9e20 type 2 com.google.android.gsf} type:ELAPSED_REALTIME_WAKEUP
D/AlarmManager( 188): Added alarm Alarm{41376838 type 2 com.google.android.gsf} type:ELAPSED_REALTIME_WAKEUP when: After 0h:15m:0.0s
D/AlarmManager( 188): Triggered Alarm 41743a98 ELAPSED_REALTIME_WAKEUP IntentSender{416318a8: PendingIntentRecord{415df358 com.google.android.location broadcastIntent}}
D/AlarmManager( 188): Added alarm Alarm{4167dbb8 type 2 com.google.android.location} type:ELAPSED_REALTIME_WAKEUP when: After 0h:0m:4.0s
D/AlarmManager( 188): Removed alarm Alarm{4167dbb8 type 2 com.google.android.location} type:ELAPSED_REALTIME_WAKEUP
D/AlarmManager( 188): Added alarm Alarm{41684c58 type 2 com.google.android.location} type:ELAPSED_REALTIME_WAKEUP when: After 0h:0m:4.0s
D/AlarmManager( 188): Removed alarm Alarm{416dd3a0 type 2 com.google.android.apps.maps} type:ELAPSED_REALTIME_WAKEUP
D/AlarmManager( 188): Added alarm Alarm{41695190 type 2 com.google.android.apps.maps} type:ELAPSED_REALTIME_WAKEUP when: After 596522h:19m:52.0s
D/AlarmManager( 188): Removed alarm Alarm{41695190 type 2 com.google.android.apps.maps} type:ELAPSED_REALTIME_WAKEUP
D/AlarmManager( 188): Added alarm Alarm{416c98f8 type 2 com.google.android.apps.maps} type:ELAPSED_REALTIME_WAKEUP when: After 596522h:19m:51.0s
D/AlarmManager( 188): Removed alarm Alarm{41684c58 type 2 com.google.android.location} type:ELAPSED_REALTIME_WAKEUP
D/AlarmManager( 188): Added alarm Alarm{4171e950 type 2 com.google.android.location} type:ELAPSED_REALTIME_WAKEUP when: After 0h:4m:58.0s
D/AlarmManager( 188): Triggered Alarm 4171e950 ELAPSED_REALTIME_WAKEUP IntentSender{417d10d0: PendingIntentRecord{415df358 com.google.android.location broadcastIntent}}
D/AlarmManager( 188): Added alarm Alarm{417dde60 type 2 com.google.android.location} type:ELAPSED_REALTIME_WAKEUP when: After 0h:0m:4.0s
D/AlarmManager( 188): Removed alarm Alarm{416c98f8 type 2 com.google.android.apps.maps} type:ELAPSED_REALTIME_WAKEUP
D/AlarmManager( 188): Added alarm Alarm{417e2cf0 type 2 com.google.android.apps.maps} type:ELAPSED_REALTIME_WAKEUP when: After 596522h:14m:52.0s
D/AlarmManager( 188): Removed alarm Alarm{417dde60 type 2 com.google.android.location} type:ELAPSED_REALTIME_WAKEUP
D/AlarmManager( 188): Added alarm Alarm{417e64c0 type 2 com.google.android.location} type:ELAPSED_REALTIME_WAKEUP when: After 0h:0m:4.0s
D/AlarmManager( 188): Removed alarm Alarm{417e2cf0 type 2 com.google.android.apps.maps} type:ELAPSED_REALTIME_WAKEUP
D/AlarmManager( 188): Added alarm Alarm{4183e1d8 type 2 com.google.android.apps.maps} type:ELAPSED_REALTIME_WAKEUP when: After 596522h:14m:51.0s
D/AlarmManager( 188): Added alarm Alarm{41844cc8 type 2 com.google.android.apps.maps} type:ELAPSED_REALTIME_WAKEUP when: After 0h:1m:59.0s
D/AlarmManager( 188): Removed alarm Alarm{417e64c0 type 2 com.google.android.location} type:ELAPSED_REALTIME_WAKEUP
D/AlarmManager( 188): Added alarm Alarm{41847dc0 type 2 com.google.android.location} type:ELAPSED_REALTIME_WAKEUP when: After 0h:4m:58.0s
D/AlarmManager( 188): Added alarm Alarm{41756d20 type 2 com.google.android.apps.maps} type:ELAPSED_REALTIME_WAKEUP when: After 0h:15m:0.0s repeatInterval: 0h:15m:0.0s
D/AlarmManager( 188): Triggered Alarm 41756d20 ELAPSED_REALTIME_WAKEUP IntentSender{41858a28: PendingIntentRecord{4172dd10 com.google.android.apps.maps startService}}
D/AlarmManager( 188): Removed alarm Alarm{41756d20 type 2 com.google.android.apps.maps} type:ELAPSED_REALTIME_WAKEUP
D/AlarmManager( 188): Added alarm Alarm{4186f948 type 2 com.google.android.apps.maps} type:ELAPSED_REALTIME_WAKEUP when: After 0h:29m:59.0s repeatInterval: 0h:15m:0.0s
W/ThrottleService( 188): unable to find stats for iface rmnet0
D/AlarmManager( 188): Added alarm Alarm{4131d388 type 0 com.google.android.gsf} type:RTC_WAKEUP when: At 3/17/12 7:21 PM repeatInterval: 0h:30m:0.0s
D/AlarmManager( 188): Triggered Alarm 4131d388 RTC_WAKEUP IntentSender{4187a920: PendingIntentRecord{417277b8 com.google.android.gsf broadcastIntent}}
D/AlarmManager( 188): Removed alarm Alarm{4131d388 type 0 com.google.android.gsf} type:RTC_WAKEUP
D/AlarmManager( 188): Added alarm Alarm{418b47a0 type 0 com.google.android.gsf} type:RTC_WAKEUP when: At 3/17/12 7:21 PM repeatInterval: 0h:30m:0.0s
D/AlarmManager( 188): Triggered Alarm 41324bc8 RTC_WAKEUP IntentSender{4165c978: PendingIntentRecord{413292b0 com.facebook.katana startService}}
I/ActivityManager( 188): Start proc com.facebook.katana for service com.facebook.katana/.service.FacebookService: pid=2396 uid=10073 gids={3003, 1015}
D/AlarmManager( 188): Added alarm Alarm{417f2758 type 0 com.facebook.katana} type:RTC_WAKEUP when: At 3/17/12 6:52 PM
D/AlarmManager( 188): Added alarm Alarm{41583208 type 0 com.facebook.katana} type:RTC_WAKEUP when: At 3/17/12 6:52 PM
D/AlarmManager( 188): Triggered Alarm 417f2758 RTC_WAKEUP IntentSender{413792b0: PendingIntentRecord{417efcd0 com.facebook.katana startService}}
D/AlarmManager( 188): Removed alarm Alarm{41583208 type 0 com.facebook.katana} type:RTC_WAKEUP
D/AlarmManager( 188): Added alarm Alarm{4130aa70 type 0 com.facebook.katana} type:RTC_WAKEUP when: At 3/17/12 7:22 PM
D/AlarmManager( 188): Added alarm Alarm{41757608 type 0 com.facebook.katana} type:RTC_WAKEUP when: At 3/19/12 6:52 PM
D/AlarmManager( 188): Added alarm Alarm{417de8b0 type 0 com.facebook.katana} type:RTC_WAKEUP when: At 3/17/12 6:52 PM
I/ActivityManager( 188): No longer want com.google.android.partnersetup (pid 1921): hidden #16
D/AlarmManager( 188): Triggered Alarm 417de8b0 RTC_WAKEUP IntentSender{4154fe50: PendingIntentRecord{413292b0 com.facebook.katana startService}}
D/AlarmManager( 188): Removed alarm Alarm{4130aa70 type 0 com.facebook.katana} type:RTC_WAKEUP
D/AlarmManager( 188): Added alarm Alarm{41653868 type 0 com.facebook.katana} type:RTC_WAKEUP when: At 3/17/12 7:22 PM
D/AlarmManager( 188): Triggered Alarm 41844cc8 ELAPSED_REALTIME_WAKEUP IntentSender{4175c968: PendingIntentRecord{41735720 com.google.android.apps.maps broadcastIntent}}
D/AlarmManager( 188): Triggered Alarm 41847dc0 ELAPSED_REALTIME_WAKEUP IntentSender{4164a3e8: PendingIntentRecord{415df358 com.google.android.location broadcastIntent}}
D/AlarmManager( 188): Added alarm Alarm{41840da0 type 2 com.google.android.location} type:ELAPSED_REALTIME_WAKEUP when: After 0h:0m:4.0s
D/AlarmManager( 188): Removed alarm Alarm{4183e1d8 type 2 com.google.android.apps.maps} type:ELAPSED_REALTIME_WAKEUP
D/AlarmManager( 188): Added alarm Alarm{41841520 type 2 com.google.android.apps.maps} type:ELAPSED_REALTIME_WAKEUP when: After 596522h:9m:52.0s
D/AlarmManager( 188): Removed alarm Alarm{41840da0 type 2 com.google.android.location} type:ELAPSED_REALTIME_WAKEUP
D/AlarmManager( 188): Added alarm Alarm{4166eb50 type 2 com.google.android.location} type:ELAPSED_REALTIME_WAKEUP when: After 0h:0m:4.0s
D/AlarmManager( 188): Removed alarm Alarm{41841520 type 2 com.google.android.apps.maps} type:ELAPSED_REALTIME_WAKEUP
D/AlarmManager( 188): Added alarm Alarm{416d3e88 type 2 com.google.android.apps.maps} type:ELAPSED_REALTIME_WAKEUP when: After 596522h:9m:51.0s
D/AlarmManager( 188): Removed alarm Alarm{4166eb50 type 2 com.google.android.location} type:ELAPSED_REALTIME_WAKEUP
D/AlarmManager( 188): Added alarm Alarm{41751120 type 2 com.google.android.location} type:ELAPSED_REALTIME_WAKEUP when: After 0h:4m:58.0s
D/AlarmManager( 188): Added alarm Alarm{4155be10 type 0 android} type:RTC_WAKEUP when: At 3/17/12 8:00 PM repeatInterval: 1h:4m:52.0s
D/AlarmManager( 188): Triggered Alarm 4155be10 RTC_WAKEUP IntentSender{416879a8: PendingIntentRecord{412b21d8 android broadcastIntent}}
V/BackupManagerService( 188): Running a backup pass
V/BackupManagerService( 188): clearing pending backups
V/PerformBackupTask( 188): Beginning backup of 1 targets
D/PerformBackupTask( 188): processOneBackup doBackup() on @pm@
I/PerformBackupTask( 188): no backup data written; not calling transport
D/PerformBackupTask( 188): starting agent for backup of BackupRequest{pkg=com.android.providers.settings}
V/ActivityThread( 188): handleCreateBackupAgent: CreateBackupAgentData{appInfo=ApplicationInfo{41221368 com.android.providers.settings} backupAgent=com.android.providers.settings.SettingsBackupAgent mode=0}
V/ActivityThread( 188): Initializing agent class com.android.providers.settings.SettingsBackupAgent
D/BackupManagerService( 188): awaiting agent for ApplicationInfo{41221368 com.android.providers.settings}
D/BackupManagerService( 188): agentConnected pkg=com.android.providers.settings agent=android.app.backup.BackupAgent$BackupServiceBinder@4167df48
D/PerformBackupTask( 188): processOneBackup doBackup() on com.android.providers.settings
V/ActivityThread( 188): handleDestroyBackupAgent: CreateBackupAgentData{appInfo=ApplicationInfo{41221368 com.android.providers.settings} backupAgent=com.android.providers.settings.SettingsBackupAgent mode=0}
I/PerformBackupTask( 188): Backup pass finished.
D/AlarmManager( 188): Triggered Alarm 41376838 ELAPSED_REALTIME_WAKEUP IntentSender{41655cd0: PendingIntentRecord{416ae1d8 com.google.android.gsf broadcastIntent}}
D/AlarmManager( 188): Added alarm Alarm{41364f48 type 2 com.google.android.gsf} type:ELAPSED_REALTIME_WAKEUP when: After 0h:0m:59.0s
D/AlarmManager( 188): Triggered Alarm 41751120 ELAPSED_REALTIME_WAKEUP IntentSender{41740f48: PendingIntentRecord{415df358 com.google.android.location broadcastIntent}}
D/AlarmManager( 188): Added alarm Alarm{41629f70 type 2 com.google.android.location} type:ELAPSED_REALTIME_WAKEUP when: After 0h:0m:4.0s
D/AlarmManager( 188): Removed alarm Alarm{41629f70 type 2 com.google.android.location} type:ELAPSED_REALTIME_WAKEUP
D/AlarmManager( 188): Added alarm Alarm{415e45e8 type 2 com.google.android.location} type:ELAPSED_REALTIME_WAKEUP when: After 0h:0m:4.0s
D/AlarmManager( 188): Removed alarm Alarm{416d3e88 type 2 com.google.android.apps.maps} type:ELAPSED_REALTIME_WAKEUP
D/AlarmManager( 188): Added alarm Alarm{4183a7a8 type 2 com.google.android.apps.maps} type:ELAPSED_REALTIME_WAKEUP when: After 596522h:4m:52.0s
D/AlarmManager( 188): Removed alarm Alarm{41364f48 type 2 com.google.android.gsf} type:ELAPSED_REALTIME_WAKEUP
D/AlarmManager( 188): Added alarm Alarm{4131c2c0 type 2 com.google.android.gsf} type:ELAPSED_REALTIME_WAKEUP when: After 0h:14m:59.0s
D/AlarmManager( 188): Removed alarm Alarm{4183a7a8 type 2 com.google.android.apps.maps} type:ELAPSED_REALTIME_WAKEUP
D/AlarmManager( 188): Added alarm Alarm{413667b0 type 2 com.google.android.apps.maps} type:ELAPSED_REALTIME_WAKEUP when: After 596522h:4m:51.0s
D/AlarmManager( 188): Removed alarm Alarm{415e45e8 type 2 com.google.android.location} type:ELAPSED_REALTIME_WAKEUP
D/AlarmManager( 188): Added alarm Alarm{41687ec8 type 2 com.google.android.location} type:ELAPSED_REALTIME_WAKEUP when: After 0h:4m:58.0s
W/ThrottleService( 188): unable to find stats for iface rmnet0
D/AlarmManager( 188): Triggered Alarm 41687ec8 ELAPSED_REALTIME_WAKEUP IntentSender{41667078: PendingIntentRecord{415df358 com.google.android.location broadcastIntent}}
D/AlarmManager( 188): Removed alarm Alarm{413667b0 type 2 com.google.android.apps.maps} type:ELAPSED_REALTIME_WAKEUP
D/AlarmManager( 188): Added alarm Alarm{418b1b10 type 2 com.google.android.apps.maps} type:ELAPSED_REALTIME_WAKEUP when: After 596521h:59m:52.0s
D/AlarmManager( 188): Added alarm Alarm{4169ab58 type 2 com.google.android.location} type:ELAPSED_REALTIME_WAKEUP when: After 0h:0m:4.0s
D/AlarmManager( 188): Removed alarm Alarm{4169ab58 type 2 com.google.android.location} type:ELAPSED_REALTIME_WAKEUP
D/AlarmManager( 188): Added alarm Alarm{41697b90 type 2 com.google.android.location} type:ELAPSED_REALTIME_WAKEUP when: After 0h:0m:4.0s
D/AlarmManager( 188): Removed alarm Alarm{418b1b10 type 2 com.google.android.apps.maps} type:ELAPSED_REALTIME_WAKEUP
D/AlarmManager( 188): Added alarm Alarm{41670a00 type 2 com.google.android.apps.maps} type:ELAPSED_REALTIME_WAKEUP when: After 596521h:59m:50.0s
D/AlarmManager( 188): Added alarm Alarm{416345f8 type 2 com.google.android.apps.maps} type:ELAPSED_REALTIME_WAKEUP when: After 0h:1m:59.0s
D/AlarmManager( 188): Removed alarm Alarm{41697b90 type 2 com.google.android.location} type:ELAPSED_REALTIME_WAKEUP
D/AlarmManager( 188): Added alarm Alarm{41630bd0 type 2 com.google.android.location} type:ELAPSED_REALTIME_WAKEUP when: After 0h:4m:58.0s
D/AlarmManager( 188): Triggered Alarm 416345f8 ELAPSED_REALTIME_WAKEUP IntentSender{413977c0: PendingIntentRecord{41735720 com.google.android.apps.maps broadcastIntent}}
D/AlarmManager( 188): Triggered Alarm 4130b090 ELAPSED_REALTIME_WAKEUP IntentSender{415e85a8: PendingIntentRecord{412a69a0 android broadcastIntent}}
I/ActivityManager( 188): Start proc com.google.android.gm for service com.google.android.gm/.provider.MailSyncAdapterService: pid=2441 uid=10052 gids={3003, 1015}
I/ActivityManager( 188): Start proc com.google.android.syncadapters.calendar for service com.google.android.syncadapters.calendar/.CalendarSyncAdapterService: pid=2453 uid=10081 gids={3003}
D/AlarmManager( 188): Added alarm Alarm{4169af80 type 2 android} type:ELAPSED_REALTIME_WAKEUP when: After 0h:0m:29.0s
I/ActivityManager( 188): Start proc com.android.providers.calendar for content provider com.android.providers.calendar/.CalendarProvider2: pid=2470 uid=10064 gids={3003, 1015}
I/ActivityManager( 188): Start proc com.android.calendar for broadcast com.android.calendar/.widget.CalendarAppWidgetService$CalendarFactory: pid=2491 uid=10065 gids={3003}
I/ActivityManager( 188): No longer want com.android.musicfx (pid 1933): hidden #16
I/ActivityManager( 188): No longer want com.google.android.apps.plus (pid 1466): hidden #16
I/ActivityManager( 188): No longer want com.android.defcontainer (pid 1595): hidden #16
I/ActivityManager( 188): No longer want xcxin.filexpert (pid 1980): hidden #16
I/ActivityManager( 188): Start proc com.google.android.apps.plus for service com.google.android.apps.plus/.service.EsSyncAdapterService: pid=2520 uid=10023 gids={3003, 3002, 1015, 1006}
D/AlarmManager( 188): Added alarm Alarm{41738318 type 0 com.google.android.apps.plus} type:RTC_WAKEUP when: At 3/17/12 7:09 PM
D/AlarmManager( 188): Removed alarm Alarm{41738318 type 0 com.google.android.apps.plus} type:RTC_WAKEUP
D/AlarmManager( 188): Added alarm Alarm{41730338 type 0 com.google.android.apps.plus} type:RTC_WAKEUP when: At 3/17/12 7:09 PM
D/AlarmManager( 188): Removed alarm Alarm{41730338 type 0 com.google.android.apps.plus} type:RTC_WAKEUP
D/AlarmManager( 188): Added alarm Alarm{4154df00 type 0 com.google.android.apps.plus} type:RTC_WAKEUP when: At 3/17/12 7:09 PM
D/AlarmManager( 188): Removed alarm Alarm{4154df00 type 0 com.google.android.apps.plus} type:RTC_WAKEUP
D/AlarmManager( 188): Added alarm Alarm{416a5a28 type 0 com.google.android.apps.plus} type:RTC_WAKEUP when: At 3/17/12 7:09 PM
D/AlarmManager( 188): Removed alarm Alarm{416a5a28 type 0 com.google.android.apps.plus} type:RTC_WAKEUP
D/AlarmManager( 188): Added alarm Alarm{413a2a90 type 0 com.google.android.apps.plus} type:RTC_WAKEUP when: At 3/17/12 7:09 PM
D/AlarmManager( 188): Removed alarm Alarm{413a2a90 type 0 com.google.android.apps.plus} type:RTC_WAKEUP
D/AlarmManager( 188): Added alarm Alarm{417eeda8 type 0 com.google.android.apps.plus} type:RTC_WAKEUP when: At 3/17/12 7:09 PM
D/AlarmManager( 188): Added alarm Alarm{41691ba0 type 2 com.google.android.apps.plus} type:ELAPSED_REALTIME_WAKEUP when: After 0h:11m:45.0s repeatInterval: 12h:0m:0.0s
D/AlarmManager( 188): Added alarm Alarm{41579ca0 type 2 com.google.android.apps.plus} type:ELAPSED_REALTIME_WAKEUP when: After 0h:11m:45.0s repeatInterval: 1h:0m:0.0s
I/ActivityManager( 188): Start proc com.android.gallery3d for service com.android.gallery3d/.picasa.PicasaService: pid=2547 uid=10054 gids={3003, 1015}
I/ActivityManager( 188): No longer want com.google.android.googlequicksearchbox (pid 1766): hidden #16
D/AlarmManager( 188): Removed alarm Alarm{41630bd0 type 2 com.google.android.location} type:ELAPSED_REALTIME_WAKEUP
D/AlarmManager( 188): Added alarm Alarm{416518d8 type 2 com.google.android.location} type:ELAPSED_REALTIME_WAKEUP when: After 0h:0m:4.0s
D/AlarmManager( 188): Removed alarm Alarm{416518d8 type 2 com.google.android.location} type:ELAPSED_REALTIME_WAKEUP
D/AlarmManager( 188): Added alarm Alarm{41532af8 type 2 com.google.android.location} type:ELAPSED_REALTIME_WAKEUP when: After 0h:0m:4.0s
I/ActivityManager( 188): Start proc com.google.android.apps.books for service com.google.android.apps.books/.service.SyncService: pid=2562 uid=10068 gids={3003, 1015}
D/AlarmManager( 188): Removed alarm Alarm{41670a00 type 2 com.google.android.apps.maps} type:ELAPSED_REALTIME_WAKEUP
D/AlarmManager( 188): Added alarm Alarm{4162e6b8 type 2 com.google.android.apps.maps} type:ELAPSED_REALTIME_WAKEUP when: After 596521h:56m:29.0s
D/AlarmManager( 188): Removed alarm Alarm{41532af8 type 2 com.google.android.location} type:ELAPSED_REALTIME_WAKEUP
D/AlarmManager( 188): Added alarm Alarm{415fc2e0 type 2 com.google.android.location} type:ELAPSED_REALTIME_WAKEUP when: After 23h:59m:58.0s
I/ActivityManager( 188): No longer want com.android.vending (pid 1946): hidden #16
D/AlarmManager( 188): Triggered Alarm 417eeda8 RTC_WAKEUP IntentSender{415d2318: PendingIntentRecord{41738278 com.google.android.apps.plus broadcastIntent}}
D/AlarmManager( 188): Triggered Alarm 4169af80 ELAPSED_REALTIME_WAKEUP IntentSender{4160e0b0: PendingIntentRecord{412a69a0 android broadcastIntent}}
D/AlarmManager( 188): Added alarm Alarm{41559218 type 2 android} type:ELAPSED_REALTIME_WAKEUP when: After 0h:0m:29.0s
I/ActivityManager( 188): No longer want com.google.android.inputmethod.latin.dictionarypack (pid 2134): hidden #16
D/AlarmManager( 188): Triggered Alarm 41559218 ELAPSED_REALTIME_WAKEUP IntentSender{4165d268: PendingIntentRecord{412a69a0 android broadcastIntent}}
D/AlarmManager( 188): Added alarm Alarm{417fbf08 type 2 android} type:ELAPSED_REALTIME_WAKEUP when: After 0h:0m:29.0s
D/AlarmManager( 188): Triggered Alarm 417fbf08 ELAPSED_REALTIME_WAKEUP IntentSender{416c3cd0: PendingIntentRecord{412a69a0 android broadcastIntent}}
D/AlarmManager( 188): Added alarm Alarm{41692ba0 type 2 android} type:ELAPSED_REALTIME_WAKEUP when: After 0h:0m:29.0s
D/AlarmManager( 188): Removed alarm Alarm{4131c2c0 type 2 com.google.android.gsf} type:ELAPSED_REALTIME_WAKEUP
D/AlarmManager( 188): Added alarm Alarm{41686780 type 2 com.google.android.gsf} type:ELAPSED_REALTIME_WAKEUP when: After 0h:14m:59.0s
D/AlarmManager( 188): Removed alarm Alarm{41686780 type 2 com.google.android.gsf} type:ELAPSED_REALTIME_WAKEUP
D/AlarmManager( 188): Added alarm Alarm{41689320 type 2 com.google.android.gsf} type:ELAPSED_REALTIME_WAKEUP when: After 0h:14m:59.0s
W/ThrottleService( 188): unable to find stats for iface rmnet0
D/AlarmManager( 188): Triggered Alarm 41692ba0 ELAPSED_REALTIME_WAKEUP IntentSender{41641c88: PendingIntentRecord{412a69a0 android broadcastIntent}}
D/AlarmManager( 188): Added alarm Alarm{415c7ff8 type 2 android} type:ELAPSED_REALTIME_WAKEUP when: After 0h:0m:29.0s
D/PowerManagerService( 188): @PowerManagement: Screen Bright {false -> true}
D/PowerManagerService( 188): @PowerManagement: Screen turned on mScreenOffTime=2204508ms Battery: <85,8>
D/PowerManagerService( 188): @PowerManagement: Acquire UWL 'sleep_broadcast' flags [partial] refcount=1
D/PowerManagerService( 188): @PowerManagement: Acquire UWL 'sleep_broadcast' flags [partial] refcount=2
D/PowerManagerService( 188): @PowerManagement: sending ordered bcast for ACTION_SCREEN_ON
D/PowerManagerService( 188): @PowerManagement: Release UWL 'sleep_broadcast' flags [partial] refcount=1
I/WindowManager( 188): Lock screen displayed!
D/PowerManagerService( 188): @PowerManagement: Release UWL 'sleep_broadcast' flags [partial] refcount=0
D/PowerManagerService( 188): @PowerManagement: 'keyguard' releaseWakeLock when screen locked
W/InputManagerService( 188): Window already focused, ignoring focus gain of: com.android.internal.view.IInputMethodClient$Stub$Proxy@4166e0d8
I/TabletStatusBar( 290): DISABLE_CLOCK: no
D/AlarmManager( 188): Removed alarm Alarm{41689320 type 2 com.google.android.gsf} type:ELAPSED_REALTIME_WAKEUP
D/AlarmManager( 188): Added alarm Alarm{41580c10 type 2 com.google.android.gsf} type:ELAPSED_REALTIME_WAKEUP when: After 0h:14m:59.0s
I/ActivityManager( 188): No longer want com.google.android.inputmethod.latin (pid 2122): hidden #16
I/ActivityManager( 188): START {act=android.intent.action.MAIN cat=[android.intent.category.LAUNCHER] flg=0x10000000 pkg=com.clov4r.android.nil cmp=com.clov4r.android.nil/.MainActivity bnds=[144,542][240,638]} from pid 472
I/ActivityManager( 188): Start proc com.clov4r.android.nil for activity com.clov4r.android.nil/.MainActivity: pid=2647 uid=10018 gids={3003, 1015}
V/TabletStatusBar( 290): setLightsOn(true)
I/ActivityManager( 188): Config changed: {1.0 0mcc0mnc en_US layoutdir=0 sw800dp w800dp h1232dp xlrg port finger -keyb/v/h -nav/h s.4}
I/StatusBar.HeightReceiver( 290): Resizing status bar plugged=false height=48 old=48
I/ActivityManager( 188): Config changed: {1.0 0mcc0mnc en_US layoutdir=0 sw800dp w1280dp h752dp xlrg land finger -keyb/v/h -nav/h s.5}
I/StatusBar.HeightReceiver( 290): Resizing status bar plugged=false height=48 old=48
I/ActivityManager( 188): Config changed: {1.0 0mcc0mnc en_US layoutdir=0 sw800dp w800dp h1232dp xlrg port finger -keyb/v/h -nav/h s.6}
I/StatusBar.HeightReceiver( 290): Resizing status bar plugged=false height=48 old=48
I/ActivityManager( 188): START {cmp=com.clov4r.android.nil/.ActivityStreamInput} from pid 2647
I/ActivityManager( 188): Start proc com.google.android.inputmethod.latin for service com.google.android.inputmethod.latin/com.android.inputmethod.latin.spellcheck.AndroidSpellCheckerService: pid=2680 uid=10045 gids={}
V/TabletStatusBar( 290): setLightsOn(true)
D/AlarmManager( 188): Triggered Alarm 415c7ff8 ELAPSED_REALTIME_WAKEUP IntentSender{41202648: PendingIntentRecord{412a69a0 android broadcastIntent}}
D/AlarmManager( 188): Added alarm Alarm{413a8060 type 2 android} type:ELAPSED_REALTIME_WAKEUP when: After 2h:0m:0.0s
I/ActivityManager( 188): Start proc com.google.android.inputmethod.latin.dictionarypack for content provider com.google.android.inputmethod.latin.dictionarypack/.DictionaryProvider: pid=2699 uid=10082 gids={3003, 1015}
I/ActivityManager( 188): No longer want org.videolan.vlc (pid 1997): hidden #16
W/ActivityManager( 188): Scheduling restart of crashed service org.videolan.vlc/.AudioService in 5000ms
I/ActivityManager( 188): START {act=android.intent.action.MAIN cat=[android.intent.category.HOME] flg=0x10200000 cmp=com.android.launcher/com.android.launcher2.Launcher} from pid 188
W/InputManagerService( 188): Starting input on non-focused client com.android.internal.view.IInputMethodClient$Stub$Proxy@4184a918 (uid=10018 pid=2647)
I/ActivityManager( 188): Config changed: {1.0 0mcc0mnc en_US layoutdir=0 sw800dp w1280dp h752dp xlrg land finger -keyb/v/h -nav/h s.7}
I/StatusBar.HeightReceiver( 290): Resizing status bar plugged=false height=48 old=48
I/ActivityManager( 188): Start proc org.videolan.vlc for service org.videolan.vlc/.AudioService: pid=2728 uid=10092 gids={3003, 1007, 1015}
I/ActivityManager( 188): START {act=android.intent.action.MAIN cat=[android.intent.category.LAUNCHER] flg=0x10200000 cmp=org.videolan.vlc/.gui.MainActivity} from pid 472
V/TabletStatusBar( 290): setLightsOn(true)
W/InputManagerService( 188): Starting input on non-focused client com.android.internal.view.IInputMethodClient$Stub$Proxy@415cc0a0 (uid=1000 pid=472)
W/InputManagerService( 188): Window already focused, ignoring focus gain of: com.android.internal.view.IInputMethodClient$Stub$Proxy@41311c38
I/ActivityManager( 188): START {cmp=org.videolan.vlc/.gui.SearchActivity} from pid 2728
V/TabletStatusBar( 290): setLightsOn(true)
I/ActivityManager( 188): Config changed: {1.0 0mcc0mnc en_US layoutdir=0 sw800dp w800dp h1232dp xlrg port finger -keyb/v/h -nav/h s.8}
I/StatusBar.HeightReceiver( 290): Resizing status bar plugged=false height=48 old=48
I/ActivityManager( 188): Config changed: {1.0 0mcc0mnc en_US layoutdir=0 sw800dp w1280dp h752dp xlrg land finger -keyb/v/h -nav/h s.9}
I/StatusBar.HeightReceiver( 290): Resizing status bar plugged=false height=48 old=48
W/InputManagerService( 188): Window already focused, ignoring focus gain of: com.android.internal.view.IInputMethodClient$Stub$Proxy@415d6a10
V/TabletStatusBar( 290): setLightsOn(true)
W/InputManagerService( 188): Window already focused, ignoring focus gain of: com.android.internal.view.IInputMethodClient$Stub$Proxy@4167d268
I/ActivityManager( 188): START {act=android.intent.action.MAIN cat=[android.intent.category.HOME] flg=0x10200000 cmp=com.android.launcher/com.android.launcher2.Launcher} from pid 188
W/InputManagerService( 188): Starting input on non-focused client com.android.internal.view.IInputMethodClient$Stub$Proxy@415613e8 (uid=10092 pid=2728)
I/ActivityManager( 188): No longer want com.google.android.apps.maps (pid 1364): hidden #16
I/ActivityManager( 188): START {act=android.intent.action.MAIN cat=[android.intent.category.LAUNCHER] flg=0x10200000 cmp=com.android.browser/.BrowserActivity bnds=[144,640][240,736]} from pid 472
I/ActivityManager( 188): Config changed: {1.0 0mcc0mnc en_US layoutdir=0 sw800dp w800dp h1232dp xlrg port finger -keyb/v/h -nav/h s.10}
I/StatusBar.HeightReceiver( 290): Resizing status bar plugged=false height=48 old=48
I/ActivityManager( 188): Start proc com.google.android.googlequicksearchbox for content provider com.google.android.googlequicksearchbox/.google.GoogleSuggestionProvider: pid=2819 uid=10049 gids={3003}
D/AlarmManager( 188): Removed alarm Alarm{415fc2e0 type 2 com.google.android.location} type:ELAPSED_REALTIME_WAKEUP
D/AlarmManager( 188): Added alarm Alarm{41326838 type 2 com.google.android.location} type:ELAPSED_REALTIME_WAKEUP when: After 0h:0m:4.0s
D/AlarmManager( 188): Removed alarm Alarm{41326838 type 2 com.google.android.location} type:ELAPSED_REALTIME_WAKEUP
D/AlarmManager( 188): Added alarm Alarm{41652028 type 2 com.google.android.location} type:ELAPSED_REALTIME_WAKEUP when: After 0h:0m:4.0s
D/AlarmManager( 188): Removed alarm Alarm{41652028 type 2 com.google.android.location} type:ELAPSED_REALTIME_WAKEUP
D/AlarmManager( 188): Added alarm Alarm{416760d0 type 2 com.google.android.location} type:ELAPSED_REALTIME_WAKEUP when: After 0h:0m:4.0s
D/AlarmManager( 188): Removed alarm Alarm{416760d0 type 2 com.google.android.location} type:ELAPSED_REALTIME_WAKEUP
D/AlarmManager( 188): Added alarm Alarm{418b1b10 type 2 com.google.android.location} type:ELAPSED_REALTIME_WAKEUP when: After 0h:0m:4.0s
