D/AlarmManager( 188): Triggered Alarm 416109e8 ELAPSED_REALTIME_WAKEUP IntentSender{41330948: PendingIntentRecord{418747a0 com.google.android.gsf broadcastIntent}}
D/AlarmManager( 188): Added alarm Alarm{416c43a0 type 2 com.google.android.gsf} type:ELAPSED_REALTIME_WAKEUP when: After 0h:0m:27.0s
D/ConnectivityService( 188): handleInetConditionHoldEnd: net=1, condition=0, published condition=0
D/AlarmManager( 188): Triggered Alarm 416c43a0 ELAPSED_REALTIME_WAKEUP IntentSender{4155a8d8: PendingIntentRecord{418747a0 com.google.android.gsf broadcastIntent}}
D/AlarmManager( 188): Added alarm Alarm{4171feb0 type 2 com.google.android.gsf} type:ELAPSED_REALTIME_WAKEUP when: After 0h:0m:55.0s
D/ConnectivityService( 188): handleInetConditionHoldEnd: net=1, condition=0, published condition=0
D/PowerManagerService( 188): @PowerManagement: Auto-dim timeout
D/PowerManagerService( 188): @PowerManagement: Screen Bright {true -> false}
D/PowerManagerService( 188): @PowerManagement: Auto-sleep timeout
D/PowerManagerService( 188): @PowerManagement: Screen turned off mScreenOnTime=100660ms Battery: <91,8>
D/PowerManagerService( 188): @PowerManagement: Acquire UWL 'sleep_broadcast' flags [partial] refcount=1
D/AlarmManager( 188): Added alarm Alarm{416b2d20 type 2 android} type:ELAPSED_REALTIME_WAKEUP when: After 0h:0m:4.0s
D/PowerManagerService( 188): @PowerManagement: sending ordered bcast for ACTION_SCREEN_OFF
D/AlarmManager( 188): Added alarm Alarm{41558d38 type 2 com.google.android.gsf} type:ELAPSED_REALTIME_WAKEUP when: After 0h:0m:30.0s
D/PowerManagerService( 188): @PowerManagement: Release UWL 'sleep_broadcast' flags [partial] refcount=0
D/AlarmManager( 188): Triggered Alarm 416b2d20 ELAPSED_REALTIME_WAKEUP IntentSender{4153a960: PendingIntentRecord{416b2ca0 android broadcastIntent}}
D/PowerManagerService( 188): @PowerManagement: Screen Bright {false -> true}
D/PowerManagerService( 188): @PowerManagement: Screen turned on mScreenOffTime=11380ms Battery: <91,8>
I/TabletStatusBar( 290): DISABLE_CLOCK: yes
D/PowerManagerService( 188): @PowerManagement: Acquire UWL 'sleep_broadcast' flags [partial] refcount=1
D/PowerManagerService( 188): @PowerManagement: Acquire UWL 'sleep_broadcast' flags [partial] refcount=2
D/PowerManagerService( 188): @PowerManagement: sending ordered bcast for ACTION_SCREEN_ON
D/PowerManagerService( 188): @PowerManagement: Release UWL 'sleep_broadcast' flags [partial] refcount=1
I/WindowManager( 188): Lock screen displayed!
D/PowerManagerService( 188): @PowerManagement: Release UWL 'sleep_broadcast' flags [partial] refcount=0
D/PowerManagerService( 188): @PowerManagement: 'keyguard' releaseWakeLock when screen locked
D/AlarmManager( 188): Removed alarm Alarm{41558d38 type 2 com.google.android.gsf} type:ELAPSED_REALTIME_WAKEUP
I/TabletStatusBar( 290): DISABLE_CLOCK: no
W/InputManagerService( 188): Window already focused, ignoring focus gain of: com.android.internal.view.IInputMethodClient$Stub$Proxy@41624c98
I/ActivityManager( 188): START {act=android.settings.SETTINGS flg=0x14000000 cmp=com.android.settings/.Settings} from pid 290
W/InputManagerService( 188): Starting input on non-focused client com.android.internal.view.IInputMethodClient$Stub$Proxy@41364e68 (uid=10067 pid=1703)
D/AlarmManager( 188): Removed alarm Alarm{41694d60 type 2 com.google.android.apps.maps} type:ELAPSED_REALTIME_WAKEUP
D/AlarmManager( 188): Added alarm Alarm{4186a758 type 2 com.google.android.apps.maps} type:ELAPSED_REALTIME_WAKEUP when: After 596521h:39m:59.0s
D/AlarmManager( 188): Removed alarm Alarm{417d7668 type 2 com.google.android.location} type:ELAPSED_REALTIME_WAKEUP
D/AlarmManager( 188): Added alarm Alarm{413a1bc0 type 2 com.google.android.location} type:ELAPSED_REALTIME_WAKEUP when: After 0h:1m:3.0s
I/ActivityManager( 188): Start proc com.android.defcontainer for service com.android.defcontainer/.DefaultContainerService: pid=3964 uid=10061 gids={1015, 2001}
D/AlarmManager( 188): Triggered Alarm 4171feb0 ELAPSED_REALTIME_WAKEUP IntentSender{41762718: PendingIntentRecord{418747a0 com.google.android.gsf broadcastIntent}}
D/AlarmManager( 188): Added alarm Alarm{417d58b0 type 2 com.google.android.gsf} type:ELAPSED_REALTIME_WAKEUP when: After 0h:1m:50.0s
D/ConnectivityService( 188): handleInetConditionHoldEnd: net=1, condition=0, published condition=0
I/ActivityManager( 188): No longer want com.android.email (pid 812): hidden #16
I/ActivityManager( 188): No longer want com.android.deskclock (pid 1102): hidden #17
I/ActivityManager( 188): No longer want com.google.android.apps.maps:NetworkLocationService (pid 998): hidden #18
I/ActivityManager( 188): No longer want com.asus.keyboard (pid 923): hidden #19
W/ActivityManager( 188): Scheduling restart of crashed service com.android.deskclock/com.android.alarmclock.DigitalAppWidgetProvider$UpdateService in 5000ms
W/ActivityManager( 188): Scheduling restart of crashed service com.asus.emailwidget/.UpdateService in 14999ms
W/ActivityManager( 188): Scheduling restart of crashed service com.google.android.apps.maps/com.google.android.location.internal.server.NetworkLocationService in 24998ms
W/ActivityManager( 188): Scheduling restart of crashed service com.asus.keyboard/.KeyboardService in 34997ms
I/ActivityManager( 188): Start proc com.android.deskclock for service com.android.deskclock/com.android.alarmclock.DigitalAppWidgetProvider$UpdateService: pid=4016 uid=10060 gids={}
I/ActivityManager( 188): Start proc com.android.email for service com.asus.emailwidget/.UpdateService: pid=4034 uid=10058 gids={3003, 1015}
W/InputManagerService( 188): Window already focused, ignoring focus gain of: com.android.internal.view.IInputMethodClient$Stub$Proxy@4179ccf8
I/ActivityManager( 188): Start proc com.google.android.apps.maps:NetworkLocationService for service com.google.android.apps.maps/com.google.android.location.internal.server.NetworkLocationService: pid=4061 uid=10042 gids={3003, 1015}
I/ActivityManager( 188): Start proc com.google.android.apps.maps:FriendService for broadcast com.google.android.apps.maps/com.google.googlenav.friend.android.ServiceReceiver: pid=4074 uid=10042 gids={3003, 1015}
D/AlarmManager( 188): Removed alarm Alarm{416ca5f8 type 2 com.google.android.apps.maps} type:ELAPSED_REALTIME_WAKEUP
D/AlarmManager( 188): Added alarm Alarm{41847f88 type 2 com.google.android.apps.maps} type:ELAPSED_REALTIME_WAKEUP when: After 0h:24m:15.0s repeatInterval: 0h:15m:0.0s
I/ActivityManager( 188): Start proc com.google.android.apps.maps:LocationFriendService for broadcast com.google.android.apps.maps/com.google.googlenav.friend.reporting.LocationReportingIntentReceiver: pid=4093 uid=10042 gids={3003, 1015}
I/ActivityManager( 188): START {flg=0x10000000 cmp=com.google.android.apps.maps/com.google.googlenav.login.AndroidLoginActivitySdk5 (has extras)} from pid 4093
W/InputManagerService( 188): Window already focused, ignoring focus gain of: com.android.internal.view.IInputMethodClient$Stub$Proxy@416c4bd8
D/AlarmManager( 188): Removed alarm Alarm{4139ddf0 type 2 com.google.android.apps.maps} type:ELAPSED_REALTIME_WAKEUP
D/AlarmManager( 188): Added alarm Alarm{417435b0 type 2 com.google.android.apps.maps} type:ELAPSED_REALTIME_WAKEUP when: After 2h:52m:32.0s
D/AlarmManager( 188): Removed alarm Alarm{4186a758 type 2 com.google.android.apps.maps} type:ELAPSED_REALTIME_WAKEUP
D/AlarmManager( 188): Added alarm Alarm{41652860 type 2 com.google.android.apps.maps} type:ELAPSED_REALTIME_WAKEUP when: After 0h:0m:4.0s
D/AlarmManager( 188): Removed alarm Alarm{41652860 type 2 com.google.android.apps.maps} type:ELAPSED_REALTIME_WAKEUP
D/AlarmManager( 188): Added alarm Alarm{41647da0 type 2 com.google.android.apps.maps} type:ELAPSED_REALTIME_WAKEUP when: After 0h:0m:4.0s
D/AlarmManager( 188): Removed alarm Alarm{41647da0 type 2 com.google.android.apps.maps} type:ELAPSED_REALTIME_WAKEUP
D/AlarmManager( 188): Added alarm Alarm{4134d610 type 2 com.google.android.apps.maps} type:ELAPSED_REALTIME_WAKEUP when: After 0h:0m:4.0s
D/AlarmManager( 188): Removed alarm Alarm{4134d610 type 2 com.google.android.apps.maps} type:ELAPSED_REALTIME_WAKEUP
D/AlarmManager( 188): Added alarm Alarm{4134e2d8 type 2 com.google.android.apps.maps} type:ELAPSED_REALTIME_WAKEUP when: After 0h:0m:4.0s
D/AlarmManager( 188): Removed alarm Alarm{4134e2d8 type 2 com.google.android.apps.maps} type:ELAPSED_REALTIME_WAKEUP
D/AlarmManager( 188): Added alarm Alarm{415eb158 type 2 com.google.android.apps.maps} type:ELAPSED_REALTIME_WAKEUP when: After 0h:0m:4.0s
D/AlarmManager( 188): Removed alarm Alarm{415eb158 type 2 com.google.android.apps.maps} type:ELAPSED_REALTIME_WAKEUP
D/AlarmManager( 188): Added alarm Alarm{41626b20 type 2 com.google.android.apps.maps} type:ELAPSED_REALTIME_WAKEUP when: After 0h:0m:4.0s
D/AlarmManager( 188): Removed alarm Alarm{41626b20 type 2 com.google.android.apps.maps} type:ELAPSED_REALTIME_WAKEUP
D/AlarmManager( 188): Added alarm Alarm{416280a8 type 2 com.google.android.apps.maps} type:ELAPSED_REALTIME_WAKEUP when: After 0h:0m:4.0s
I/ActivityManager( 188): No longer want com.google.android.talk (pid 3510): hidden #16
I/WindowManager( 188): WIN DEATH: Window{41671af8 com.google.android.talk/com.google.android.talk.SigningInActivity paused=false}
I/ActivityManager( 188): No longer want android.process.acore (pid 1424): hidden #16
D/AlarmManager( 188): Removed alarm Alarm{413a1bc0 type 2 com.google.android.location} type:ELAPSED_REALTIME_WAKEUP
D/AlarmManager( 188): Added alarm Alarm{41553550 type 2 com.google.android.location} type:ELAPSED_REALTIME_WAKEUP when: After 0h:0m:7.0s
D/AlarmManager( 188): Removed alarm Alarm{416280a8 type 2 com.google.android.apps.maps} type:ELAPSED_REALTIME_WAKEUP
D/AlarmManager( 188): Added alarm Alarm{417eec40 type 2 com.google.android.apps.maps} type:ELAPSED_REALTIME_WAKEUP when: After 596523h:14m:5.0s
D/AlarmManager( 188): Triggered Alarm 41553550 ELAPSED_REALTIME_WAKEUP IntentSender{416193f8: PendingIntentRecord{415df358 com.google.android.location broadcastIntent}}
D/AlarmManager( 188): Added alarm Alarm{416862b8 type 2 com.google.android.location} type:ELAPSED_REALTIME_WAKEUP when: After 0h:0m:4.0s
D/AlarmManager( 188): Removed alarm Alarm{417eec40 type 2 com.google.android.apps.maps} type:ELAPSED_REALTIME_WAKEUP
D/AlarmManager( 188): Added alarm Alarm{41566f90 type 2 com.google.android.apps.maps} type:ELAPSED_REALTIME_WAKEUP when: After 596523h:13m:58.0s
D/AlarmManager( 188): Removed alarm Alarm{416862b8 type 2 com.google.android.location} type:ELAPSED_REALTIME_WAKEUP
D/AlarmManager( 188): Added alarm Alarm{415ea320 type 2 com.google.android.location} type:ELAPSED_REALTIME_WAKEUP when: After 0h:4m:59.0s
I/ActivityManager( 188): Start proc com.asus.keyboard for service com.asus.keyboard/.KeyboardService: pid=4119 uid=1000 gids={3003, 1015, 3002, 3001, 3007}
I/ActivityManager( 188): No longer want com.google.android.googlequicksearchbox (pid 3347): hidden #16
D/AlarmManager( 188): Removed alarm Alarm{415ea320 type 2 com.google.android.location} type:ELAPSED_REALTIME_WAKEUP
D/AlarmManager( 188): Added alarm Alarm{41733188 type 2 com.google.android.location} type:ELAPSED_REALTIME_WAKEUP when: After 0h:0m:5.0s
D/AlarmManager( 188): Removed alarm Alarm{41733188 type 2 com.google.android.location} type:ELAPSED_REALTIME_WAKEUP
D/AlarmManager( 188): Added alarm Alarm{41311618 type 2 com.google.android.location} type:ELAPSED_REALTIME_WAKEUP when: After 0h:0m:4.0s
D/AlarmManager( 188): Removed alarm Alarm{41566f90 type 2 com.google.android.apps.maps} type:ELAPSED_REALTIME_WAKEUP
D/AlarmManager( 188): Added alarm Alarm{41684fb8 type 2 com.google.android.apps.maps} type:ELAPSED_REALTIME_WAKEUP when: After 596523h:13m:54.0s
D/AlarmManager( 188): Removed alarm Alarm{41311618 type 2 com.google.android.location} type:ELAPSED_REALTIME_WAKEUP
D/AlarmManager( 188): Added alarm Alarm{417efc50 type 2 com.google.android.location} type:ELAPSED_REALTIME_WAKEUP when: After 23h:59m:58.0s
D/AlarmManager( 188): Triggered Alarm 417d58b0 ELAPSED_REALTIME_WAKEUP IntentSender{415ec288: PendingIntentRecord{418747a0 com.google.android.gsf broadcastIntent}}
D/AlarmManager( 188): Added alarm Alarm{41738bb0 type 2 com.google.android.gsf} type:ELAPSED_REALTIME_WAKEUP when: After 0h:3m:41.0s
I/ActivityManager( 188): Start proc android.process.acore for content provider com.android.providers.contacts/.ContactsProvider2: pid=4165 uid=10010 gids={3003, 1015}
I/ActivityManager( 188): No longer want com.asus.cm (pid 3041): hidden #16
D/ConnectivityService( 188): handleInetConditionHoldEnd: net=1, condition=0, published condition=0
I/ActivityManager( 188): START {act=android.intent.action.MAIN cat=[android.intent.category.HOME] flg=0x10200000 cmp=com.android.launcher/com.android.launcher2.Launcher} from pid 188
W/InputManagerService( 188): Starting input on non-focused client com.android.internal.view.IInputMethodClient$Stub$Proxy@415dd938 (uid=1000 pid=3444)
I/ActivityManager( 188): START {act=android.intent.action.VIEW cat=[android.intent.category.BROWSABLE] dat=rtsp://192.168.1.212/stream1 cmp=android/com.android.internal.app.ResolverActivity (has extras)} from pid 1703
I/ActivityManager( 188): START {act=android.intent.action.VIEW cat=[android.intent.category.BROWSABLE] dat=rtsp://192.168.1.212/stream1 flg=0x3000000 cmp=com.android.gallery3d/.app.MovieActivity (has extras)} from pid 188
I/ActivityManager( 188): Start proc com.android.gallery3d for activity com.android.gallery3d/.app.MovieActivity: pid=4218 uid=10054 gids={3003, 1015}
I/ActivityManager( 188): No longer want android.process.media (pid 1484): hidden #16
W/InputManagerService( 188): Starting input on non-focused client com.android.internal.view.IInputMethodClient$Stub$Proxy@41364e68 (uid=10067 pid=1703)
D/PowerManagerService( 188): @PowerManagement: 'KEEP_SCREEN_ON_FLAG' releaseWakeLock when screen locked
D/PowerManagerService( 188): @PowerManagement: 'KEEP_SCREEN_ON_FLAG' releaseWakeLock when screen locked
W/InputManagerService( 188): Starting input on non-focused client com.android.internal.view.IInputMethodClient$Stub$Proxy@412cdd28 (uid=10054 pid=4218)
I/ActivityManager( 188): No longer want com.google.android.apps.uploader (pid 3053): hidden #16
I/ActivityManager( 188): START {act=android.intent.action.VIEW cat=[android.intent.category.BROWSABLE] dat=rtsp://192.168.1.212/stream1 cmp=android/com.android.internal.app.ResolverActivity (has extras)} from pid 1703
I/ActivityManager( 188): START {act=android.intent.action.VIEW cat=[android.intent.category.BROWSABLE] dat=rtsp://192.168.1.212/stream1 flg=0x3000000 cmp=com.clov4r.android.nil/.MainActivity (has extras)} from pid 188
I/ActivityManager( 188): Start proc com.clov4r.android.nil for activity com.clov4r.android.nil/.MainActivity: pid=4247 uid=10018 gids={3003, 1015}
I/BootReceiver( 188): Copying /data/tombstones/tombstone_02 to DropBox (SYSTEM_TOMBSTONE)
I/ActivityManager( 188): START {cmp=com.clov4r.android.nil/.SystemPlayer (has extras)} from pid 4247
V/TabletStatusBar( 290): setLightsOn(true)
W/InputManagerService( 188): Starting input on non-focused client com.android.internal.view.IInputMethodClient$Stub$Proxy@41364e68 (uid=10067 pid=1703)
D/PowerManagerService( 188): @PowerManagement: 'KEEP_SCREEN_ON_FLAG' releaseWakeLock when screen locked
V/TabletStatusBar( 290): setLightsOn(true)
V/TabletStatusBar( 290): setLightsOn(true)
V/TabletStatusBar( 290): setLightsOn(true)
V/TabletStatusBar( 290): setLightsOn(true)
D/PowerManagerService( 188): @PowerManagement: 'KEEP_SCREEN_ON_FLAG' releaseWakeLock when screen locked
V/TabletStatusBar( 290): setLightsOn(true)
V/TabletStatusBar( 290): setLightsOn(true)
D/PowerManagerService( 188): @PowerManagement: 'KEEP_SCREEN_ON_FLAG' releaseWakeLock when screen locked
D/PowerManagerService( 188): @PowerManagement: 'KEEP_SCREEN_ON_FLAG' releaseWakeLock when screen locked
D/PowerManagerService( 188): @PowerManagement: Auto-dim timeout
W/ThrottleService( 188): unable to find stats for iface rmnet0
D/AlarmManager( 188): Triggered Alarm 41738bb0 ELAPSED_REALTIME_WAKEUP IntentSender{41733258: PendingIntentRecord{418747a0 com.google.android.gsf broadcastIntent}}
D/AlarmManager( 188): Added alarm Alarm{416193b8 type 2 com.google.android.gsf} type:ELAPSED_REALTIME_WAKEUP when: After 0h:4m:59.0s
D/ConnectivityService( 188): handleInetConditionHoldEnd: net=1, condition=0, published condition=0
I/ActivityManager( 188): START {act=android.intent.action.MAIN cat=[android.intent.category.HOME] flg=0x10200000 cmp=com.android.launcher/com.android.launcher2.Launcher} from pid 188
I/ActivityManager( 188): No longer want com.ecareme.pixwe (pid 3068): hidden #16
D/AlarmManager( 188): Triggered Alarm 418738d0 RTC_WAKEUP IntentSender{415f5e98: PendingIntentRecord{416df758 com.asus.cm broadcastIntent}}
I/ActivityManager( 188): Start proc com.asus.cm for broadcast com.asus.cm/.push.PushControlReceiver: pid=4320 uid=1000 gids={3003, 1015, 3002, 3001, 3007}
W/ActivityThread( 4320): ClassLoader.getResources: The class loader returned by Thread.getContextClassLoader() may fail for processes that host multiple applications. You should explicitly specify a context class loader. For example: Thread.setContextClassLoader(getClass().getClassLoader());
D/AlarmManager( 188): Added alarm Alarm{415642c8 type 0 com.asus.cm} type:RTC_WAKEUP when: At 3/17/12 7:47 PM
I/ActivityManager( 188): No longer want com.asus.weather (pid 3081): hidden #16
I/ActivityManager( 188): START {act=android.intent.action.MAIN cat=[android.intent.category.LAUNCHER] flg=0x10200000 cmp=com.android.browser/.BrowserActivity bnds=[144,640][240,736]} from pid 472
E/ActivityThread( 4247): Activity com.clov4r.android.nil.SystemPlayer has leaked IntentReceiver com.clov4r.android.nil.he@41202ca8 that was originally registered here. Are you missing a call to unregisterReceiver()?
E/ActivityThread( 4247): android.app.IntentReceiverLeaked: Activity com.clov4r.android.nil.SystemPlayer has leaked IntentReceiver com.clov4r.android.nil.he@41202ca8 that was originally registered here. Are you missing a call to unregisterReceiver()?
E/ActivityThread( 4247): at android.app.LoadedApk$ReceiverDispatcher.(LoadedApk.java:763)
E/ActivityThread( 4247): at android.app.LoadedApk.getReceiverDispatcher(LoadedApk.java:567)
E/ActivityThread( 4247): at android.app.ContextImpl.registerReceiverInternal(ContextImpl.java:1043)
E/ActivityThread( 4247): at android.app.ContextImpl.registerReceiver(ContextImpl.java:1030)
E/ActivityThread( 4247): at android.app.ContextImpl.registerReceiver(ContextImpl.java:1024)
E/ActivityThread( 4247): at android.content.ContextWrapper.registerReceiver(ContextWrapper.java:341)
E/ActivityThread( 4247): at com.clov4r.android.nil.fl.a(Unknown Source)
E/ActivityThread( 4247): at com.clov4r.android.nil.SystemPlayer.onCreate(Unknown Source)
E/ActivityThread( 4247): at android.app.Activity.performCreate(Activity.java:4465)
E/ActivityThread( 4247): at android.app.Instrumentation.callActivityOnCreate(Instrumentation.java:1049)
E/ActivityThread( 4247): at android.app.ActivityThread.performLaunchActivity(ActivityThread.java:1920)
E/ActivityThread( 4247): at android.app.ActivityThread.handleLaunchActivity(ActivityThread.java:1981)
E/ActivityThread( 4247): at android.app.ActivityThread.access$600(ActivityThread.java:123)
E/ActivityThread( 4247): at android.app.ActivityThread$H.handleMessage(ActivityThread.java:1147)
E/ActivityThread( 4247): at android.os.Handler.dispatchMessage(Handler.java:99)
E/ActivityThread( 4247): at android.os.Looper.loop(Looper.java:137)
E/ActivityThread( 4247): at android.app.ActivityThread.main(ActivityThread.java:4424)
E/ActivityThread( 4247): at java.lang.reflect.Method.invokeNative(Native Method)
E/ActivityThread( 4247): at java.lang.reflect.Method.invoke(Method.java:511)
E/ActivityThread( 4247): at com.android.internal.os.ZygoteInit$MethodAndArgsCaller.run(ZygoteInit.java:784)
E/ActivityThread( 4247): at com.android.internal.os.ZygoteInit.main(ZygoteInit.java:551)
E/ActivityThread( 4247): at dalvik.system.NativeStart.main(Native Method)
I/ActivityManager( 188): Start proc com.google.android.googlequicksearchbox for content provider com.google.android.googlequicksearchbox/.google.GoogleSuggestionProvider: pid=4358 uid=10049 gids={3003}
D/AlarmManager( 188): Removed alarm Alarm{417efc50 type 2 com.google.android.location} type:ELAPSED_REALTIME_WAKEUP
D/AlarmManager( 188): Added alarm Alarm{41616c48 type 2 com.google.android.location} type:ELAPSED_REALTIME_WAKEUP when: After 0h:0m:4.0s
D/AlarmManager( 188): Removed alarm Alarm{41616c48 type 2 com.google.android.location} type:ELAPSED_REALTIME_WAKEUP
D/AlarmManager( 188): Added alarm Alarm{415c94b0 type 2 com.google.android.location} type:ELAPSED_REALTIME_WAKEUP when: After 0h:0m:4.0s
D/AlarmManager( 188): Removed alarm Alarm{415c94b0 type 2 com.google.android.location} type:ELAPSED_REALTIME_WAKEUP
D/AlarmManager( 188): Added alarm Alarm{41687338 type 2 com.google.android.location} type:ELAPSED_REALTIME_WAKEUP when: After 0h:0m:4.0s
D/AlarmManager( 188): Removed alarm Alarm{41687338 type 2 com.google.android.location} type:ELAPSED_REALTIME_WAKEUP
D/AlarmManager( 188): Added alarm Alarm{416028f0 type 2 com.google.android.location} type:ELAPSED_REALTIME_WAKEUP when: After 0h:0m:4.0s
D/AlarmManager( 188): Removed alarm Alarm{41684fb8 type 2 com.google.android.apps.maps} type:ELAPSED_REALTIME_WAKEUP
D/AlarmManager( 188): Added alarm Alarm{4172d0d0 type 2 com.google.android.apps.maps} type:ELAPSED_REALTIME_WAKEUP when: After 596523h:6m:48.0s
D/AlarmManager( 188): Removed alarm Alarm{416028f0 type 2 com.google.android.location} type:ELAPSED_REALTIME_WAKEUP
D/AlarmManager( 188): Added alarm Alarm{41677b60 type 2 com.google.android.location} type:ELAPSED_REALTIME_WAKEUP when: After 0h:4m:58.0s
I/ActivityManager( 188): No longer want com.google.android.apps.plus (pid 2520): hidden #16
W/InputManagerService( 188): Window already focused, ignoring focus gain of: com.android.internal.view.IInputMethodClient$Stub$Proxy@41658cc0
W/InputManagerService( 188): Window already focused, ignoring focus gain of: com.android.internal.view.IInputMethodClient$Stub$Proxy@415edb78
W/InputManagerService( 188): Window already focused, ignoring focus gain of: com.android.internal.view.IInputMethodClient$Stub$Proxy@416b8950
W/InputManagerService( 188): Window already focused, ignoring focus gain of: com.android.internal.view.IInputMethodClient$Stub$Proxy@41725438
W/InputManagerService( 188): Window already focused, ignoring focus gain of: com.android.internal.view.IInputMethodClient$Stub$Proxy@416e0630
W/InputManagerService( 188): Window already focused, ignoring focus gain of: com.android.internal.view.IInputMethodClient$Stub$Proxy@416d4990
W/InputManagerService( 188): Window already focused, ignoring focus gain of: com.android.internal.view.IInputMethodClient$Stub$Proxy@415c3018
W/InputManagerService( 188): Window already focused, ignoring focus gain of: com.android.internal.view.IInputMethodClient$Stub$Proxy@418aefc8
D/AlarmManager( 188): Triggered Alarm 416193b8 ELAPSED_REALTIME_WAKEUP IntentSender{417e0888: PendingIntentRecord{418747a0 com.google.android.gsf broadcastIntent}}
D/AlarmManager( 188): Added alarm Alarm{416bd8c8 type 2 com.google.android.gsf} type:ELAPSED_REALTIME_WAKEUP when: After 0h:4m:59.0s
D/ConnectivityService( 188): handleInetConditionHoldEnd: net=1, condition=0, published condition=0
W/InputManagerService( 188): Window already focused, ignoring focus gain of: com.android.internal.view.IInputMethodClient$Stub$Proxy@41873fb8
I/ActivityManager( 188): START {act=android.intent.action.MAIN cat=[android.intent.category.LAUNCHER] flg=0x10104000 pkg=com.clov4r.android.nil cmp=com.clov4r.android.nil/.MainActivity bnds=[144,542][240,638]} from pid 290
V/TabletStatusBar( 290): setLightsOn(true)
W/InputManagerService( 188): Starting input on non-focused client com.android.internal.view.IInputMethodClient$Stub$Proxy@41364e68 (uid=10067 pid=1703)
I/ActivityManager( 188): Config changed: {1.0 0mcc0mnc en_US layoutdir=0 sw800dp w800dp h1232dp xlrg port finger -keyb/v/h -nav/h s.14}
I/StatusBar.HeightReceiver( 290): Resizing status bar plugged=false height=48 old=48
I/ActivityManager( 188): START {cmp=com.clov4r.android.nil/.ActivityStreamInput} from pid 4247
V/TabletStatusBar( 290): setLightsOn(true)
I/ActivityManager( 188): Start proc com.google.android.inputmethod.latin.dictionarypack for content provider com.google.android.inputmethod.latin.dictionarypack/.DictionaryProvider: pid=4672 uid=10082 gids={3003, 1015}
I/BootReceiver( 188): Copying /data/tombstones/tombstone_03 to DropBox (SYSTEM_TOMBSTONE)
I/ActivityManager( 188): START {cmp=com.clov4r.android.nil/.SystemPlayer (has extras)} from pid 4247
I/ActivityManager( 188): Config changed: {1.0 0mcc0mnc en_US layoutdir=0 sw800dp w1280dp h752dp xlrg land finger -keyb/v/h -nav/h s.15}
I/StatusBar.HeightReceiver( 290): Resizing status bar plugged=false height=48 old=48
V/TabletStatusBar( 290): setLightsOn(true)
D/PowerManagerService( 188): @PowerManagement: 'KEEP_SCREEN_ON_FLAG' releaseWakeLock when screen locked
V/TabletStatusBar( 290): setLightsOn(true)
V/TabletStatusBar( 290): setLightsOn(true)
D/AlarmManager( 188): Triggered Alarm 41677b60 ELAPSED_REALTIME_WAKEUP IntentSender{41695fc8: PendingIntentRecord{415df358 com.google.android.location broadcastIntent}}
D/AlarmManager( 188): Removed alarm Alarm{4172d0d0 type 2 com.google.android.apps.maps} type:ELAPSED_REALTIME_WAKEUP
D/AlarmManager( 188): Added alarm Alarm{416ca160 type 2 com.google.android.apps.maps} type:ELAPSED_REALTIME_WAKEUP when: After 596523h:1m:49.0s
D/AlarmManager( 188): Added alarm Alarm{416c6468 type 2 com.google.android.location} type:ELAPSED_REALTIME_WAKEUP when: After 0h:0m:4.0s
D/AlarmManager( 188): Removed alarm Alarm{416c6468 type 2 com.google.android.location} type:ELAPSED_REALTIME_WAKEUP
D/AlarmManager( 188): Added alarm Alarm{416c4460 type 2 com.google.android.location} type:ELAPSED_REALTIME_WAKEUP when: After 0h:0m:4.0s
D/AlarmManager( 188): Removed alarm Alarm{416ca160 type 2 com.google.android.apps.maps} type:ELAPSED_REALTIME_WAKEUP
D/AlarmManager( 188): Added alarm Alarm{415f4768 type 2 com.google.android.apps.maps} type:ELAPSED_REALTIME_WAKEUP when: After 596523h:1m:48.0s
D/AlarmManager( 188): Removed alarm Alarm{416c4460 type 2 com.google.android.location} type:ELAPSED_REALTIME_WAKEUP
D/AlarmManager( 188): Added alarm Alarm{415f3aa8 type 2 com.google.android.location} type:ELAPSED_REALTIME_WAKEUP when: After 0h:4m:58.0s
D/PowerManagerService( 188): @PowerManagement: Auto-dim timeout
D/PowerManagerService( 188): @PowerManagement: Sleep state requested, reason:2
D/PowerManagerService( 188): @PowerManagement: Screen Bright {true -> false}
D/PowerManagerService( 188): @PowerManagement: Screen turned off mScreenOnTime=854488ms Battery: <96,8>
D/PowerManagerService( 188): @PowerManagement: Acquire UWL 'sleep_broadcast' flags [partial] refcount=1
D/PowerManagerService( 188): @PowerManagement: sending ordered bcast for ACTION_SCREEN_OFF
D/AlarmManager( 188): Added alarm Alarm{41616298 type 2 com.google.android.gsf} type:ELAPSED_REALTIME_WAKEUP when: After 0h:0m:29.0s
D/AlarmManager( 188): Removed alarm Alarm{4168fca0 type 2 com.google.android.apps.maps} type:ELAPSED_REALTIME_WAKEUP
D/AlarmManager( 188): Added alarm Alarm{41632c48 type 2 com.google.android.apps.maps} type:ELAPSED_REALTIME_WAKEUP when: After 2h:46m:48.0s
D/PowerManagerService( 188): @PowerManagement: Release UWL 'sleep_broadcast' flags [partial] refcount=0
I/TabletStatusBar( 290): DISABLE_CLOCK: yes
D/PowerManagerService( 188): @PowerManagement: Screen Bright {false -> true}
D/PowerManagerService( 188): @PowerManagement: Screen turned on mScreenOffTime=475ms Battery: <96,8>
D/PowerManagerService( 188): @PowerManagement: Acquire UWL 'sleep_broadcast' flags [partial] refcount=1
D/PowerManagerService( 188): @PowerManagement: Acquire UWL 'sleep_broadcast' flags [partial] refcount=2
D/PowerManagerService( 188): @PowerManagement: sending ordered bcast for ACTION_SCREEN_ON
D/PowerManagerService( 188): @PowerManagement: Release UWL 'sleep_broadcast' flags [partial] refcount=1
I/WindowManager( 188): Lock screen displayed!
D/PowerManagerService( 188): @PowerManagement: Release UWL 'sleep_broadcast' flags [partial] refcount=0
D/PowerManagerService( 188): @PowerManagement: 'keyguard' releaseWakeLock when screen locked
D/AlarmManager( 188): Removed alarm Alarm{41616298 type 2 com.google.android.gsf} type:ELAPSED_REALTIME_WAKEUP
W/InputManagerService( 188): Window already focused, ignoring focus gain of: com.android.internal.view.IInputMethodClient$Stub$Proxy@416b2f30
I/TabletStatusBar( 290): DISABLE_CLOCK: no
V/TabletStatusBar( 290): setLightsOn(true)
I/ActivityManager( 188): START {act=android.intent.action.MAIN cat=[android.intent.category.HOME] flg=0x10200000 cmp=com.android.launcher/com.android.launcher2.Launcher} from pid 188
D/PowerManagerService( 188): @PowerManagement: 'KEEP_SCREEN_ON_FLAG' releaseWakeLock when screen locked
V/TabletStatusBar( 290): setLightsOn(true)
E/ActivityThread( 4247): Activity com.clov4r.android.nil.SystemPlayer has leaked IntentReceiver com.clov4r.android.nil.he@41380940 that was originally registered here. Are you missing a call to unregisterReceiver()?
E/ActivityThread( 4247): android.app.IntentReceiverLeaked: Activity com.clov4r.android.nil.SystemPlayer has leaked IntentReceiver com.clov4r.android.nil.he@41380940 that was originally registered here. Are you missing a call to unregisterReceiver()?
E/ActivityThread( 4247): at android.app.LoadedApk$ReceiverDispatcher.(LoadedApk.java:763)
E/ActivityThread( 4247): at android.app.LoadedApk.getReceiverDispatcher(LoadedApk.java:567)
E/ActivityThread( 4247): at android.app.ContextImpl.registerReceiverInternal(ContextImpl.java:1043)
E/ActivityThread( 4247): at android.app.ContextImpl.registerReceiver(ContextImpl.java:1030)
E/ActivityThread( 4247): at android.app.ContextImpl.registerReceiver(ContextImpl.java:1024)
E/ActivityThread( 4247): at android.content.ContextWrapper.registerReceiver(ContextWrapper.java:341)
E/ActivityThread( 4247): at com.clov4r.android.nil.fl.a(Unknown Source)
E/ActivityThread( 4247): at com.clov4r.android.nil.SystemPlayer.onCreate(Unknown Source)
E/ActivityThread( 4247): at android.app.Activity.performCreate(Activity.java:4465)
E/ActivityThread( 4247): at android.app.Instrumentation.callActivityOnCreate(Instrumentation.java:1049)
E/ActivityThread( 4247): at android.app.ActivityThread.performLaunchActivity(ActivityThread.java:1920)
E/ActivityThread( 4247): at android.app.ActivityThread.handleLaunchActivity(ActivityThread.java:1981)
E/ActivityThread( 4247): at android.app.ActivityThread.access$600(ActivityThread.java:123)
E/ActivityThread( 4247): at android.app.ActivityThread$H.handleMessage(ActivityThread.java:1147)
E/ActivityThread( 4247): at android.os.Handler.dispatchMessage(Handler.java:99)
E/ActivityThread( 4247): at android.os.Looper.loop(Looper.java:137)
E/ActivityThread( 4247): at android.app.ActivityThread.main(ActivityThread.java:4424)
E/ActivityThread( 4247): at java.lang.reflect.Method.invokeNative(Native Method)
E/ActivityThread( 4247): at java.lang.reflect.Method.invoke(Method.java:511)
E/ActivityThread( 4247): at com.android.internal.os.ZygoteInit$MethodAndArgsCaller.run(ZygoteInit.java:784)
E/ActivityThread( 4247): at com.android.internal.os.ZygoteInit.main(ZygoteInit.java:551)
E/ActivityThread( 4247): at dalvik.system.NativeStart.main(Native Method)
I/BootReceiver( 188): Copying /data/tombstones/tombstone_04 to DropBox (SYSTEM_TOMBSTONE)
I/ActivityManager( 188): START {cmp=com.clov4r.android.nil/.SystemPlayer (has extras)} from pid 4247
V/TabletStatusBar( 290): setLightsOn(true)
D/PowerManagerService( 188): @PowerManagement: 'KEEP_SCREEN_ON_FLAG' releaseWakeLock when screen locked
V/TabletStatusBar( 290): setLightsOn(true)
V/TabletStatusBar( 290): setLightsOn(true)
V/TabletStatusBar( 290): setLightsOn(true)
V/TabletStatusBar( 290): setLightsOn(true)
V/TabletStatusBar( 290): setLightsOn(true)
W/ActivityManager( 188): Duplicate finish request for ActivityRecord{41337508 com.clov4r.android.nil/.SystemPlayer}
E/ActivityThread( 4247): Activity com.clov4r.android.nil.SystemPlayer has leaked IntentReceiver com.clov4r.android.nil.he@41365770 that was originally registered here. Are you missing a call to unregisterReceiver()?
E/ActivityThread( 4247): android.app.IntentReceiverLeaked: Activity com.clov4r.android.nil.SystemPlayer has leaked IntentReceiver com.clov4r.android.nil.he@41365770 that was originally registered here. Are you missing a call to unregisterReceiver()?
E/ActivityThread( 4247): at android.app.LoadedApk$ReceiverDispatcher.(LoadedApk.java:763)
E/ActivityThread( 4247): at android.app.LoadedApk.getReceiverDispatcher(LoadedApk.java:567)
E/ActivityThread( 4247): at android.app.ContextImpl.registerReceiverInternal(ContextImpl.java:1043)
E/ActivityThread( 4247): at android.app.ContextImpl.registerReceiver(ContextImpl.java:1030)
E/ActivityThread( 4247): at android.app.ContextImpl.registerReceiver(ContextImpl.java:1024)
E/ActivityThread( 4247): at android.content.ContextWrapper.registerReceiver(ContextWrapper.java:341)
E/ActivityThread( 4247): at com.clov4r.android.nil.fl.a(Unknown Source)
E/ActivityThread( 4247): at com.clov4r.android.nil.SystemPlayer.onCreate(Unknown Source)
E/ActivityThread( 4247): at android.app.Activity.performCreate(Activity.java:4465)
E/ActivityThread( 4247): at android.app.Instrumentation.callActivityOnCreate(Instrumentation.java:1049)
E/ActivityThread( 4247): at android.app.ActivityThread.performLaunchActivity(ActivityThread.java:1920)
E/ActivityThread( 4247): at android.app.ActivityThread.handleLaunchActivity(ActivityThread.java:1981)
E/ActivityThread( 4247): at android.app.ActivityThread.access$600(ActivityThread.java:123)
E/ActivityThread( 4247): at android.app.ActivityThread$H.handleMessage(ActivityThread.java:1147)
E/ActivityThread( 4247): at android.os.Handler.dispatchMessage(Handler.java:99)
E/ActivityThread( 4247): at android.os.Looper.loop(Looper.java:137)
E/ActivityThread( 4247): at android.app.ActivityThread.main(ActivityThread.java:4424)
E/ActivityThread( 4247): at java.lang.reflect.Method.invokeNative(Native Method)
E/ActivityThread( 4247): at java.lang.reflect.Method.invoke(Method.java:511)
E/ActivityThread( 4247): at com.android.internal.os.ZygoteInit$MethodAndArgsCaller.run(ZygoteInit.java:784)
E/ActivityThread( 4247): at com.android.internal.os.ZygoteInit.main(ZygoteInit.java:551)
E/ActivityThread( 4247): at dalvik.system.NativeStart.main(Native Method)
I/BootReceiver( 188): Copying /data/tombstones/tombstone_05 to DropBox (SYSTEM_TOMBSTONE)
I/ActivityManager( 188): START {cmp=com.clov4r.android.nil/.SystemPlayer (has extras)} from pid 4247
V/TabletStatusBar( 290): setLightsOn(true)
D/PowerManagerService( 188): @PowerManagement: 'KEEP_SCREEN_ON_FLAG' releaseWakeLock when screen locked
V/TabletStatusBar( 290): setLightsOn(true)
W/ThrottleService( 188): unable to find stats for iface rmnet0
V/TabletStatusBar( 290): setLightsOn(true)
V/TabletStatusBar( 290): setLightsOn(true)
V/TabletStatusBar( 290): setLightsOn(true)
V/TabletStatusBar( 290): setLightsOn(true)
W/ActivityManager( 188): Duplicate finish request for ActivityRecord{413673f0 com.clov4r.android.nil/.SystemPlayer}
E/ActivityThread( 4247): Activity com.clov4r.android.nil.SystemPlayer has leaked IntentReceiver com.clov4r.android.nil.he@412c7c58 that was originally registered here. Are you missing a call to unregisterReceiver()?
E/ActivityThread( 4247): android.app.IntentReceiverLeaked: Activity com.clov4r.android.nil.SystemPlayer has leaked IntentReceiver com.clov4r.android.nil.he@412c7c58 that was originally registered here. Are you missing a call to unregisterReceiver()?
E/ActivityThread( 4247): at android.app.LoadedApk$ReceiverDispatcher.(LoadedApk.java:763)
E/ActivityThread( 4247): at android.app.LoadedApk.getReceiverDispatcher(LoadedApk.java:567)
E/ActivityThread( 4247): at android.app.ContextImpl.registerReceiverInternal(ContextImpl.java:1043)
E/ActivityThread( 4247): at android.app.ContextImpl.registerReceiver(ContextImpl.java:1030)
E/ActivityThread( 4247): at android.app.ContextImpl.registerReceiver(ContextImpl.java:1024)
E/ActivityThread( 4247): at android.content.ContextWrapper.registerReceiver(ContextWrapper.java:341)
E/ActivityThread( 4247): at com.clov4r.android.nil.fl.a(Unknown Source)
E/ActivityThread( 4247): at com.clov4r.android.nil.SystemPlayer.onCreate(Unknown Source)
E/ActivityThread( 4247): at android.app.Activity.performCreate(Activity.java:4465)
E/ActivityThread( 4247): at android.app.Instrumentation.callActivityOnCreate(Instrumentation.java:1049)
E/ActivityThread( 4247): at android.app.ActivityThread.performLaunchActivity(ActivityThread.java:1920)
E/ActivityThread( 4247): at android.app.ActivityThread.handleLaunchActivity(ActivityThread.java:1981)
E/ActivityThread( 4247): at android.app.ActivityThread.access$600(ActivityThread.java:123)
E/ActivityThread( 4247): at android.app.ActivityThread$H.handleMessage(ActivityThread.java:1147)
E/ActivityThread( 4247): at android.os.Handler.dispatchMessage(Handler.java:99)
E/ActivityThread( 4247): at android.os.Looper.loop(Looper.java:137)
E/ActivityThread( 4247): at android.app.ActivityThread.main(ActivityThread.java:4424)
E/ActivityThread( 4247): at java.lang.reflect.Method.invokeNative(Native Method)
E/ActivityThread( 4247): at java.lang.reflect.Method.invoke(Method.java:511)
E/ActivityThread( 4247): at com.android.internal.os.ZygoteInit$MethodAndArgsCaller.run(ZygoteInit.java:784)
E/ActivityThread( 4247): at com.android.internal.os.ZygoteInit.main(ZygoteInit.java:551)
E/ActivityThread( 4247): at dalvik.system.NativeStart.main(Native Method)
D/AlarmManager( 188): Triggered Alarm 416bd8c8 ELAPSED_REALTIME_WAKEUP IntentSender{415dddd8: PendingIntentRecord{418747a0 com.google.android.gsf broadcastIntent}}
D/AlarmManager( 188): Added alarm Alarm{41633dd0 type 2 com.google.android.gsf} type:ELAPSED_REALTIME_WAKEUP when: After 0h:4m:59.0s
D/ConnectivityService( 188): handleInetConditionHoldEnd: net=1, condition=0, published condition=0
D/PowerManagerService( 188): @PowerManagement: Auto-dim timeout
I/BootReceiver( 188): Copying /data/tombstones/tombstone_06 to DropBox (SYSTEM_TOMBSTONE)
I/ActivityManager( 188): START {cmp=com.clov4r.android.nil/.SystemPlayer (has extras)} from pid 4247
V/TabletStatusBar( 290): setLightsOn(true)
D/PowerManagerService( 188): @PowerManagement: 'KEEP_SCREEN_ON_FLAG' releaseWakeLock when screen locked
V/TabletStatusBar( 290): setLightsOn(true)
D/AlarmManager( 188): Triggered Alarm 415f3aa8 ELAPSED_REALTIME_WAKEUP IntentSender{41397150: PendingIntentRecord{415df358 com.google.android.location broadcastIntent}}
D/AlarmManager( 188): Added alarm Alarm{4156ad38 type 2 com.google.android.location} type:ELAPSED_REALTIME_WAKEUP when: After 0h:0m:4.0s
D/AlarmManager( 188): Removed alarm Alarm{4156ad38 type 2 com.google.android.location} type:ELAPSED_REALTIME_WAKEUP
D/AlarmManager( 188): Added alarm Alarm{41643cd0 type 2 com.google.android.location} type:ELAPSED_REALTIME_WAKEUP when: After 0h:0m:4.0s
D/AlarmManager( 188): Removed alarm Alarm{415f4768 type 2 com.google.android.apps.maps} type:ELAPSED_REALTIME_WAKEUP
D/AlarmManager( 188): Added alarm Alarm{41687670 type 2 com.google.android.apps.maps} type:ELAPSED_REALTIME_WAKEUP when: After 596522h:56m:49.0s
D/AlarmManager( 188): Removed alarm Alarm{41687670 type 2 com.google.android.apps.maps} type:ELAPSED_REALTIME_WAKEUP
D/AlarmManager( 188): Added alarm Alarm{4162cc60 type 2 com.google.android.apps.maps} type:ELAPSED_REALTIME_WAKEUP when: After 596522h:56m:48.0s
D/AlarmManager( 188): Removed alarm Alarm{41643cd0 type 2 com.google.android.location} type:ELAPSED_REALTIME_WAKEUP
D/AlarmManager( 188): Added alarm Alarm{417f2600 type 2 com.google.android.location} type:ELAPSED_REALTIME_WAKEUP when: After 0h:4m:58.0s
D/PowerManagerService( 188): @PowerManagement: Auto-dim timeout
D/AlarmManager( 188): Triggered Alarm 41633dd0 ELAPSED_REALTIME_WAKEUP IntentSender{415ccf18: PendingIntentRecord{418747a0 com.google.android.gsf broadcastIntent}}
D/AlarmManager( 188): Added alarm Alarm{41604098 type 2 com.google.android.gsf} type:ELAPSED_REALTIME_WAKEUP when: After 0h:5m:0.0s
D/ConnectivityService( 188): handleInetConditionHoldEnd: net=1, condition=0, published condition=0
V/TabletStatusBar( 290): setLightsOn(true)
V/TabletStatusBar( 290): setLightsOn(true)
V/TabletStatusBar( 290): setLightsOn(true)
V/TabletStatusBar( 290): setLightsOn(true)
W/ActivityManager( 188): Duplicate finish request for ActivityRecord{41393350 com.clov4r.android.nil/.SystemPlayer}
E/ActivityThread( 4247): Activity com.clov4r.android.nil.SystemPlayer has leaked IntentReceiver com.clov4r.android.nil.he@410f1798 that was originally registered here. Are you missing a call to unregisterReceiver()?
E/ActivityThread( 4247): android.app.IntentReceiverLeaked: Activity com.clov4r.android.nil.SystemPlayer has leaked IntentReceiver com.clov4r.android.nil.he@410f1798 that was originally registered here. Are you missing a call to unregisterReceiver()?
E/ActivityThread( 4247): at android.app.LoadedApk$ReceiverDispatcher.(LoadedApk.java:763)
E/ActivityThread( 4247): at android.app.LoadedApk.getReceiverDispatcher(LoadedApk.java:567)
E/ActivityThread( 4247): at android.app.ContextImpl.registerReceiverInternal(ContextImpl.java:1043)
E/ActivityThread( 4247): at android.app.ContextImpl.registerReceiver(ContextImpl.java:1030)
E/ActivityThread( 4247): at android.app.ContextImpl.registerReceiver(ContextImpl.java:1024)
E/ActivityThread( 4247): at android.content.ContextWrapper.registerReceiver(ContextWrapper.java:341)
E/ActivityThread( 4247): at com.clov4r.android.nil.fl.a(Unknown Source)
E/ActivityThread( 4247): at com.clov4r.android.nil.SystemPlayer.onCreate(Unknown Source)
E/ActivityThread( 4247): at android.app.Activity.performCreate(Activity.java:4465)
E/ActivityThread( 4247): at android.app.Instrumentation.callActivityOnCreate(Instrumentation.java:1049)
E/ActivityThread( 4247): at android.app.ActivityThread.performLaunchActivity(ActivityThread.java:1920)
E/ActivityThread( 4247): at android.app.ActivityThread.handleLaunchActivity(ActivityThread.java:1981)
E/ActivityThread( 4247): at android.app.ActivityThread.access$600(ActivityThread.java:123)
E/ActivityThread( 4247): at android.app.ActivityThread$H.handleMessage(ActivityThread.java:1147)
E/ActivityThread( 4247): at android.os.Handler.dispatchMessage(Handler.java:99)
E/ActivityThread( 4247): at android.os.Looper.loop(Looper.java:137)
E/ActivityThread( 4247): at android.app.ActivityThread.main(ActivityThread.java:4424)
E/ActivityThread( 4247): at java.lang.reflect.Method.invokeNative(Native Method)
E/ActivityThread( 4247): at java.lang.reflect.Method.invoke(Method.java:511)
E/ActivityThread( 4247): at com.android.internal.os.ZygoteInit$MethodAndArgsCaller.run(ZygoteInit.java:784)
E/ActivityThread( 4247): at com.android.internal.os.ZygoteInit.main(ZygoteInit.java:551)
E/ActivityThread( 4247): at dalvik.system.NativeStart.main(Native Method)
D/PowerManagerService( 188): @PowerManagement: Sleep state requested, reason:2
D/PowerManagerService( 188): @PowerManagement: Screen Bright {true -> false}
D/PowerManagerService( 188): @PowerManagement: Screen turned off mScreenOnTime=424362ms Battery: <98,8>
D/PowerManagerService( 188): @PowerManagement: Acquire UWL 'sleep_broadcast' flags [partial] refcount=1
D/PowerManagerService( 188): @PowerManagement: sending ordered bcast for ACTION_SCREEN_OFF
D/AlarmManager( 188): Added alarm Alarm{41396568 type 2 com.google.android.gsf} type:ELAPSED_REALTIME_WAKEUP when: After 0h:0m:30.0s
D/PowerManagerService( 188): @PowerManagement: Release UWL 'sleep_broadcast' flags [partial] refcount=0
I/TabletStatusBar( 290): DISABLE_CLOCK: yes
D/AlarmManager( 188): Triggered Alarm 415642c8 RTC_WAKEUP IntentSender{4160ed10: PendingIntentRecord{416df758 com.asus.cm broadcastIntent}}
D/AlarmManager( 188): Added alarm Alarm{4169d270 type 0 com.asus.cm} type:RTC_WAKEUP when: At 3/17/12 8:13 PM
D/AlarmManager( 188): Triggered Alarm 41736d98 RTC_WAKEUP IntentSender{4160d188: PendingIntentRecord{415fe050 com.facebook.katana startService}}
D/AlarmManager( 188): Added alarm Alarm{4165a1c0 type 0 com.facebook.katana} type:RTC_WAKEUP when: At 3/17/12 7:48 PM
D/PowerManagerService( 188): @PowerManagement: Auto-sleep timeout
D/AlarmManager( 188): Triggered Alarm 41396568 ELAPSED_REALTIME_WAKEUP IntentSender{415d1468: PendingIntentRecord{4161a6d8 com.google.android.gsf broadcastIntent}}
D/PowerManagerService( 188): @PowerManagement: Screen Bright {false -> true}
D/PowerManagerService( 188): @PowerManagement: Screen turned on mScreenOffTime=36631ms Battery: <98,8>
D/PowerManagerService( 188): @PowerManagement: Acquire UWL 'sleep_broadcast' flags [partial] refcount=1
D/PowerManagerService( 188): @PowerManagement: Acquire UWL 'sleep_broadcast' flags [partial] refcount=2
D/PowerManagerService( 188): @PowerManagement: sending ordered bcast for ACTION_SCREEN_ON
D/PowerManagerService( 188): @PowerManagement: Release UWL 'sleep_broadcast' flags [partial] refcount=1
I/WindowManager( 188): Lock screen displayed!
D/PowerManagerService( 188): @PowerManagement: Release UWL 'sleep_broadcast' flags [partial] refcount=0
D/PowerManagerService( 188): @PowerManagement: 'keyguard' releaseWakeLock when screen locked
W/InputManagerService( 188): Window already focused, ignoring focus gain of: com.android.internal.view.IInputMethodClient$Stub$Proxy@4153b390
I/TabletStatusBar( 290): DISABLE_CLOCK: no
V/TabletStatusBar( 290): setLightsOn(true)
I/BootReceiver( 188): Copying /data/tombstones/tombstone_07 to DropBox (SYSTEM_TOMBSTONE)
I/ActivityManager( 188): START {cmp=com.clov4r.android.nil/.SystemPlayer (has extras)} from pid 4247
V/TabletStatusBar( 290): setLightsOn(true)
D/PowerManagerService( 188): @PowerManagement: 'KEEP_SCREEN_ON_FLAG' releaseWakeLock when screen locked
V/TabletStatusBar( 290): setLightsOn(true)
D/AlarmManager( 188): Triggered Alarm 4165a1c0 RTC_WAKEUP IntentSender{415f3608: PendingIntentRecord{41666f88 com.facebook.katana startService}}
D/AlarmManager( 188): Added alarm Alarm{412f69c8 type 0 com.facebook.katana} type:RTC_WAKEUP when: At 3/17/12 7:49 PM
D/PowerManagerService( 188): @PowerManagement: Auto-dim timeout
D/AlarmManager( 188): Triggered Alarm 417f2600 ELAPSED_REALTIME_WAKEUP IntentSender{417312d8: PendingIntentRecord{415df358 com.google.android.location broadcastIntent}}
D/AlarmManager( 188): Added alarm Alarm{41653bc0 type 2 com.google.android.location} type:ELAPSED_REALTIME_WAKEUP when: After 0h:0m:4.0s
D/AlarmManager( 188): Removed alarm Alarm{4162cc60 type 2 com.google.android.apps.maps} type:ELAPSED_REALTIME_WAKEUP
D/AlarmManager( 188): Added alarm Alarm{4154e440 type 2 com.google.android.apps.maps} type:ELAPSED_REALTIME_WAKEUP when: After 596522h:51m:49.0s
D/AlarmManager( 188): Removed alarm Alarm{41653bc0 type 2 com.google.android.location} type:ELAPSED_REALTIME_WAKEUP
D/AlarmManager( 188): Added alarm Alarm{416d7980 type 2 com.google.android.location} type:ELAPSED_REALTIME_WAKEUP when: After 0h:0m:4.0s
D/AlarmManager( 188): Removed alarm Alarm{4154e440 type 2 com.google.android.apps.maps} type:ELAPSED_REALTIME_WAKEUP
D/AlarmManager( 188): Added alarm Alarm{41334a28 type 2 com.google.android.apps.maps} type:ELAPSED_REALTIME_WAKEUP when: After 596522h:51m:48.0s
D/AlarmManager( 188): Removed alarm Alarm{416d7980 type 2 com.google.android.location} type:ELAPSED_REALTIME_WAKEUP
D/AlarmManager( 188): Added alarm Alarm{4165c640 type 2 com.google.android.location} type:ELAPSED_REALTIME_WAKEUP when: After 0h:4m:58.0s
D/AlarmManager( 188): Triggered Alarm 412f69c8 RTC_WAKEUP IntentSender{4110d6f8: PendingIntentRecord{41309478 com.facebook.katana startService}}
D/AlarmManager( 188): Added alarm Alarm{416bc688 type 0 com.facebook.katana} type:RTC_WAKEUP when: At 3/17/12 8:19 PM
D/AlarmManager( 188): Removed alarm Alarm{4165c640 type 2 com.google.android.location} type:ELAPSED_REALTIME_WAKEUP
D/AlarmManager( 188): Added alarm Alarm{415fc670 type 2 com.google.android.location} type:ELAPSED_REALTIME_WAKEUP when: After 0h:0m:4.0s
D/AlarmManager( 188): Removed alarm Alarm{415fc670 type 2 com.google.android.location} type:ELAPSED_REALTIME_WAKEUP
D/AlarmManager( 188): Added alarm Alarm{4153ad28 type 2 com.google.android.location} type:ELAPSED_REALTIME_WAKEUP when: After 0h:0m:4.0s
D/AlarmManager( 188): Removed alarm Alarm{41334a28 type 2 com.google.android.apps.maps} type:ELAPSED_REALTIME_WAKEUP
D/AlarmManager( 188): Added alarm Alarm{415e3d48 type 2 com.google.android.apps.maps} type:ELAPSED_REALTIME_WAKEUP when: After 596522h:50m:51.0s
D/AlarmManager( 188): Removed alarm Alarm{4153ad28 type 2 com.google.android.location} type:ELAPSED_REALTIME_WAKEUP
D/AlarmManager( 188): Added alarm Alarm{41395778 type 2 com.google.android.location} type:ELAPSED_REALTIME_WAKEUP when: After 23h:59m:58.0s
D/AlarmManager( 188): Added alarm Alarm{41847f88 type 2 com.google.android.apps.maps} type:ELAPSED_REALTIME_WAKEUP when: After 0h:14m:59.0s repeatInterval: 0h:15m:0.0s
D/AlarmManager( 188): Triggered Alarm 41847f88 ELAPSED_REALTIME_WAKEUP IntentSender{41565048: PendingIntentRecord{4172dd10 com.google.android.apps.maps startService}}
D/AlarmManager( 188): Removed alarm Alarm{41847f88 type 2 com.google.android.apps.maps} type:ELAPSED_REALTIME_WAKEUP
D/AlarmManager( 188): Added alarm Alarm{4154d2b8 type 2 com.google.android.apps.maps} type:ELAPSED_REALTIME_WAKEUP when: After 0h:29m:59.0s repeatInterval: 0h:15m:0.0s
W/ThrottleService( 188): unable to find stats for iface rmnet0
D/AlarmManager( 188): Triggered Alarm 41604098 ELAPSED_REALTIME_WAKEUP IntentSender{41847018: PendingIntentRecord{418747a0 com.google.android.gsf broadcastIntent}}
D/AlarmManager( 188): Added alarm Alarm{41675730 type 2 com.google.android.gsf} type:ELAPSED_REALTIME_WAKEUP when: After 0h:4m:59.0s
