D/AlarmManager( 188): Added alarm Alarm{416a3890 type 0 com.google.android.gsf} type:RTC_WAKEUP when: At 3/17/12 8:21 PM repeatInterval: 0h:30m:0.0s
D/AlarmManager( 188): Triggered Alarm 416a3890 RTC_WAKEUP IntentSender{41662aa0: PendingIntentRecord{417277b8 com.google.android.gsf broadcastIntent}}
D/AlarmManager( 188): Removed alarm Alarm{416a3890 type 0 com.google.android.gsf} type:RTC_WAKEUP
D/AlarmManager( 188): Added alarm Alarm{41674048 type 0 com.google.android.gsf} type:RTC_WAKEUP when: At 3/17/12 8:21 PM repeatInterval: 0h:30m:0.0s
D/ConnectivityService( 188): handleInetConditionHoldEnd: net=1, condition=0, published condition=0
V/TabletStatusBar( 290): setLightsOn(true)
V/TabletStatusBar( 290): setLightsOn(true)
V/TabletStatusBar( 290): setLightsOn(true)
V/TabletStatusBar( 290): setLightsOn(true)
W/ActivityManager( 188): Duplicate finish request for ActivityRecord{413673f0 com.clov4r.android.nil/.SystemPlayer}
E/ActivityThread( 4247): Activity com.clov4r.android.nil.SystemPlayer has leaked IntentReceiver com.clov4r.android.nil.he@412b4f50 that was originally registered here. Are you missing a call to unregisterReceiver()?
E/ActivityThread( 4247): android.app.IntentReceiverLeaked: Activity com.clov4r.android.nil.SystemPlayer has leaked IntentReceiver com.clov4r.android.nil.he@412b4f50 that was originally registered here. Are you missing a call to unregisterReceiver()?
E/ActivityThread( 4247): at android.app.LoadedApk$ReceiverDispatcher.(LoadedApk.java:763)
E/ActivityThread( 4247): at android.app.LoadedApk.getReceiverDispatcher(LoadedApk.java:567)
E/ActivityThread( 4247): at android.app.ContextImpl.registerReceiverInternal(ContextImpl.java:1043)
E/ActivityThread( 4247): at android.app.ContextImpl.registerReceiver(ContextImpl.java:1030)
E/ActivityThread( 4247): at android.app.ContextImpl.registerReceiver(ContextImpl.java:1024)
E/ActivityThread( 4247): at android.content.ContextWrapper.registerReceiver(ContextWrapper.java:341)
E/ActivityThread( 4247): at com.clov4r.android.nil.fl.a(Unknown Source)
E/ActivityThread( 4247): at com.clov4r.android.nil.SystemPlayer.onCreate(Unknown Source)
E/ActivityThread( 4247): at android.app.Activity.performCreate(Activity.java:4465)
E/ActivityThread( 4247): at android.app.Instrumentation.callActivityOnCreate(Instrumentation.java:1049)
E/ActivityThread( 4247): at android.app.ActivityThread.performLaunchActivity(ActivityThread.java:1920)
E/ActivityThread( 4247): at android.app.ActivityThread.handleLaunchActivity(ActivityThread.java:1981)
E/ActivityThread( 4247): at android.app.ActivityThread.access$600(ActivityThread.java:123)
E/ActivityThread( 4247): at android.app.ActivityThread$H.handleMessage(ActivityThread.java:1147)
E/ActivityThread( 4247): at android.os.Handler.dispatchMessage(Handler.java:99)
E/ActivityThread( 4247): at android.os.Looper.loop(Looper.java:137)
E/ActivityThread( 4247): at android.app.ActivityThread.main(ActivityThread.java:4424)
E/ActivityThread( 4247): at java.lang.reflect.Method.invokeNative(Native Method)
E/ActivityThread( 4247): at java.lang.reflect.Method.invoke(Method.java:511)
E/ActivityThread( 4247): at com.android.internal.os.ZygoteInit$MethodAndArgsCaller.run(ZygoteInit.java:784)
E/ActivityThread( 4247): at com.android.internal.os.ZygoteInit.main(ZygoteInit.java:551)
E/ActivityThread( 4247): at dalvik.system.NativeStart.main(Native Method)
I/ActivityManager( 188): START {act=android.intent.action.MAIN cat=[android.intent.category.HOME] flg=0x10200000 cmp=com.android.launcher/com.android.launcher2.Launcher} from pid 188
W/InputManagerService( 188): Starting input on non-focused client com.android.internal.view.IInputMethodClient$Stub$Proxy@415c8ad0 (uid=10018 pid=4247)
D/PowerManagerService( 188): @PowerManagement: Sleep state requested, reason:2
D/PowerManagerService( 188): @PowerManagement: Screen Bright {true -> false}
D/PowerManagerService( 188): @PowerManagement: Screen turned off mScreenOnTime=265825ms Battery: <99,8>
D/PowerManagerService( 188): @PowerManagement: Acquire UWL 'sleep_broadcast' flags [partial] refcount=1
D/PowerManagerService( 188): @PowerManagement: sending ordered bcast for ACTION_SCREEN_OFF
D/AlarmManager( 188): Added alarm Alarm{4161ef48 type 2 com.google.android.gsf} type:ELAPSED_REALTIME_WAKEUP when: After 0h:0m:30.0s
D/PowerManagerService( 188): @PowerManagement: Release UWL 'sleep_broadcast' flags [partial] refcount=0
I/TabletStatusBar( 290): DISABLE_CLOCK: yes
D/AlarmManager( 188): Triggered Alarm 4161ef48 ELAPSED_REALTIME_WAKEUP IntentSender{41677dc8: PendingIntentRecord{4161a6d8 com.google.android.gsf broadcastIntent}}
D/AlarmManager( 188): Triggered Alarm 41675730 ELAPSED_REALTIME_WAKEUP IntentSender{412b3a58: PendingIntentRecord{418747a0 com.google.android.gsf broadcastIntent}}
D/AlarmManager( 188): Added alarm Alarm{41394620 type 2 com.google.android.gsf} type:ELAPSED_REALTIME_WAKEUP when: After 0h:4m:59.0s
D/PowerManagerService( 188): @PowerManagement: Auto-sleep timeout
D/ConnectivityService( 188): handleInetConditionHoldEnd: net=1, condition=0, published condition=0
D/AlarmManager( 188): Added alarm Alarm{4155be10 type 0 android} type:RTC_WAKEUP when: At 3/17/12 9:05 PM repeatInterval: 1h:4m:52.0s
D/AlarmManager( 188): Triggered Alarm 4155be10 RTC_WAKEUP IntentSender{4156a998: PendingIntentRecord{412b21d8 android broadcastIntent}}
V/BackupManagerService( 188): Running a backup pass
V/BackupManagerService( 188): Backup requested but nothing pending
W/ThrottleService( 188): unable to find stats for iface rmnet0
D/AlarmManager( 188): Triggered Alarm 41394620 ELAPSED_REALTIME_WAKEUP IntentSender{41391d30: PendingIntentRecord{418747a0 com.google.android.gsf broadcastIntent}}
D/AlarmManager( 188): Added alarm Alarm{41666170 type 2 com.google.android.gsf} type:ELAPSED_REALTIME_WAKEUP when: After 0h:4m:59.0s
D/ConnectivityService( 188): handleInetConditionHoldEnd: net=1, condition=0, published condition=0
D/PowerManagerService( 188): @PowerManagement: Screen Bright {false -> true}
D/PowerManagerService( 188): @PowerManagement: Screen turned on mScreenOffTime=866177ms Battery: <100,8>
D/PowerManagerService( 188): @PowerManagement: Acquire UWL 'sleep_broadcast' flags [partial] refcount=1
D/PowerManagerService( 188): @PowerManagement: Acquire UWL 'sleep_broadcast' flags [partial] refcount=2
D/PowerManagerService( 188): @PowerManagement: sending ordered bcast for ACTION_SCREEN_ON
I/WindowManager( 188): Lock screen displayed!
D/PowerManagerService( 188): @PowerManagement: Release UWL 'sleep_broadcast' flags [partial] refcount=1
D/PowerManagerService( 188): @PowerManagement: Release UWL 'sleep_broadcast' flags [partial] refcount=0
D/PowerManagerService( 188): @PowerManagement: 'keyguard' releaseWakeLock when screen locked
I/TabletStatusBar( 290): DISABLE_CLOCK: no
W/InputManagerService( 188): Window already focused, ignoring focus gain of: com.android.internal.view.IInputMethodClient$Stub$Proxy@413a7a40
I/ActivityManager( 188): START {act=android.settings.SETTINGS flg=0x14000000 cmp=com.android.settings/.Settings} from pid 290 --------- beginning of /dev/log/main
E/SystemPlayer( 4247): mFullScreenOnClickListener-->width=0;height=0
E/SystemPlayer( 4247): mFullScreenOnClickListener-->width=0;height=0
E/SystemPlayer( 4247): mFullScreenOnClickListener-->width=0;height=0
E/SystemPlayer( 4247): mFullScreenOnClickListener-->width=0;height=0
E/SystemPlayer( 4247): mFullScreenOnClickListener-->width=0;height=0
E/SystemPlayer( 4247): mFullScreenOnClickListener-->width=0;height=0
E/SystemPlayer( 4247): mFullScreenOnClickListener-->width=0;height=0
E/SystemPlayer( 4247): mFullScreenOnClickListener-->width=0;height=0
E/SystemPlayer( 4247): mFullScreenOnClickListener-->width=0;height=0
E/SystemPlayer( 4247): mFullScreenOnClickListener-->width=0;height=0
E/SystemPlayer( 4247): mFullScreenOnClickListener-->width=0;height=0
I/HK/LatinKeyboardBaseView( 418): closing org.pocketworkstation.pckeyboard.LatinKeyboardView@415ec2d8
D/dalvikvm( 3964): GC_CONCURRENT freed 422K, 8% free 6504K/7047K, paused 4ms+2ms
E/SystemPlayer( 4247): mFullScreenOnClickListener-->width=0;height=0
E/SystemPlayer( 4247): mFullScreenOnClickListener-->width=0;height=0
E/SystemPlayer( 4247): mFullScreenOnClickListener-->width=0;height=0
E/SystemPlayer( 4247): mFullScreenOnClickListener-->width=0;height=0
E/SystemPlayer( 4247): mFullScreenOnClickListener-->width=0;height=0
E/SystemPlayer( 4247): mFullScreenOnClickListener-->width=0;height=0
I/ActivityManager( 188): START {act=android.intent.action.DELETE dat=package:org.videolan.vlc cmp=com.android.packageinstaller/.UninstallerActivity} from pid 3444
I/ManageApplications( 3444): onCreateOptionsMenu in ManageApplications{411384d8 #1 id=0x10202d6}: com.android.internal.view.menu.MenuBuilder@411b2dd8
I/ManageApplications( 3444): onCreateOptionsMenu in ManageApplications{411384d8 #1 id=0x10202d6}: com.android.internal.view.menu.MenuBuilder@411b2dd8
I/ActivityManager( 188): Start proc com.android.packageinstaller for activity com.android.packageinstaller/.UninstallerActivity: pid=4935 uid=10027 gids={}
D/WindowManager( 188): adjustConfigurationLw, config:{1.0 0mcc0mnc (no locale) layoutdir=0 sw800dp w1280dp h752dp xlrg land ?uimode ?night finger -keyb/v/h -nav/v} mLidOpen:-1 mHasDockFeature:true mHasHallSensorFeature:true config.hardKeyboardHidden:2
E/SystemPlayer( 4247): mFullScreenOnClickListener-->width=0;height=0
E/SystemPlayer( 4247): mFullScreenOnClickListener-->width=0;height=0
E/SystemPlayer( 4247): mFullScreenOnClickListener-->width=0;height=0
E/SystemPlayer( 4247): mFullScreenOnClickListener-->width=0;height=0
E/SystemPlayer( 4247): mFullScreenOnClickListener-->width=0;height=0
E/SystemPlayer( 4247): mFullScreenOnClickListener-->width=0;height=0
D/dalvikvm( 188): GC_EXPLICIT freed 1771K, 15% free 13028K/15303K, paused 3ms+5ms
D/libEGL ( 4935): loaded /system/lib/egl/libEGL_tegra.so
D/libEGL ( 4935): loaded /system/lib/egl/libGLESv1_CM_tegra.so
D/libEGL ( 4935): loaded /system/lib/egl/libGLESv2_tegra.so
D/OpenGLRenderer( 4935): Enabling debug mode 0
W/InputManagerService( 188): Starting input on non-focused client com.android.internal.view.IInputMethodClient$Stub$Proxy@415dd938 (uid=1000 pid=3444)
I/ActivityManager( 188): Displayed com.android.packageinstaller/.UninstallerActivity: +315ms
D/dalvikvm( 3964): GC_CONCURRENT freed 430K, 8% free 6502K/7047K, paused 2ms+2ms
E/SystemPlayer( 4247): mFullScreenOnClickListener-->width=0;height=0
E/SystemPlayer( 4247): mFullScreenOnClickListener-->width=0;height=0
E/SystemPlayer( 4247): mFullScreenOnClickListener-->width=0;height=0
E/SystemPlayer( 4247): mFullScreenOnClickListener-->width=0;height=0
E/SystemPlayer( 4247): mFullScreenOnClickListener-->width=0;height=0
E/SystemPlayer( 4247): mFullScreenOnClickListener-->width=0;height=0
I/ActivityManager( 188): START {act=android.intent.action.VIEW cmp=com.android.packageinstaller/.UninstallAppProgress (has extras)} from pid 4935
D/WindowManager( 188): adjustConfigurationLw, config:{1.0 0mcc0mnc (no locale) layoutdir=0 sw800dp w1280dp h752dp xlrg land ?uimode ?night finger -keyb/v/h -nav/v} mLidOpen:-1 mHasDockFeature:true mHasHallSensorFeature:true config.hardKeyboardHidden:2
I/PackageManager( 188): Removing non-system package:org.videolan.vlc
I/ActivityManager( 188): Force stopping package org.videolan.vlc uid=10092
I/ActivityManager( 188): Killing proc 3902:org.videolan.vlc/10092: force stop
I/ActivityManager( 188): Force finishing activity ActivityRecord{4139aa98 org.videolan.vlc/.gui.MainActivity}
I/ActivityManager( 188): Force finishing activity ActivityRecord{4154e220 org.videolan.vlc/.gui.PreferencesActivity}
I/HK/LatinKeyboardBaseView( 418): closing org.pocketworkstation.pckeyboard.LatinKeyboardView@415ec2d8
I/ActivityManager( 188): Displayed com.android.packageinstaller/.UninstallAppProgress: +105ms
D/OpenGLRenderer( 4935): Flushing caches (mode 0)
D/AlarmManager( 188): Triggered Alarm 41666170 ELAPSED_REALTIME_WAKEUP IntentSender{417f1238: PendingIntentRecord{418747a0 com.google.android.gsf broadcastIntent}}
E/SystemPlayer( 4247): mFullScreenOnClickListener-->width=0;height=0
E/SystemPlayer( 4247): mFullScreenOnClickListener-->width=0;height=0
E/SystemPlayer( 4247): mFullScreenOnClickListener-->width=0;height=0
E/SystemPlayer( 4247): mFullScreenOnClickListener-->width=0;height=0
E/SystemPlayer( 4247): mFullScreenOnClickListener-->width=0;height=0
E/SystemPlayer( 4247): mFullScreenOnClickListener-->width=0;height=0
E/SystemPlayer( 4247): mFullScreenOnClickListener-->width=0;height=0
E/SystemPlayer( 4247): mFullScreenOnClickListener-->width=0;height=0
E/SystemPlayer( 4247): mFullScreenOnClickListener-->width=0;height=0
E/SystemPlayer( 4247): mFullScreenOnClickListener-->width=0;height=0
E/SystemPlayer( 4247): mFullScreenOnClickListener-->width=0;height=0
E/SystemPlayer( 4247): mFullScreenOnClickListener-->width=0;height=0
I/ActivityManager( 188): Force stopping package org.videolan.vlc uid=10092
D/dalvikvm( 290): GC_EXPLICIT freed 670K, 72% free 8945K/31111K, paused 4ms+4ms
D/dalvikvm( 4935): GC_EXPLICIT freed 82K, 3% free 6616K/6787K, paused 2ms+9ms
I/PCKeyboard( 418): Package information changed, updating dictionaries.
I/PCKeyboard( 418): Finished updating dictionaries.
I/GTalkService/c( 372): [AndroidEndpoint@1091713816] connect: acct=1000000, state=CONNECTING
I/GTalkService/c( 372): [GTalkConnection@1091753608] connect: acct=1, state=CONNECTING
D/PackageManager( 188): generateServicesMap(android.accounts.AccountAuthenticator): 4 services unchanged
D/PackageManager( 188): generateServicesMap(android.content.SyncAdapter): 15 services unchanged
D/dalvikvm( 418): GC_FOR_ALLOC freed 203K, 33% free 8444K/12487K, paused 39ms
I/dalvikvm-heap( 418): Grow heap (frag case) to 9.104MB for 841021-byte allocation
D/VoicemailCleanupService( 4165): Cleaning up data for package: org.videolan.vlc
D/BackupManagerService( 188): Received broadcast Intent { act=android.intent.action.PACKAGE_REMOVED dat=package:org.videolan.vlc flg=0x10000010 (has extras) }
V/BackupManagerService( 188): removePackageParticipantsLocked: org.videolan.vlc
W/PluginManager( 1703): Can't find plugin: org.videolan.vlc
I/ActivityManager( 188): Start proc com.android.keychain for broadcast com.android.keychain/.KeyChainBroadcastReceiver: pid=4957 uid=1000 gids={3003, 1015, 3002, 3001, 3007}
D/dalvikvm( 418): GC_CONCURRENT freed 4K, 26% free 9260K/12487K, paused 2ms+2ms
I/PCKeyboard( 418): Loaded dictionary, len=841005
D/dalvikvm( 418): GC_CONCURRENT freed 828K, 26% free 9258K/12487K, paused 2ms+2ms
I/ActivityManager( 188): Start proc com.android.musicfx for broadcast com.android.musicfx/.Compatibility$Receiver: pid=4970 uid=10083 gids={3003, 3002}
I/ActivityManager( 188): Start proc com.google.android.apps.plus for broadcast com.google.android.apps.plus/.service.PackagesMediaMonitor: pid=4983 uid=10023 gids={3003, 3002, 1015, 1006}
I/ActivityThread( 4983): Pub com.google.android.apps.plus.content.EsProvider: com.google.android.apps.plus.content.EsProvider
D/dalvikvm( 4983): GC_CONCURRENT freed 163K, 4% free 6827K/7047K, paused 2ms+2ms
I/ActivityThread( 4983): Pub com.google.android.apps.plus.content.ApiProvider: com.google.android.apps.plus.content.EsApiProvider
I/ActivityThread( 4983): Pub com.google.android.apps.plus.content.EsGooglePhotoProvider: com.google.android.picasasync.PicasaContentProvider
D/dalvikvm( 4983): GC_CONCURRENT freed 519K, 8% free 6853K/7431K, paused 1ms+2ms
I/ActivityThread( 4983): Pub com.google.plus.platform: com.google.android.apps.plus.content.AdsProvider
D/dalvikvm( 4983): GC_FOR_ALLOC freed 256K, 7% free 6966K/7431K, paused 16ms
D/UploadsManager( 4983): load newPhotoTracker: MediaTracker:***********************,trackNew:photo-external,46:photo-phoneStorage,-1:video-external,0:video-phoneStorage,-1
D/UploadsManager( 4983): load all accounts: null
D/UploadsManager( 4983): load all account-album pairs: null
V/PicasaContentProvider( 4983): querySettings: defaults: {sync_on_wifi_only=1, auto_upload_account_type=null, sync_on_battery=1, sync_picasa_on_wifi_only=1, auto_upload_enabled=0, video_upload_wifi_only=1, sync_on_roaming=0, auto_upload_account_name=null}
D/UploadsManager( 4983): settings not changed
I/ActivityManager( 188): Start proc com.android.vending for broadcast com.android.vending/com.google.android.finsky.receivers.PackageMonitorReceiver$RegisteredReceiver: pid=5000 uid=10026 gids={3003, 1015}
I/ActivityManager( 188): No longer want com.ted.android (pid 3094): hidden #16
I/ActivityThread( 5000): Pub com.google.android.finsky.QSBSuggestionsProvider: com.google.android.finsky.providers.QSBSuggestionsProvider
I/ActivityThread( 5000): Pub com.google.android.finsky.AppIconProvider: com.google.android.finsky.providers.AppIconProvider
I/ActivityThread( 5000): Pub com.google.android.finsky.RecentSuggestionsProvider: com.google.android.finsky.providers.RecentSuggestionsProvider
E/SystemPlayer( 4247): mFullScreenOnClickListener-->width=0;height=0
E/SystemPlayer( 4247): mFullScreenOnClickListener-->width=0;height=0
E/SystemPlayer( 4247): mFullScreenOnClickListener-->width=0;height=0
E/SystemPlayer( 4247): mFullScreenOnClickListener-->width=0;height=0
E/SystemPlayer( 4247): mFullScreenOnClickListener-->width=0;height=0
E/SystemPlayer( 4247): mFullScreenOnClickListener-->width=0;height=0
V/PicasaContentProvider( 4983): querySettings: defaults: {sync_on_wifi_only=1, auto_upload_account_type=null, sync_on_battery=1, sync_picasa_on_wifi_only=1, auto_upload_enabled=0, video_upload_wifi_only=1, sync_on_roaming=0, auto_upload_account_name=null}
D/PicasaSync( 4983): sync account database
D/dalvikvm( 5000): GC_CONCURRENT freed 234K, 5% free 6755K/7047K, paused 2ms+2ms
D/dalvikvm( 5000): GC_CONCURRENT freed 426K, 7% free 6884K/7367K, paused 2ms+2ms
D/Finsky ( 5000): [1] DailyHygiene.goMakeHygieneIfDirty: No need to run daily hygiene.
I/ActivityManager( 188): Start proc android.process.media for content provider com.android.providers.media/.MediaProvider: pid=5027 uid=10040 gids={1015, 1023, 1024, 2001, 3003, 3007}
I/ActivityManager( 188): No longer want com.google.android.apps.maps:FriendService (pid 4074): hidden #16
I/ActivityThread( 5027): Pub media: com.android.providers.media.MediaProvider
D/AlarmManager( 188): Added alarm Alarm{41882bf0 type 0 com.android.vending} type:RTC_WAKEUP when: At 3/17/12 8:07 PM
I/ActivityManager( 188): No longer want com.google.android.apps.maps:LocationFriendService (pid 4093): hidden #16
I/ActivityManager( 188): No longer want com.android.browser (pid 1703): hidden #16
I/WindowManager( 188): WIN DEATH: Window{41741d10 com.android.browser/com.android.browser.BrowserActivity paused=false}
D/PicasaSync( 4983): accounts in DB=1
V/PicasaContentProvider( 4983): querySettings: defaults: {sync_on_wifi_only=1, auto_upload_account_type=null, sync_on_battery=1, sync_picasa_on_wifi_only=1, auto_upload_enabled=0, video_upload_wifi_only=1, sync_on_roaming=0, auto_upload_account_name=null}
D/PicasaSyncManager( 4983): active network: NetworkInfo: type: WIFI[], state: CONNECTED/CONNECTED, reason: (unspecified), extra: (none), roaming: false, failover: false, isAvailable: true
D/PicasaSyncManager( 4983): background data: true
D/dalvikvm( 5000): GC_CONCURRENT freed 380K, 7% free 6962K/7431K, paused 4ms+2ms
D/Finsky ( 5000): [1] 2.run: Loaded library for account: [6USPETU1n3unzLgBwuje_12qGbU]
D/Finsky ( 5000): [1] 2.run: Finished loading 1 libraries.
D/dalvikvm( 188): GC_EXPLICIT freed 1485K, 14% free 13172K/15303K, paused 2ms+11ms
E/SystemPlayer( 4247): mFullScreenOnClickListener-->width=0;height=0
E/SystemPlayer( 4247): mFullScreenOnClickListener-->width=0;height=0
E/SystemPlayer( 4247): mFullScreenOnClickListener-->width=0;height=0
E/SystemPlayer( 4247): mFullScreenOnClickListener-->width=0;height=0
E/SystemPlayer( 4247): mFullScreenOnClickListener-->width=0;height=0
E/SystemPlayer( 4247): mFullScreenOnClickListener-->width=0;height=0
D/dalvikvm( 4165): GC_CONCURRENT freed 440K, 8% free 6955K/7495K, paused 2ms+2ms
E/SystemPlayer( 4247): mFullScreenOnClickListener-->width=0;height=0
E/SystemPlayer( 4247): mFullScreenOnClickListener-->width=0;height=0
E/SystemPlayer( 4247): mFullScreenOnClickListener-->width=0;height=0
E/SystemPlayer( 4247): mFullScreenOnClickListener-->width=0;height=0
E/SystemPlayer( 4247): mFullScreenOnClickListener-->width=0;height=0
E/SystemPlayer( 4247): mFullScreenOnClickListener-->width=0;height=0
I/MediaProvider( 5027): Update ID=1, mount=/system, isMounted=1, VID = -1
I/MediaProvider( 5027): Update ID=2, mount=/data, isMounted=1, VID = -1
E/GTalkService( 372): connectionClosed: no XMPPConnection - That's strange!
D/AlarmManager( 188): Added alarm Alarm{417d5a80 type 2 com.google.android.gsf} type:ELAPSED_REALTIME_WAKEUP when: After 0h:5m:0.0s
I/MediaProvider( 5027): Update ID=1, mount=/mnt/sdcard, isMounted=1, VID = -1
I/ActivityThread( 5027): Pub downloads: com.android.providers.downloads.DownloadProvider
I/ActivityThread( 5027): Pub drm: com.android.providers.drm.DrmProvider
I/DownloadManager( 5027): in removeSpuriousFiles
I/DownloadManager( 5027): in removeSpuriousFiles, preserving file /data/data/com.android.providers.downloads/cache/metadata.json
I/DownloadManager( 5027): in removeSpuriousFiles, preserving file /data/data/com.android.providers.downloads/cache/en_general.htm
I/DownloadManager( 5027): in removeSpuriousFiles, preserving file /mnt/sdcard/Download/VLC-debug.apk
D/AlarmManager( 188): Added alarm Alarm{41629ed8 type 0 com.google.android.apps.plus} type:RTC_WAKEUP when: At 3/17/12 8:06 PM
D/AlarmManager( 188): Removed alarm Alarm{41629ed8 type 0 com.google.android.apps.plus} type:RTC_WAKEUP
D/AlarmManager( 188): Added alarm Alarm{416216c0 type 0 com.google.android.apps.plus} type:RTC_WAKEUP when: At 3/17/12 8:06 PM
D/AlarmManager( 188): Removed alarm Alarm{416216c0 type 0 com.google.android.apps.plus} type:RTC_WAKEUP
D/AlarmManager( 188): Added alarm Alarm{4161a500 type 0 com.google.android.apps.plus} type:RTC_WAKEUP when: At 3/17/12 8:06 PM
D/AlarmManager( 188): Removed alarm Alarm{4161a500 type 0 com.google.android.apps.plus} type:RTC_WAKEUP
D/UploadsManager( 4983): fsid not changed
D/AlarmManager( 188): Added alarm Alarm{415f3a60 type 0 com.google.android.apps.plus} type:RTC_WAKEUP when: At 3/17/12 8:06 PM
D/AlarmManager( 188): Removed alarm Alarm{415f3a60 type 0 com.google.android.apps.plus} type:RTC_WAKEUP
D/AlarmManager( 188): Added alarm Alarm{415ef308 type 0 com.google.android.apps.plus} type:RTC_WAKEUP when: At 3/17/12 8:06 PM
D/AlarmManager( 188): Removed alarm Alarm{415ef308 type 0 com.google.android.apps.plus} type:RTC_WAKEUP
D/AlarmManager( 188): Added alarm Alarm{415e1c40 type 0 com.google.android.apps.plus} type:RTC_WAKEUP when: At 3/17/12 8:06 PM
D/UploadsManager( 4983): FsId changed! -1
D/UploadsManager( 4983): fsid not changed
D/UploadsManager( 4983): collect new photo: MediaTracker:***********************,trackNew:photo-external,46:photo-phoneStorage,-1:video-external,0:video-phoneStorage,-1
D/UploadsManager( 4983): collect new video: MediaTracker:***********************,trackNew:photo-external,46:photo-phoneStorage,-1:video-external,0:video-phoneStorage,-1
E/GTalkService( 372): connectionClosed: no XMPPConnection - That's strange!
V/PicasaContentProvider( 4983): querySettings: defaults: {sync_on_wifi_only=1, auto_upload_account_type=null, sync_on_battery=1, sync_picasa_on_wifi_only=1, auto_upload_enabled=0, video_upload_wifi_only=1, sync_on_roaming=0, auto_upload_account_name=null}
D/PicasaSyncManager( 4983): reject MetadataSyncTask (***********************) because downsync is disabled
D/PicasaSyncManager( 4983): battery info: true
D/UploadsManager( 4983): collect new photo: MediaTracker:***********************,trackNew:photo-external,46:photo-phoneStorage,-1:video-external,0:video-phoneStorage,-1
D/UploadsManager( 4983): collect new video: MediaTracker:***********************,trackNew:photo-external,46:photo-phoneStorage,-1:video-external,0:video-phoneStorage,-1
D/NvOsDebugPrintf( 4882): NvxLiteH264DecoderInit : Opening TVMR H264 block
D/NvOsDebugPrintf( 4882): NvxLiteH264DecoderSecureInit : Opening TVMR H264 block
D/PicasaSyncManager( 4983): reject MetadataSyncTask (***********************) because downsync is disabled
I/MPEG4Extractor( 4882): NON-QT MODE DECIDED
E/SystemPlayer( 4247): mFullScreenOnClickListener-->width=0;height=0
E/SystemPlayer( 4247): mFullScreenOnClickListener-->width=0;height=0
E/SystemPlayer( 4247): mFullScreenOnClickListener-->width=0;height=0
E/SystemPlayer( 4247): mFullScreenOnClickListener-->width=0;height=0
E/SystemPlayer( 4247): mFullScreenOnClickListener-->width=0;height=0
E/SystemPlayer( 4247): mFullScreenOnClickListener-->width=0;height=0
E/SystemPlayer( 4247): mFullScreenOnClickListener-->width=0;height=0
E/SystemPlayer( 4247): mFullScreenOnClickListener-->width=0;height=0
E/SystemPlayer( 4247): mFullScreenOnClickListener-->width=0;height=0
E/SystemPlayer( 4247): mFullScreenOnClickListener-->width=0;height=0
E/SystemPlayer( 4247): mFullScreenOnClickListener-->width=0;height=0
E/SystemPlayer( 4247): mFullScreenOnClickListener-->width=0;height=0
E/SystemPlayer( 4247): mFullScreenOnClickListener-->width=0;height=0
E/SystemPlayer( 4247): mFullScreenOnClickListener-->width=0;height=0
E/SystemPlayer( 4247): mFullScreenOnClickListener-->width=0;height=0
E/SystemPlayer( 4247): mFullScreenOnClickListener-->width=0;height=0
E/SystemPlayer( 4247): mFullScreenOnClickListener-->width=0;height=0
E/SystemPlayer( 4247): mFullScreenOnClickListener-->width=0;height=0
D/ConnectivityService( 188): handleInetConditionHoldEnd: net=1, condition=0, published condition=0
E/SystemPlayer( 4247): mFullScreenOnClickListener-->width=0;height=0
E/SystemPlayer( 4247): mFullScreenOnClickListener-->width=0;height=0
E/SystemPlayer( 4247): mFullScreenOnClickListener-->width=0;height=0
E/SystemPlayer( 4247): mFullScreenOnClickListener-->width=0;height=0
E/SystemPlayer( 4247): mFullScreenOnClickListener-->width=0;height=0
E/SystemPlayer( 4247): mFullScreenOnClickListener-->width=0;height=0
I/UninstallAppProgress( 4935): Finished uninstalling pkg: org.videolan.vlc
D/WindowManager( 188): adjustConfigurationLw, config:{1.0 0mcc0mnc (no locale) layoutdir=0 sw800dp w1280dp h752dp xlrg land ?uimode ?night finger -keyb/v/h -nav/v} mLidOpen:-1 mHasDockFeature:true mHasHallSensorFeature:true config.hardKeyboardHidden:2
D/OpenGLRenderer( 4935): Flushing caches (mode 0)
D/dalvikvm( 3444): GC_CONCURRENT freed 826K, 9% free 9769K/10695K, paused 5ms+7ms
I/ManageApplications( 3444): onCreateOptionsMenu in ManageApplications{411384d8 #1 id=0x10202d6}: com.android.internal.view.menu.MenuBuilder@411b2dd8
I/ActivityManager( 188): No longer want com.google.android.inputmethod.latin.dictionarypack (pid 4672): hidden #16
D/OpenGLRenderer( 4935): Flushing caches (mode 1)
W/PackageManager( 188): Empty queue
E/SystemPlayer( 4247): mFullScreenOnClickListener-->width=0;height=0
E/SystemPlayer( 4247): mFullScreenOnClickListener-->width=0;height=0
E/SystemPlayer( 4247): mFullScreenOnClickListener-->width=0;height=0
E/SystemPlayer( 4247): mFullScreenOnClickListener-->width=0;height=0
E/SystemPlayer( 4247): mFullScreenOnClickListener-->width=0;height=0
E/SystemPlayer( 4247): mFullScreenOnClickListener-->width=0;height=0
E/SystemPlayer( 4247): mFullScreenOnClickListener-->width=0;height=0
E/SystemPlayer( 4247): mFullScreenOnClickListener-->width=0;height=0
E/SystemPlayer( 4247): mFullScreenOnClickListener-->width=0;height=0
E/SystemPlayer( 4247): mFullScreenOnClickListener-->width=0;height=0
E/SystemPlayer( 4247): mFullScreenOnClickListener-->width=0;height=0
E/SystemPlayer( 4247): mFullScreenOnClickListener-->width=0;height=0
I/ActivityManager( 188): START {act=android.intent.action.MAIN cat=[android.intent.category.HOME] flg=0x10200000 cmp=com.android.launcher/com.android.launcher2.Launcher} from pid 188
D/WindowManager( 188): adjustConfigurationLw, config:{1.0 0mcc0mnc (no locale) layoutdir=0 sw800dp w1280dp h752dp xlrg land ?uimode ?night finger -keyb/v/h -nav/v} mLidOpen:-1 mHasDockFeature:true mHasHallSensorFeature:true config.hardKeyboardHidden:2
D/dalvikvm( 472): GC_CONCURRENT freed 865K, 43% free 9891K/17095K, paused 1ms+5ms
D/OpenGLRenderer( 3444): Flushing caches (mode 0)
D/OpenGLRenderer( 3444): Flushing caches (mode 1)
W/InputManagerService( 188): Starting input on non-focused client com.android.internal.view.IInputMethodClient$Stub$Proxy@415dd938 (uid=1000 pid=3444)
E/SystemPlayer( 4247): mFullScreenOnClickListener-->width=0;height=0
E/SystemPlayer( 4247): mFullScreenOnClickListener-->width=0;height=0
E/SystemPlayer( 4247): mFullScreenOnClickListener-->width=0;height=0
E/SystemPlayer( 4247): mFullScreenOnClickListener-->width=0;height=0
E/SystemPlayer( 4247): mFullScreenOnClickListener-->width=0;height=0
E/SystemPlayer( 4247): mFullScreenOnClickListener-->width=0;height=0
D/PowerManagerService( 188): @PowerManagement: Sleep state requested, reason:2
D/PowerManagerService( 188): @PowerManagement: Screen Bright {true -> false}
I/power ( 188): *** set_screen_state 0
V/Sensors ( 188): enable - sensor Accelerometer (handle 4) en -> dis
V/Sensors ( 188): enabled_sensors: 0 dmp_started: 1
V/Sensors ( 188): Stopping DMP
I/Sensors ( 188): Disabled 9 axis sensor fusion
V/TransportControlView( 188): Create TCV com.android.internal.widget.TransportControlView@417e1db0
D/PowerManagerService( 188): @PowerManagement: Screen turned off mScreenOnTime=26052ms Battery: <100,8>
D/PowerManagerService( 188): @PowerManagement: Acquire UWL 'sleep_broadcast' flags [partial] refcount=1
I/MPL-mldl_cfg_mpu:( 188): inv_mpu_suspend(,,,,7fff) -> 0000
V/Sensors ( 188): setDelay - sensor Accelerometer (handle 4), rate 66 ms (15.00 Hz)
D/SurfaceFlinger( 107): About to give-up screen, flinger = 0x5df958
D/PowerManagerService( 188): @PowerManagement: sending ordered bcast for ACTION_SCREEN_OFF
D/AlarmManager( 188): Added alarm Alarm{41572160 type 2 com.google.android.gsf} type:ELAPSED_REALTIME_WAKEUP when: After 0h:0m:30.0s
D/PowerManagerService( 188): @PowerManagement: Release UWL 'sleep_broadcast' flags [partial] refcount=0
D/dalvikvm( 188): GC_CONCURRENT freed 1257K, 12% free 13478K/15303K, paused 2ms+4ms
E/SystemPlayer( 4247): mFullScreenOnClickListener-->width=0;height=0
E/SystemPlayer( 4247): mFullScreenOnClickListener-->width=0;height=0
E/SystemPlayer( 4247): mFullScreenOnClickListener-->width=0;height=0
E/SystemPlayer( 4247): mFullScreenOnClickListener-->width=0;height=0
E/SystemPlayer( 4247): mFullScreenOnClickListener-->width=0;height=0
E/SystemPlayer( 4247): mFullScreenOnClickListener-->width=0;height=0
I/TabletStatusBar( 290): DISABLE_CLOCK: yes
E/SystemPlayer( 4247): mFullScreenOnClickListener-->width=0;height=0
E/SystemPlayer( 4247): mFullScreenOnClickListener-->width=0;height=0
E/SystemPlayer( 4247): mFullScreenOnClickListener-->width=0;height=0
E/SystemPlayer( 4247): mFullScreenOnClickListener-->width=0;height=0
E/SystemPlayer( 4247): mFullScreenOnClickListener-->width=0;height=0
E/SystemPlayer( 4247): mFullScreenOnClickListener-->width=0;height=0
E/SystemPlayer( 4247): mFullScreenOnClickListener-->width=0;height=0
E/SystemPlayer( 4247): mFullScreenOnClickListener-->width=0;height=0
E/SystemPlayer( 4247): mFullScreenOnClickListener-->width=0;height=0
E/SystemPlayer( 4247): mFullScreenOnClickListener-->width=0;height=0
E/SystemPlayer( 4247): mFullScreenOnClickListener-->width=0;height=0
E/SystemPlayer( 4247): mFullScreenOnClickListener-->width=0;height=0
E/SystemPlayer( 4247): mFullScreenOnClickListener-->width=0;height=0
E/SystemPlayer( 4247): mFullScreenOnClickListener-->width=0;height=0
E/SystemPlayer( 4247): mFullScreenOnClickListener-->width=0;height=0
E/SystemPlayer( 4247): mFullScreenOnClickListener-->width=0;height=0
E/SystemPlayer( 4247): mFullScreenOnClickListener-->width=0;height=0
E/SystemPlayer( 4247): mFullScreenOnClickListener-->width=0;height=0
E/SystemPlayer( 4247): mFullScreenOnClickListener-->width=0;height=0
E/SystemPlayer( 4247): mFullScreenOnClickListener-->width=0;height=0
E/SystemPlayer( 4247): mFullScreenOnClickListener-->width=0;height=0
E/SystemPlayer( 4247): mFullScreenOnClickListener-->width=0;height=0
E/SystemPlayer( 4247): mFullScreenOnClickListener-->width=0;height=0
E/SystemPlayer( 4247): mFullScreenOnClickListener-->width=0;height=0
D/AlarmManager( 188): Triggered Alarm 415e1c40 RTC_WAKEUP IntentSender{416448d8: PendingIntentRecord{416d30b8 com.google.android.apps.plus broadcastIntent}}
E/SystemPlayer( 4247): mFullScreenOnClickListener-->width=0;height=0
E/SystemPlayer( 4247): mFullScreenOnClickListener-->width=0;height=0
E/SystemPlayer( 4247): mFullScreenOnClickListener-->width=0;height=0
E/SystemPlayer( 4247): mFullScreenOnClickListener-->width=0;height=0
E/SystemPlayer( 4247): mFullScreenOnClickListener-->width=0;height=0
E/SystemPlayer( 4247): mFullScreenOnClickListener-->width=0;height=0
V/PicasaContentProvider( 4983): querySettings: defaults: {sync_on_wifi_only=1, auto_upload_account_type=null, sync_on_battery=1, sync_picasa_on_wifi_only=1, auto_upload_enabled=0, video_upload_wifi_only=1, sync_on_roaming=0, auto_upload_account_name=null}
D/AlarmManager( 188): Triggered Alarm 41882bf0 RTC_WAKEUP IntentSender{4123ab40: PendingIntentRecord{41882b40 com.android.vending startService}}
D/UploadsManager( 4983): collect new photo: MediaTracker:***********************,trackNew:photo-external,46:photo-phoneStorage,-1:video-external,0:video-phoneStorage,-1
D/AlarmManager( 188): Triggered Alarm 41572160 ELAPSED_REALTIME_WAKEUP IntentSender{4130ea30: PendingIntentRecord{4161a6d8 com.google.android.gsf broadcastIntent}}
D/UploadsManager( 4983): collect new video: MediaTracker:***********************,trackNew:photo-external,46:photo-phoneStorage,-1:video-external,0:video-phoneStorage,-1
W/ThrottleService( 188): unable to find stats for iface rmnet0
E/SystemPlayer( 4247): mFullScreenOnClickListener-->width=0;height=0
E/SystemPlayer( 4247): mFullScreenOnClickListener-->width=0;height=0
E/SystemPlayer( 4247): mFullScreenOnClickListener-->width=0;height=0
E/SystemPlayer( 4247): mFullScreenOnClickListener-->width=0;height=0
E/SystemPlayer( 4247): mFullScreenOnClickListener-->width=0;height=0
E/SystemPlayer( 4247): mFullScreenOnClickListener-->width=0;height=0
D/dalvikvm( 5027): GC_CONCURRENT freed 260K, 5% free 6663K/6983K, paused 3ms+33ms
D/PowerManagerService( 188): @PowerManagement: Auto-sleep timeout
D/PicasaSyncManager( 4983): reject MetadataSyncTask (***********************) because downsync is disabled
D/dalvikvm( 5000): GC_CONCURRENT freed 109K, 3% free 7286K/7495K, paused 7ms+7ms
D/Finsky ( 5000): [1] 5.onFinished: Installation state replication succeeded.
I/ActivityManager( 188): No longer want com.asus.cm (pid 4320): hidden #16
D/WindowManager( 188): adjustConfigurationLw, config:{1.0 0mcc0mnc (no locale) layoutdir=0 sw800dp w1280dp h752dp xlrg land ?uimode ?night finger -keyb/v/h -nav/v} mLidOpen:-1 mHasDockFeature:true mHasHallSensorFeature:true config.hardKeyboardHidden:2
D/AlarmManager( 188): Triggered Alarm 417d5a80 ELAPSED_REALTIME_WAKEUP IntentSender{41699f38: PendingIntentRecord{418747a0 com.google.android.gsf broadcastIntent}}
I/GTalkService/c( 372): [AndroidEndpoint@1091713816] connect: acct=1000000, state=CONNECTING
I/GTalkService/c( 372): [GTalkConnection@1091753608] connect: acct=1, state=CONNECTING
E/SystemPlayer( 4247): mFullScreenOnClickListener-->width=0;height=0
E/SystemPlayer( 4247): mFullScreenOnClickListener-->width=0;height=0
E/SystemPlayer( 4247): mFullScreenOnClickListener-->width=0;height=0
E/SystemPlayer( 4247): mFullScreenOnClickListener-->width=0;height=0
E/SystemPlayer( 4247): mFullScreenOnClickListener-->width=0;height=0
E/SystemPlayer( 4247): mFullScreenOnClickListener-->width=0;height=0
E/SystemPlayer( 4247): mFullScreenOnClickListener-->width=0;height=0
E/SystemPlayer( 4247): mFullScreenOnClickListener-->width=0;height=0
E/SystemPlayer( 4247): mFullScreenOnClickListener-->width=0;height=0
E/SystemPlayer( 4247): mFullScreenOnClickListener-->width=0;height=0
E/SystemPlayer( 4247): mFullScreenOnClickListener-->width=0;height=0
E/SystemPlayer( 4247): mFullScreenOnClickListener-->width=0;height=0
E/SystemPlayer( 4247): mFullScreenOnClickListener-->width=0;height=0
E/SystemPlayer( 4247): mFullScreenOnClickListener-->width=0;height=0
E/SystemPlayer( 4247): mFullScreenOnClickListener-->width=0;height=0
E/SystemPlayer( 4247): mFullScreenOnClickListener-->width=0;height=0
E/SystemPlayer( 4247): mFullScreenOnClickListener-->width=0;height=0
E/SystemPlayer( 4247): mFullScreenOnClickListener-->width=0;height=0
E/GTalkService( 372): connectionClosed: no XMPPConnection - That's strange!
D/AlarmManager( 188): Added alarm Alarm{41736210 type 2 com.google.android.gsf} type:ELAPSED_REALTIME_WAKEUP when: After 0h:4m:59.0s
E/SystemPlayer( 4247): mFullScreenOnClickListener-->width=0;height=0
E/SystemPlayer( 4247): mFullScreenOnClickListener-->width=0;height=0
E/SystemPlayer( 4247): mFullScreenOnClickListener-->width=0;height=0
E/SystemPlayer( 4247): mFullScreenOnClickListener-->width=0;height=0
E/SystemPlayer( 4247): mFullScreenOnClickListener-->width=0;height=0
E/SystemPlayer( 4247): mFullScreenOnClickListener-->width=0;height=0
D/dalvikvm( 372): GC_CONCURRENT freed 350K, 8% free 7944K/8583K, paused 6ms+11ms
E/GTalkService( 372): connectionClosed: no XMPPConnection - That's strange!
E/SystemPlayer( 4247): mFullScreenOnClickListener-->width=0;height=0
E/SystemPlayer( 4247): mFullScreenOnClickListener-->width=0;height=0
E/SystemPlayer( 4247): mFullScreenOnClickListener-->width=0;height=0
E/SystemPlayer( 4247): mFullScreenOnClickListener-->width=0;height=0
E/SystemPlayer( 4247): mFullScreenOnClickListener-->width=0;height=0
E/SystemPlayer( 4247): mFullScreenOnClickListener-->width=0;height=0
E/SystemPlayer( 4247): mFullScreenOnClickListener-->width=0;height=0
E/SystemPlayer( 4247): mFullScreenOnClickListener-->width=0;height=0
E/SystemPlayer( 4247): mFullScreenOnClickListener-->width=0;height=0
E/SystemPlayer( 4247): mFullScreenOnClickListener-->width=0;height=0
E/SystemPlayer( 4247): mFullScreenOnClickListener-->width=0;height=0
E/SystemPlayer( 4247): mFullScreenOnClickListener-->width=0;height=0
D/ConnectivityService( 188): handleInetConditionHoldEnd: net=1, condition=0, published condition=0
E/SystemPlayer( 4247): mFullScreenOnClickListener-->width=0;height=0
E/SystemPlayer( 4247): mFullScreenOnClickListener-->width=0;height=0
E/SystemPlayer( 4247): mFullScreenOnClickListener-->width=0;height=0
E/SystemPlayer( 4247): mFullScreenOnClickListener-->width=0;height=0
E/SystemPlayer( 4247): mFullScreenOnClickListener-->width=0;height=0
E/SystemPlayer( 4247): mFullScreenOnClickListener-->width=0;height=0
D/AlarmManager( 188): Triggered Alarm 4169d270 RTC_WAKEUP IntentSender{415e40a8: PendingIntentRecord{416df758 com.asus.cm broadcastIntent}}
I/ActivityManager( 188): Start proc com.asus.cm for broadcast com.asus.cm/.push.PushControlReceiver: pid=5085 uid=1000 gids={3003, 1015, 3002, 3001, 3007}
D/CMC->CMConfig( 5085): DMConfig.init()
D/CMC->CMConfig( 5085): mFumoHandlerName=DefaultFumoHandler
D/CMC->CMConfig( 5085): allowShowMoreInfoOnError=false
D/CMC->CMConfig( 5085): allowFotaPolling=true
D/CMC->PushControlReceiver( 5085): connected -> start server
D/CMC->PushService( 5085): ============== PushService.onStartCommand() ==============
D/CMC->UniqueId( 5085): get cached uniqueID
W/ActivityThread( 5085): ClassLoader.getResources: The class loader returned by Thread.getContextClassLoader() may fail for processes that host multiple applications. You should explicitly specify a context class loader. For example: Thread.setContextClassLoader(getClass().getClassLoader());
E/SystemPlayer( 4247): mFullScreenOnClickListener-->width=0;height=0
E/SystemPlayer( 4247): mFullScreenOnClickListener-->width=0;height=0
E/SystemPlayer( 4247): mFullScreenOnClickListener-->width=0;height=0
E/SystemPlayer( 4247): mFullScreenOnClickListener-->width=0;height=0
E/SystemPlayer( 4247): mFullScreenOnClickListener-->width=0;height=0
E/SystemPlayer( 4247): mFullScreenOnClickListener-->width=0;height=0
E/CMC->TaskConnection( 5085): execute TaskConnection but get IOException: failed to connect to mdmnotify1.asus.com/10.0.0.1 (port 9000): connect failed: ENETUNREACH (Network is unreachable)
E/CMC->NioClient3( 5085): NioClient thread get exception e: execute TaskConnection but get IOException
D/CMC->PushService( 5085): ============== PushService.onDestroy() ==============
D/CMC->PushUtil( 5085): State.CONNECTED
D/CMC->PushControlReceiver( 5085): set retry
D/CMC->UniqueId( 5085): get cached uniqueID
D/AlarmManager( 188): Added alarm Alarm{41874be8 type 0 com.asus.cm} type:RTC_WAKEUP when: At 3/17/12 9:34 PM
I/ActivityManager( 188): No longer want com.facebook.katana (pid 3106): hidden #16
D/WindowManager( 188): adjustConfigurationLw, config:{1.0 0mcc0mnc (no locale) layoutdir=0 sw800dp w1280dp h752dp xlrg land ?uimode ?night finger -keyb/v/h -nav/v} mLidOpen:-1 mHasDockFeature:true mHasHallSensorFeature:true config.hardKeyboardHidden:2
E/SystemPlayer( 4247): mFullScreenOnClickListener-->width=0;height=0
E/SystemPlayer( 4247): mFullScreenOnClickListener-->width=0;height=0
E/SystemPlayer( 4247): mFullScreenOnClickListener-->width=0;height=0
E/SystemPlayer( 4247): mFullScreenOnClickListener-->width=0;height=0
E/SystemPlayer( 4247): mFullScreenOnClickListener-->width=0;height=0
E/SystemPlayer( 4247): mFullScreenOnClickListener-->width=0;height=0
D/dalvikvm( 188): GC_FOR_ALLOC freed 771K, 13% free 13422K/15303K, paused 163ms
D/AlarmManager( 188): Triggered Alarm 41736210 ELAPSED_REALTIME_WAKEUP IntentSender{416b7200: PendingIntentRecord{418747a0 com.google.android.gsf broadcastIntent}}
I/GTalkService/c( 372): [AndroidEndpoint@1091713816] connect: acct=1000000, state=CONNECTING
I/GTalkService/c( 372): [GTalkConnection@1091753608] connect: acct=1, state=CONNECTING
E/GTalkService( 372): connectionClosed: no XMPPConnection - That's strange!
D/AlarmManager( 188): Added alarm Alarm{4139dd58 type 2 com.google.android.gsf} type:ELAPSED_REALTIME_WAKEUP when: After 0h:4m:59.0s
E/GTalkService( 372): connectionClosed: no XMPPConnection - That's strange!
E/SystemPlayer( 4247): mFullScreenOnClickListener-->width=0;height=0
E/SystemPlayer( 4247): mFullScreenOnClickListener-->width=0;height=0
E/SystemPlayer( 4247): mFullScreenOnClickListener-->width=0;height=0
E/SystemPlayer( 4247): mFullScreenOnClickListener-->width=0;height=0
E/SystemPlayer( 4247): mFullScreenOnClickListener-->width=0;height=0
E/SystemPlayer( 4247): mFullScreenOnClickListener-->width=0;height=0
E/SystemPlayer( 4247): mFullScreenOnClickListener-->width=0;height=0
E/SystemPlayer( 4247): mFullScreenOnClickListener-->width=0;height=0
E/SystemPlayer( 4247): mFullScreenOnClickListener-->width=0;height=0
E/SystemPlayer( 4247): mFullScreenOnClickListener-->width=0;height=0
E/SystemPlayer( 4247): mFullScreenOnClickListener-->width=0;height=0
E/SystemPlayer( 4247): mFullScreenOnClickListener-->width=0;height=0
E/SystemPlayer( 4247): mFullScreenOnClickListener-->width=0;height=0
E/SystemPlayer( 4247): mFullScreenOnClickListener-->width=0;height=0
E/SystemPlayer( 4247): mFullScreenOnClickListener-->width=0;height=0
E/SystemPlayer( 4247): mFullScreenOnClickListener-->width=0;height=0
E/SystemPlayer( 4247): mFullScreenOnClickListener-->width=0;height=0
E/SystemPlayer( 4247): mFullScreenOnClickListener-->width=0;height=0
D/ConnectivityService( 188): handleInetConditionHoldEnd: net=1, condition=0, published condition=0
E/SystemPlayer( 4247): mFullScreenOnClickListener-->width=0;height=0
E/SystemPlayer( 4247): mFullScreenOnClickListener-->width=0;height=0
E/SystemPlayer( 4247): mFullScreenOnClickListener-->width=0;height=0
E/SystemPlayer( 4247): mFullScreenOnClickListener-->width=0;height=0
E/SystemPlayer( 4247): mFullScreenOnClickListener-->width=0;height=0
E/SystemPlayer( 4247): mFullScreenOnClickListener-->width=0;height=0
D/AlarmManager( 188): Triggered Alarm 416bc688 RTC_WAKEUP IntentSender{416826d8: PendingIntentRecord{416ca5f8 com.facebook.katana startService}}
I/ActivityManager( 188): Start proc com.facebook.katana for service com.facebook.katana/.service.FacebookService: pid=5106 uid=10073 gids={3003, 1015}
I/dalvikvm( 5106): Turning on JNI app bug workarounds for target SDK version 7...
D/dalvikvm( 108): GC_EXPLICIT freed 38K, 5% free 6485K/6787K, paused 4ms+15ms
D/dalvikvm( 108): GC_EXPLICIT freed <1K, 5% free 6485K/6787K, paused 4ms+15ms
D/dalvikvm( 108): GC_EXPLICIT freed <1K, 5% free 6485K/6787K, paused 4ms+15ms
D/dalvikvm( 5106): GC_CONCURRENT freed 171K, 4% free 6819K/7047K, paused 6ms+5ms
I/ActivityThread( 5106): Pub com.facebook.katana.provider.LoggingProvider: com.facebook.katana.provider.LoggingProvider
I/ActivityThread( 5106): Pub com.facebook.katana.provider.NotificationsProvider: com.facebook.katana.provider.NotificationsProvider
I/ActivityThread( 5106): Pub com.facebook.katana.provider.KeyValueProvider: com.facebook.katana.provider.KeyValueProvider
I/ActivityThread( 5106): Pub com.facebook.katana.provider.ChatHistoryProvider: com.facebook.katana.provider.ChatHistoryProvider
I/ActivityThread( 5106): Pub com.facebook.katana.provider.CacheProvider: com.facebook.katana.provider.CacheProvider
I/ActivityThread( 5106): Pub com.facebook.katana.provider.UserValuesProvider: com.facebook.katana.provider.UserValuesProvider
I/ActivityThread( 5106): Pub com.facebook.katana.provider.PagesProvider: com.facebook.katana.provider.PagesProvider
I/ActivityThread( 5106): Pub com.facebook.katana.provider.MailboxProvider: com.facebook.katana.provider.MailboxProvider
I/ActivityThread( 5106): Pub com.facebook.katana.provider.UserStatusesProvider: com.facebook.katana.provider.UserStatusesProvider
I/ActivityThread( 5106): Pub com.facebook.katana.provider.PhotosProvider: com.facebook.katana.provider.PhotosProvider
I/ActivityThread( 5106): Pub com.facebook.katana.provider.EventsProvider: com.facebook.katana.provider.EventsProvider
I/ActivityThread( 5106): Pub com.facebook.katana.provider.ConnectionsProvider: com.facebook.katana.provider.ConnectionsProvider
D/ACRA ( 5106): Retrieve application default SharedPreferences.
D/ACRA ( 5106): Set OnSharedPreferenceChangeListener.
D/ACRA ( 5106): ACRA is enabled for com.facebook.katana, intializing...
E/SystemPlayer( 4247): mFullScreenOnClickListener-->width=0;height=0
E/SystemPlayer( 4247): mFullScreenOnClickListener-->width=0;height=0
E/SystemPlayer( 4247): mFullScreenOnClickListener-->width=0;height=0
E/SystemPlayer( 4247): mFullScreenOnClickListener-->width=0;height=0
E/SystemPlayer( 4247): mFullScreenOnClickListener-->width=0;height=0
E/SystemPlayer( 4247): mFullScreenOnClickListener-->width=0;height=0
D/ACRA ( 5106): Looking for error files in /data/data/com.facebook.katana/app_acra-reports
D/dalvikvm( 5106): GC_CONCURRENT freed 293K, 5% free 7081K/7431K, paused 6ms+9ms
D/AlarmManager( 188): Added alarm Alarm{415e78b8 type 0 com.facebook.katana} type:RTC_WAKEUP when: At 3/17/12 8:19 PM
D/AlarmManager( 188): Added alarm Alarm{4139b4f8 type 0 com.facebook.katana} type:RTC_WAKEUP when: At 3/17/12 8:19 PM
D/dalvikvm( 5106): GC_CONCURRENT freed 317K, 6% free 7254K/7687K, paused 7ms+9ms
E/SystemPlayer( 4247): mFullScreenOnClickListener-->width=0;height=0
E/SystemPlayer( 4247): mFullScreenOnClickListener-->width=0;height=0
E/SystemPlayer( 4247): mFullScreenOnClickListener-->width=0;height=0
E/SystemPlayer( 4247): mFullScreenOnClickListener-->width=0;height=0
E/SystemPlayer( 4247): mFullScreenOnClickListener-->width=0;height=0
E/SystemPlayer( 4247): mFullScreenOnClickListener-->width=0;height=0
D/AlarmManager( 188): Triggered Alarm 415e78b8 RTC_WAKEUP IntentSender{413943a8: PendingIntentRecord{415eecb0 com.facebook.katana startService}}
E/SystemPlayer( 4247): mFullScreenOnClickListener-->width=0;height=0
E/SystemPlayer( 4247): mFullScreenOnClickListener-->width=0;height=0
E/SystemPlayer( 4247): mFullScreenOnClickListener-->width=0;height=0
E/SystemPlayer( 4247): mFullScreenOnClickListener-->width=0;height=0
E/SystemPlayer( 4247): mFullScreenOnClickListener-->width=0;height=0
E/SystemPlayer( 4247): mFullScreenOnClickListener-->width=0;height=0
E/SystemPlayer( 4247): mFullScreenOnClickListener-->width=0;height=0
E/SystemPlayer( 4247): mFullScreenOnClickListener-->width=0;height=0
E/SystemPlayer( 4247): mFullScreenOnClickListener-->width=0;height=0
E/SystemPlayer( 4247): mFullScreenOnClickListener-->width=0;height=0
E/SystemPlayer( 4247): mFullScreenOnClickListener-->width=0;height=0
E/SystemPlayer( 4247): mFullScreenOnClickListener-->width=0;height=0
E/SystemPlayer( 4247): mFullScreenOnClickListener-->width=0;height=0
E/SystemPlayer( 4247): mFullScreenOnClickListener-->width=0;height=0
E/SystemPlayer( 4247): mFullScreenOnClickListener-->width=0;height=0
E/SystemPlayer( 4247): mFullScreenOnClickListener-->width=0;height=0
E/SystemPlayer( 4247): mFullScreenOnClickListener-->width=0;height=0
E/SystemPlayer( 4247): mFullScreenOnClickListener-->width=0;height=0
E/SystemPlayer( 4247): mFullScreenOnClickListener-->width=0;height=0
E/SystemPlayer( 4247): mFullScreenOnClickListener-->width=0;height=0
E/SystemPlayer( 4247): mFullScreenOnClickListener-->width=0;height=0
E/SystemPlayer( 4247): mFullScreenOnClickListener-->width=0;height=0
E/SystemPlayer( 4247): mFullScreenOnClickListener-->width=0;height=0
E/SystemPlayer( 4247): mFullScreenOnClickListener-->width=0;height=0
E/SystemPlayer( 4247): mFullScreenOnClickListener-->width=0;height=0
E/SystemPlayer( 4247): mFullScreenOnClickListener-->width=0;height=0
E/SystemPlayer( 4247): mFullScreenOnClickListener-->width=0;height=0
E/SystemPlayer( 4247): mFullScreenOnClickListener-->width=0;height=0
E/SystemPlayer( 4247): mFullScreenOnClickListener-->width=0;height=0
E/SystemPlayer( 4247): mFullScreenOnClickListener-->width=0;height=0
E/SystemPlayer( 4247): mFullScreenOnClickListener-->width=0;height=0
E/SystemPlayer( 4247): mFullScreenOnClickListener-->width=0;height=0
