D/vlc ( 5847): Using stream method for AStream*
D/vlc ( 5847): starting pre-buffering
D/vlc ( 5847): received first data after 0 ms
D/vlc ( 5847): pre-buffering done 1024 bytes in 0s - 3968 KiB/s
D/vlc ( 5847): looking for stream_filter module: 7 candidates
D/vlc ( 5847): no stream_filter module matching "any" could be loaded
D/vlc ( 5847): looking for stream_filter module: 0 candidates
D/vlc ( 5847): no stream_filter module matched "stream_filter_record"
D/vlc ( 5847): creating demux: access='file' demux='' location='/mnt/sdcard/Music/01%20Orpheum_The%20Passion.mp3' file='/mnt/sdcard/Music/01 Orpheum_The Passion.mp3'
D/vlc ( 5847): ID3v2.2 revision 0 tag found, skipping 280735 bytes
D/vlc ( 5847): looking for demux module: 48 candidates
D/vlc ( 5847): detected format mpga
D/vlc ( 5847): looking for packetizer module: 19 candidates
D/vlc ( 5847): using packetizer module "mpeg_audio"
D/vlc ( 5847): MPGA channels:2 samplerate:44100 bitrate:192
D/vlc ( 5847): selecting program id=0
D/vlc ( 5847): using demux module "es"
D/vlc ( 5847): looking for a subtitle file in /mnt/sdcard/Music
D/vlc ( 5847): looking for decoder module: 24 candidates
D/vlc ( 5847): libavcodec already initialized
D/vlc ( 5847): ffmpeg codec (MPEG Audio layer 1/2/3) started
D/vlc ( 5847): Using 192000 bytes output buffer
D/vlc ( 5847): using decoder module "avcodec"
D/vlc ( 5847): looking for meta reader module: 1 candidate
D/vlc ( 5847): Found embedded art: 0 (image/jpeg) is 269993 bytes
D/vlc ( 5847): using meta reader module "taglib"
D/vlc ( 5847): removing module "taglib"
D/vlc ( 5847): `file:///mnt/sdcard/Music/01%20Orpheum_The%20Passion.mp3' successfully opened
D/vlc ( 5847): removing module "avcodec"
D/vlc ( 5847): ffmpeg codec (MPEG Audio layer 1/2/3) stopped
D/vlc ( 5847): killing decoder fourcc `mpga', 0 PES in FIFO
D/vlc ( 5847): removing module "es"
D/vlc ( 5847): removing module "mpeg_audio"
D/vlc ( 5847): removing module "filesystem"
D/vlc ( 5847): Program doesn't contain anymore ES
D/vlc ( 5847): Destroying the input for 'The Passion'
D/vlc ( 5847): Creating an input for '01 Orpheum_The Passion.mp3'
D/vlc ( 5847): looking for meta fetcher module: 0 candidates
D/vlc ( 5847): no meta fetcher module matched "any"
D/vlc ( 5847): searching art for 01 Orpheum_The Passion.mp3
D/vlc ( 5847): looking for art finder module: 1 candidate
D/vlc ( 5847): no art finder module matching "any" could be loaded
D/vlc ( 5847): art not found for 01 Orpheum_The Passion.mp3
D/VLC/MediaItem( 5847): Artist Orpheum
D/VLC/MediaItem( 5847): Album The Passion
D/VLC/MediaItem( 5847): Title The Passion
D/VLC/MediaItem( 5847): Genre Electronic
D/vlc ( 5847): no fetch required for The Passion (art currently attachment://0)
D/vlc ( 5847): Creating an input for '01 Passion Crew_Sensual Sax.mp3'
D/vlc ( 5847): looking for meta fetcher module: 0 candidates
D/vlc ( 5847): no meta fetcher module matched "any"
D/vlc ( 5847): searching art for 01 Passion Crew_Sensual Sax.mp3
D/vlc ( 5847): looking for art finder module: 1 candidate
D/vlc ( 5847): no art finder module matching "any" could be loaded
D/vlc ( 5847): art not found for 01 Passion Crew_Sensual Sax.mp3
E/vlc ( 5847): option logo-x does not exist
D/vlc ( 5847): no fetch required for Sensual Sax (art currently attachment://0)
E/vlc ( 5847): option logo-y does not exist
E/vlc ( 5847): option logo-delay does not exist
E/vlc ( 5847): option logo-repeat does not exist
E/vlc ( 5847): option logo-opacity does not exist
E/vlc ( 5847): option logo-position does not exist
D/vlc ( 5847): Creating an input for '01 Passion Crew_Sensual Sax.mp3'
D/vlc ( 5847): using timeshift granularity of 50 MiB, in path '/tmp'
D/vlc ( 5847): `file:///mnt/sdcard/Music/01%20Passion%20Crew_Sensual%20Sax.mp3' gives access `file' demux `' path `/mnt/sdcard/Music/01%20Passion%20Crew_Sensual%20Sax.mp3'
D/vlc ( 5847): creating demux: access='file' demux='' location='/mnt/sdcard/Music/01%20Passion%20Crew_Sensual%20Sax.mp3' file='/mnt/sdcard/Music/01 Passion Crew_Sensual Sax.mp3'
D/vlc ( 5847): looking for access_demux module: 0 candidates
D/vlc ( 5847): no access_demux module matched "file"
D/vlc ( 5847): creating access 'file' location='/mnt/sdcard/Music/01%20Passion%20Crew_Sensual%20Sax.mp3', path='/mnt/sdcard/Music/01 Passion Crew_Sensual Sax.mp3'
D/vlc ( 5847): looking for access module: 2 candidates
D/vlc ( 5847): opening file `/mnt/sdcard/Music/01 Passion Crew_Sensual Sax.mp3'
D/vlc ( 5847): using access module "filesystem"
D/vlc ( 5847): Using stream method for AStream*
D/vlc ( 5847): starting pre-buffering
D/vlc ( 5847): received first data after 0 ms
D/vlc ( 5847): pre-buffering done 1024 bytes in 0s - 4201 KiB/s
D/vlc ( 5847): looking for stream_filter module: 7 candidates
D/vlc ( 5847): no stream_filter module matching "any" could be loaded
D/vlc ( 5847): looking for stream_filter module: 0 candidates
D/vlc ( 5847): no stream_filter module matched "stream_filter_record"
D/vlc ( 5847): creating demux: access='file' demux='' location='/mnt/sdcard/Music/01%20Passion%20Crew_Sensual%20Sax.mp3' file='/mnt/sdcard/Music/01 Passion Crew_Sensual Sax.mp3'
D/vlc ( 5847): ID3v2.2 revision 0 tag found, skipping 1009314 bytes
D/vlc ( 5847): looking for demux module: 48 candidates
D/vlc ( 5847): detected format mpga
D/vlc ( 5847): looking for packetizer module: 19 candidates
D/vlc ( 5847): using packetizer module "mpeg_audio"
D/vlc ( 5847): MPGA channels:2 samplerate:44100 bitrate:192
D/vlc ( 5847): selecting program id=0
D/vlc ( 5847): using demux module "es"
D/vlc ( 5847): looking for a subtitle file in /mnt/sdcard/Music
D/vlc ( 5847): looking for decoder module: 24 candidates
D/vlc ( 5847): libavcodec already initialized
D/vlc ( 5847): ffmpeg codec (MPEG Audio layer 1/2/3) started
D/vlc ( 5847): Using 192000 bytes output buffer
D/vlc ( 5847): using decoder module "avcodec"
D/vlc ( 5847): looking for meta reader module: 1 candidate
D/vlc ( 5847): Found embedded art: 0 (image/jpeg) is 998547 bytes
D/vlc ( 5847): using meta reader module "taglib"
D/vlc ( 5847): removing module "taglib"
D/vlc ( 5847): `file:///mnt/sdcard/Music/01%20Passion%20Crew_Sensual%20Sax.mp3' successfully opened
D/vlc ( 5847): removing module "avcodec"
D/vlc ( 5847): ffmpeg codec (MPEG Audio layer 1/2/3) stopped
D/vlc ( 5847): killing decoder fourcc `mpga', 0 PES in FIFO
D/vlc ( 5847): removing module "es"
D/vlc ( 5847): removing module "mpeg_audio"
D/vlc ( 5847): removing module "filesystem"
D/vlc ( 5847): Program doesn't contain anymore ES
D/vlc ( 5847): Destroying the input for 'Sensual Sax'
D/vlc ( 5847): Creating an input for '01 Passion Crew_Sensual Sax.mp3'
D/vlc ( 5847): looking for meta fetcher module: 0 candidates
D/vlc ( 5847): no meta fetcher module matched "any"
D/vlc ( 5847): searching art for 01 Passion Crew_Sensual Sax.mp3
D/vlc ( 5847): looking for art finder module: 1 candidate
D/vlc ( 5847): no art finder module matching "any" could be loaded
D/vlc ( 5847): art not found for 01 Passion Crew_Sensual Sax.mp3
D/VLC/MediaItem( 5847): Artist Passion Crew
D/VLC/MediaItem( 5847): Album Wheels Of Love
D/VLC/MediaItem( 5847): Title Sensual Sax
D/VLC/MediaItem( 5847): Genre Pop
D/vlc ( 5847): no fetch required for Sensual Sax (art currently attachment://0)
D/vlc ( 5847): looking for meta fetcher module: 0 candidates
D/vlc ( 5847): no meta fetcher module matched "any"
D/vlc ( 5847): searching art for 02 Classic Orchestra_Largo.mp3
D/vlc ( 5847): looking for art finder module: 1 candidate
D/vlc ( 5847): Creating an input for '02 Classic Orchestra_Largo.mp3'
D/vlc ( 5847): no art finder module matching "any" could be loaded
D/vlc ( 5847): art not found for 02 Classic Orchestra_Largo.mp3
E/vlc ( 5847): option logo-x does not exist
E/vlc ( 5847): option logo-y does not exist
E/vlc ( 5847): option logo-delay does not exist
E/vlc ( 5847): option logo-repeat does not exist
E/vlc ( 5847): option logo-opacity does not exist
E/vlc ( 5847): option logo-position does not exist
D/vlc ( 5847): Creating an input for '02 Classic Orchestra_Largo.mp3'
D/vlc ( 5847): no fetch required for Guitar Concert Largo (art currently attachment://0)
D/vlc ( 5847): using timeshift granularity of 50 MiB, in path '/tmp'
D/vlc ( 5847): `file:///mnt/sdcard/Music/02%20Classic%20Orchestra_Largo.mp3' gives access `file' demux `' path `/mnt/sdcard/Music/02%20Classic%20Orchestra_Largo.mp3'
D/vlc ( 5847): creating demux: access='file' demux='' location='/mnt/sdcard/Music/02%20Classic%20Orchestra_Largo.mp3' file='/mnt/sdcard/Music/02 Classic Orchestra_Largo.mp3'
D/vlc ( 5847): looking for access_demux module: 0 candidates
D/vlc ( 5847): no access_demux module matched "file"
D/vlc ( 5847): creating access 'file' location='/mnt/sdcard/Music/02%20Classic%20Orchestra_Largo.mp3', path='/mnt/sdcard/Music/02 Classic Orchestra_Largo.mp3'
D/vlc ( 5847): looking for access module: 2 candidates
D/vlc ( 5847): opening file `/mnt/sdcard/Music/02 Classic Orchestra_Largo.mp3'
D/vlc ( 5847): using access module "filesystem"
D/vlc ( 5847): Using stream method for AStream*
D/vlc ( 5847): starting pre-buffering
D/vlc ( 5847): received first data after 0 ms
D/vlc ( 5847): pre-buffering done 1024 bytes in 0s - 4115 KiB/s
D/vlc ( 5847): looking for stream_filter module: 7 candidates
D/vlc ( 5847): no stream_filter module matching "any" could be loaded
D/vlc ( 5847): looking for stream_filter module: 0 candidates
D/vlc ( 5847): no stream_filter module matched "stream_filter_record"
D/vlc ( 5847): creating demux: access='file' demux='' location='/mnt/sdcard/Music/02%20Classic%20Orchestra_Largo.mp3' file='/mnt/sdcard/Music/02 Classic Orchestra_Largo.mp3'
D/vlc ( 5847): ID3v2.2 revision 0 tag found, skipping 428209 bytes
D/vlc ( 5847): looking for demux module: 48 candidates
D/vlc ( 5847): detected format mpga
D/vlc ( 5847): looking for packetizer module: 19 candidates
D/vlc ( 5847): using packetizer module "mpeg_audio"
D/vlc ( 5847): MPGA channels:2 samplerate:44100 bitrate:192
D/vlc ( 5847): selecting program id=0
D/vlc ( 5847): using demux module "es"
D/vlc ( 5847): looking for a subtitle file in /mnt/sdcard/Music
D/vlc ( 5847): looking for decoder module: 24 candidates
D/vlc ( 5847): libavcodec already initialized
D/vlc ( 5847): ffmpeg codec (MPEG Audio layer 1/2/3) started
D/vlc ( 5847): Using 192000 bytes output buffer
D/vlc ( 5847): using decoder module "avcodec"
D/vlc ( 5847): looking for meta reader module: 1 candidate
D/vlc ( 5847): Found embedded art: 0 (image/jpeg) is 417189 bytes
D/vlc ( 5847): using meta reader module "taglib"
D/vlc ( 5847): removing module "taglib"
D/vlc ( 5847): `file:///mnt/sdcard/Music/02%20Classic%20Orchestra_Largo.mp3' successfully opened
D/vlc ( 5847): removing module "avcodec"
D/vlc ( 5847): ffmpeg codec (MPEG Audio layer 1/2/3) stopped
D/vlc ( 5847): killing decoder fourcc `mpga', 0 PES in FIFO
D/vlc ( 5847): removing module "es"
D/vlc ( 5847): removing module "mpeg_audio"
D/vlc ( 5847): removing module "filesystem"
D/vlc ( 5847): Program doesn't contain anymore ES
D/vlc ( 5847): Destroying the input for 'Guitar Concert Largo'
D/vlc ( 5847): Creating an input for '02 Classic Orchestra_Largo.mp3'
D/vlc ( 5847): looking for meta fetcher module: 0 candidates
D/vlc ( 5847): no meta fetcher module matched "any"
D/vlc ( 5847): searching art for 02 Classic Orchestra_Largo.mp3
D/vlc ( 5847): looking for art finder module: 1 candidate
D/vlc ( 5847): no art finder module matching "any" could be loaded
D/vlc ( 5847): art not found for 02 Classic Orchestra_Largo.mp3
D/VLC/MediaItem( 5847): Artist Classic Orchestra
D/VLC/MediaItem( 5847): Album Popular Classix
D/VLC/MediaItem( 5847): Title Guitar Concert Largo
D/VLC/MediaItem( 5847): Genre Classical
D/vlc ( 5847): no fetch required for Guitar Concert Largo (art currently attachment://0)
D/vlc ( 5847): Creating an input for '06 Buzz Dees_Jaja, Neenee.mp3'
D/vlc ( 5847): looking for meta fetcher module: 0 candidates
D/vlc ( 5847): no meta fetcher module matched "any"
D/vlc ( 5847): searching art for 06 Buzz Dees_Jaja, Neenee.mp3
D/vlc ( 5847): looking for art finder module: 1 candidate
D/vlc ( 5847): no art finder module matching "any" could be loaded
D/vlc ( 5847): art not found for 06 Buzz Dees_Jaja, Neenee.mp3
E/vlc ( 5847): option logo-x does not exist
E/vlc ( 5847): option logo-y does not exist
E/vlc ( 5847): option logo-delay does not exist
E/vlc ( 5847): option logo-repeat does not exist
E/vlc ( 5847): option logo-opacity does not exist
E/vlc ( 5847): option logo-position does not exist
D/vlc ( 5847): Creating an input for '06 Buzz Dees_Jaja, Neenee.mp3'
D/vlc ( 5847): using timeshift granularity of 50 MiB, in path '/tmp'
D/vlc ( 5847): `file:///mnt/sdcard/Music/06%20Buzz%20Dees_Jaja,%20Neenee.mp3' gives access `file' demux `' path `/mnt/sdcard/Music/06%20Buzz%20Dees_Jaja,%20Neenee.mp3'
D/vlc ( 5847): creating demux: access='file' demux='' location='/mnt/sdcard/Music/06%20Buzz%20Dees_Jaja,%20Neenee.mp3' file='/mnt/sdcard/Music/06 Buzz Dees_Jaja, Neenee.mp3'
D/vlc ( 5847): no fetch required for Jaja, Neenee (art currently attachment://0)
D/vlc ( 5847): looking for access_demux module: 0 candidates
D/vlc ( 5847): no access_demux module matched "file"
D/vlc ( 5847): creating access 'file' location='/mnt/sdcard/Music/06%20Buzz%20Dees_Jaja,%20Neenee.mp3', path='/mnt/sdcard/Music/06 Buzz Dees_Jaja, Neenee.mp3'
D/vlc ( 5847): looking for access module: 2 candidates
D/vlc ( 5847): opening file `/mnt/sdcard/Music/06 Buzz Dees_Jaja, Neenee.mp3'
D/vlc ( 5847): using access module "filesystem"
D/vlc ( 5847): Using stream method for AStream*
D/vlc ( 5847): starting pre-buffering
D/vlc ( 5847): received first data after 0 ms
D/vlc ( 5847): pre-buffering done 1024 bytes in 0s - 4366 KiB/s
D/vlc ( 5847): looking for stream_filter module: 7 candidates
D/vlc ( 5847): no stream_filter module matching "any" could be loaded
D/vlc ( 5847): looking for stream_filter module: 0 candidates
D/vlc ( 5847): no stream_filter module matched "stream_filter_record"
D/vlc ( 5847): creating demux: access='file' demux='' location='/mnt/sdcard/Music/06%20Buzz%20Dees_Jaja,%20Neenee.mp3' file='/mnt/sdcard/Music/06 Buzz Dees_Jaja, Neenee.mp3'
D/vlc ( 5847): ID3v2.2 revision 0 tag found, skipping 113608 bytes
D/vlc ( 5847): looking for demux module: 48 candidates
D/vlc ( 5847): detected format mpga
D/vlc ( 5847): looking for packetizer module: 19 candidates
D/vlc ( 5847): using packetizer module "mpeg_audio"
D/vlc ( 5847): MPGA channels:2 samplerate:44100 bitrate:192
D/vlc ( 5847): selecting program id=0
D/vlc ( 5847): using demux module "es"
D/vlc ( 5847): looking for a subtitle file in /mnt/sdcard/Music
D/vlc ( 5847): looking for decoder module: 24 candidates
D/vlc ( 5847): libavcodec already initialized
D/vlc ( 5847): ffmpeg codec (MPEG Audio layer 1/2/3) started
D/vlc ( 5847): Using 192000 bytes output buffer
D/vlc ( 5847): using decoder module "avcodec"
D/vlc ( 5847): looking for meta reader module: 1 candidate
D/vlc ( 5847): Found embedded art: 0 (image/jpeg) is 102725 bytes
D/vlc ( 5847): using meta reader module "taglib"
D/vlc ( 5847): removing module "taglib"
D/vlc ( 5847): `file:///mnt/sdcard/Music/06%20Buzz%20Dees_Jaja,%20Neenee.mp3' successfully opened
D/vlc ( 5847): removing module "avcodec"
D/vlc ( 5847): ffmpeg codec (MPEG Audio layer 1/2/3) stopped
D/vlc ( 5847): killing decoder fourcc `mpga', 0 PES in FIFO
D/vlc ( 5847): removing module "es"
D/vlc ( 5847): removing module "mpeg_audio"
D/vlc ( 5847): removing module "filesystem"
D/vlc ( 5847): Program doesn't contain anymore ES
D/vlc ( 5847): Destroying the input for 'Jaja, Neenee'
D/vlc ( 5847): Creating an input for '06 Buzz Dees_Jaja, Neenee.mp3'
D/vlc ( 5847): looking for meta fetcher module: 0 candidates
D/vlc ( 5847): no meta fetcher module matched "any"
D/vlc ( 5847): searching art for 06 Buzz Dees_Jaja, Neenee.mp3
D/vlc ( 5847): looking for art finder module: 1 candidate
D/vlc ( 5847): no art finder module matching "any" could be loaded
D/vlc ( 5847): art not found for 06 Buzz Dees_Jaja, Neenee.mp3
D/VLC/MediaItem( 5847): Artist Buzz Dees
D/VLC/MediaItem( 5847): Album Mitkomm
D/VLC/MediaItem( 5847): Title Jaja, Neenee
D/VLC/MediaItem( 5847): Genre Country
D/vlc ( 5847): no fetch required for Jaja, Neenee (art currently attachment://0)
D/AlarmManager( 188): Triggered Alarm 4153eab0 RTC_WAKEUP IntentSender{4134fde0: PendingIntentRecord{4153e280 com.android.vending startService}}
D/dalvikvm( 5714): GC_CONCURRENT freed 107K, 3% free 7274K/7495K, paused 2ms+2ms
D/Finsky ( 5714): [1] 5.onFinished: Installation state replication succeeded.
I/ActivityManager( 188): No longer want com.asus.keyboard (pid 4119): hidden #16
W/ActivityManager( 188): Scheduling restart of crashed service com.asus.keyboard/.KeyboardService in 5000ms
I/HK/LatinKeyboardBaseView( 418): closing org.pocketworkstation.pckeyboard.LatinKeyboardView@415ec2d8
I/Sensors ( 188): **** Motion ****
D/dalvikvm( 5847): GC_CONCURRENT freed 528K, 9% free 7441K/8135K, paused 2ms+2ms
I/ActivityManager( 188): Start proc com.asus.keyboard for service com.asus.keyboard/.KeyboardService: pid=5931 uid=1000 gids={3003, 1015, 3002, 3001, 3007}
E/ ( 5931): fail to touchpad on
D/TextView( 5847): Constructor - Got Res id for appearance for textColorPrimaryInverse
W/ResourceType( 5847): Skipping entry 0x1060003 in package table 0 because it is not complex!
D/TextView( 5847): Constructor - Got appearance for textColorPrimaryInverse
D/TextView( 5847): Constructor -- Got mEditTextBackgroundColor
I/ActivityManager( 188): Start proc com.google.android.inputmethod.latin for service com.google.android.inputmethod.latin/com.android.inputmethod.latin.spellcheck.AndroidSpellCheckerService: pid=5944 uid=10045 gids={}
I/HK/LatinKeyboardBaseView( 418): closing org.pocketworkstation.pckeyboard.LatinKeyboardView@415ec2d8
I/HK/LatinKeyboardBaseView( 418): closing org.pocketworkstation.pckeyboard.LatinKeyboardView@415ec2d8
I/Sensors ( 188): **** No Motion ****
I/Sensors ( 188): **** Motion ****
I/HK/LatinKeyboardBaseView( 418): Creating new LatinKeyboardBaseView org.pocketworkstation.pckeyboard.LatinKeyboardBaseView@410c7898
I/HK/LatinKeyboardBaseView( 418): closing org.pocketworkstation.pckeyboard.LatinKeyboardBaseView@410c7898
I/ActivityManager( 188): Start proc com.google.android.inputmethod.latin.dictionarypack for content provider com.google.android.inputmethod.latin.dictionarypack/.DictionaryProvider: pid=5967 uid=10082 gids={3003, 1015}
I/ActivityThread( 5967): Pub com.android.inputmethod.latin.dictionarypack: com.google.android.inputmethod.latin.dictionarypack.DictionaryProvider
I/ActivityManager( 188): No longer want android.process.media (pid 5027): hidden #16
D/dalvikvm( 5944): GC_CONCURRENT freed 176K, 4% free 6813K/7047K, paused 2ms+2ms
I/ActivityManager( 188): START {act=android.intent.action.MAIN cat=[android.intent.category.HOME] flg=0x10200000 cmp=com.android.launcher/com.android.launcher2.Launcher} from pid 188
D/dalvikvm( 188): GC_FOR_ALLOC freed 773K, 14% free 13237K/15303K, paused 65ms
D/WindowManager( 188): adjustConfigurationLw, config:{1.0 0mcc0mnc (no locale) layoutdir=0 sw800dp w1280dp h752dp xlrg land ?uimode ?night finger -keyb/v/h -nav/v} mLidOpen:-1 mHasDockFeature:true mHasHallSensorFeature:true config.hardKeyboardHidden:2
D/dalvikvm( 472): GC_CONCURRENT freed 3436K, 45% free 9484K/17095K, paused 3ms+7ms
W/IInputConnectionWrapper( 5847): showStatusIcon on inactive InputConnection
I/HK/LatinKeyboardBaseView( 418): closing org.pocketworkstation.pckeyboard.LatinKeyboardView@415ec2d8
W/IInputConnectionWrapper( 472): clearMetaKeyStates on inactive InputConnection
I/ActivityManager( 188): No longer want com.android.gallery3d (pid 5648): hidden #16
D/QuickSettingsView( 290): onFinishInflate(): check if slider should be shown
V/StatusBar.StereoSepElement( 290): HDMI Display NOT connected
D/QuickSettingsView( 290): onFinishInflate(): set visibility on entire slider element to GONE
V/NvCPLService( 494): handleIntent(): START
V/NvOTAHelper( 494): IsBootEvent(): bIsBootEvent = false
V/NvOTAHelper( 494): IsAlarmWakeupEvent(): bIsAlarmWakeupEvent = false
V/NvCPLService( 494): IsPropSetNeeded(): This is NOT a request to set property NV_STEREOCTRL
V/NvCPLService( 494): IsPropSetNeeded(): This is NOT a request to set property NV_STEREOMETHOD
V/NvCPLService( 494): IsPropSetNeeded(): This is NOT a request to set property NV_STEREOSEP
V/NvCPLService( 494): IsPropSetNeeded(): Need to set property NV_STEREOSEPCHG to 0
D/NvControl_JNI( 494): com_nvidia_NvCPLSvc_setProperty(): START, set NV_STEREOSEPCHG to 0, stateId = 1, size = 1
D/NvControl_JNI( 494): com_nvidia_NvCPLSvc_setProperty(): could set the property.
D/NvControl_JNI( 494): com_nvidia_NvCPLSvc_setProperty(): FINISHED
V/NvCPLService( 494): handleIntent(): END
D/dalvikvm( 188): GC_EXPLICIT freed 251K, 14% free 13167K/15303K, paused 2ms+5ms
I/ActivityManager( 188): START {act=android.settings.SETTINGS flg=0x14000000 cmp=com.android.settings/.Settings} from pid 290
I/ActivityManager( 188): Start proc com.android.settings for activity com.android.settings/.Settings: pid=5995 uid=1000 gids={3003, 1015, 3002, 3001, 3007}
D/WindowManager( 188): adjustConfigurationLw, config:{1.0 0mcc0mnc (no locale) layoutdir=0 sw800dp w1280dp h752dp xlrg land ?uimode ?night finger -keyb/v/h -nav/v} mLidOpen:-1 mHasDockFeature:true mHasHallSensorFeature:true config.hardKeyboardHidden:2
D/OpenGLRenderer( 472): Flushing caches (mode 1)
D/OpenGLRenderer( 472): Flushing caches (mode 0)
D/LocalBluetoothProfileManager( 5995): LocalBluetoothProfileManager construction complete
D/QuickSettingsView( 290): onFinishInflate(): check if slider should be shown
V/StatusBar.StereoSepElement( 290): HDMI Display NOT connected
D/QuickSettingsView( 290): onFinishInflate(): set visibility on entire slider element to GONE
V/NvCPLService( 494): handleIntent(): START
V/NvOTAHelper( 494): IsBootEvent(): bIsBootEvent = false
V/NvOTAHelper( 494): IsAlarmWakeupEvent(): bIsAlarmWakeupEvent = false
V/NvCPLService( 494): IsPropSetNeeded(): This is NOT a request to set property NV_STEREOCTRL
V/NvCPLService( 494): IsPropSetNeeded(): This is NOT a request to set property NV_STEREOMETHOD
V/NvCPLService( 494): IsPropSetNeeded(): This is NOT a request to set property NV_STEREOSEP
V/NvCPLService( 494): IsPropSetNeeded(): Need to set property NV_STEREOSEPCHG to 0
D/NvControl_JNI( 494): com_nvidia_NvCPLSvc_setProperty(): START, set NV_STEREOSEPCHG to 0, stateId = 1, size = 1
D/NvControl_JNI( 494): com_nvidia_NvCPLSvc_setProperty(): could set the property.
D/NvControl_JNI( 494): com_nvidia_NvCPLSvc_setProperty(): FINISHED
V/NvCPLService( 494): handleIntent(): END
D/OpenGLRenderer( 290): Flushing caches (mode 0)
D/dalvikvm( 5995): GC_CONCURRENT freed 158K, 4% free 6816K/7047K, paused 2ms+7ms
D/libEGL ( 5995): loaded /system/lib/egl/libEGL_tegra.so
D/libEGL ( 5995): loaded /system/lib/egl/libGLESv1_CM_tegra.so
D/libEGL ( 5995): loaded /system/lib/egl/libGLESv2_tegra.so
D/OpenGLRenderer( 5995): Enabling debug mode 0
W/IInputConnectionWrapper( 5847): showStatusIcon on inactive InputConnection
W/InputManagerService( 188): Starting input on non-focused client com.android.internal.view.IInputMethodClient$Stub$Proxy@41644a58 (uid=10092 pid=5847)
I/ActivityManager( 188): Displayed com.android.settings/.Settings: +664ms
I/Sensors ( 188): **** No Motion ****
D/AlarmManager( 188): Removed alarm Alarm{41656748 type 2 com.google.android.location} type:ELAPSED_REALTIME_WAKEUP
D/AlarmManager( 188): Added alarm Alarm{41397670 type 2 com.google.android.location} type:ELAPSED_REALTIME_WAKEUP when: After 0h:3m:6.0s
D/AlarmManager( 188): Removed alarm Alarm{4162e6c0 type 2 com.google.android.apps.maps} type:ELAPSED_REALTIME_WAKEUP
D/AlarmManager( 188): Added alarm Alarm{412f7b78 type 2 com.google.android.apps.maps} type:ELAPSED_REALTIME_WAKEUP when: After 596523h:13m:41.0s
D/dalvikvm( 5995): GC_CONCURRENT freed 129K, 3% free 7159K/7367K, paused 2ms+3ms
D/TextView( 5995): Constructor - Got Res id for appearance for textColorPrimaryInverse
W/ResourceType( 5995): Skipping entry 0x106006a in package table 0 because it is not complex!
D/TextView( 5995): Constructor - Got appearance for textColorPrimaryInverse
D/TextView( 5995): Constructor -- Got mEditTextBackgroundColor
W/ResourceType( 5995): getEntry failing because entryIndex 129 is beyond type entryCount 4
D/TextView( 5995): Constructor - Got Res id for appearance for textColorPrimaryInverse
W/ResourceType( 5995): Skipping entry 0x106006a in package table 0 because it is not complex!
D/TextView( 5995): Constructor - Got appearance for textColorPrimaryInverse
D/TextView( 5995): Constructor -- Got mEditTextBackgroundColor
D/TextView( 5995): Constructor - Got Res id for appearance for textColorPrimaryInverse
W/ResourceType( 5995): Skipping entry 0x106006a in package table 0 because it is not complex!
D/TextView( 5995): Constructor - Got appearance for textColorPrimaryInverse
D/TextView( 5995): Constructor -- Got mEditTextBackgroundColor
D/TextView( 5995): Constructor - Got Res id for appearance for textColorPrimaryInverse
W/ResourceType( 5995): Skipping entry 0x106006a in package table 0 because it is not complex!
D/TextView( 5995): Constructor - Got appearance for textColorPrimaryInverse
D/TextView( 5995): Constructor -- Got mEditTextBackgroundColor
D/TextView( 5995): Constructor - Got Res id for appearance for textColorPrimaryInverse
W/ResourceType( 5995): Skipping entry 0x106006a in package table 0 because it is not complex!
D/TextView( 5995): Constructor - Got appearance for textColorPrimaryInverse
D/TextView( 5995): Constructor -- Got mEditTextBackgroundColor
D/TextView( 5995): Constructor - Got Res id for appearance for textColorPrimaryInverse
W/ResourceType( 5995): Skipping entry 0x106006a in package table 0 because it is not complex!
D/TextView( 5995): Constructor - Got appearance for textColorPrimaryInverse
D/TextView( 5995): Constructor -- Got mEditTextBackgroundColor
D/TextView( 5995): Constructor - Got Res id for appearance for textColorPrimaryInverse
W/ResourceType( 5995): Skipping entry 0x106006a in package table 0 because it is not complex!
D/TextView( 5995): Constructor - Got appearance for textColorPrimaryInverse
D/TextView( 5995): Constructor -- Got mEditTextBackgroundColor
D/TextView( 5995): Constructor - Got Res id for appearance for textColorPrimaryInverse
W/ResourceType( 5995): Skipping entry 0x106006a in package table 0 because it is not complex!
D/TextView( 5995): Constructor - Got appearance for textColorPrimaryInverse
D/TextView( 5995): Constructor -- Got mEditTextBackgroundColor
D/TextView( 5995): Constructor - Got Res id for appearance for textColorPrimaryInverse
W/ResourceType( 5995): Skipping entry 0x106006a in package table 0 because it is not complex!
D/TextView( 5995): Constructor - Got appearance for textColorPrimaryInverse
D/TextView( 5995): Constructor -- Got mEditTextBackgroundColor
D/TextView( 5995): Constructor - Got Res id for appearance for textColorPrimaryInverse
W/ResourceType( 5995): Skipping entry 0x106006a in package table 0 because it is not complex!
D/TextView( 5995): Constructor - Got appearance for textColorPrimaryInverse
D/TextView( 5995): Constructor -- Got mEditTextBackgroundColor
D/TextView( 5995): Constructor - Got Res id for appearance for textColorPrimaryInverse
W/ResourceType( 5995): Skipping entry 0x106006a in package table 0 because it is not complex!
D/TextView( 5995): Constructor - Got appearance for textColorPrimaryInverse
D/TextView( 5995): Constructor -- Got mEditTextBackgroundColor
D/TextView( 5995): Constructor - Got Res id for appearance for textColorPrimaryInverse
W/ResourceType( 5995): Skipping entry 0x106006a in package table 0 because it is not complex!
D/TextView( 5995): Constructor - Got appearance for textColorPrimaryInverse
D/TextView( 5995): Constructor -- Got mEditTextBackgroundColor
D/TextView( 5995): Constructor - Got Res id for appearance for textColorPrimaryInverse
W/ResourceType( 5995): Skipping entry 0x106006a in package table 0 because it is not complex!
D/TextView( 5995): Constructor - Got appearance for textColorPrimaryInverse
D/TextView( 5995): Constructor -- Got mEditTextBackgroundColor
I/HK/LatinKeyboardBaseView( 418): closing org.pocketworkstation.pckeyboard.LatinKeyboardView@415ec2d8
D/CommandListener( 104): Clearing all IP addresses on wlan0
I/wpa_supplicant( 416): wlan0: CTRL-EVENT-DISCONNECTED bssid=00:00:00:00:00:00 reason=0
D/AlarmManager( 188): Removed alarm Alarm{415dc670 type 2 android} type:ELAPSED_REALTIME_WAKEUP
D/AlarmManager( 188): Added alarm Alarm{4168f480 type 0 android} type:RTC_WAKEUP when: At 3/17/12 8:46 PM repeatInterval: 0h:5m:0.0s
D/ConnectivityService( 188): ConnectivityChange for WIFI: DISCONNECTED/DISCONNECTED
D/ConnectivityService( 188): Attempting to switch to mobile
D/ConnectivityService( 188): Attempting to switch to BLUETOOTH_TETHER
D/NetUtils( 188): android_net_utils_resetConnections in env=0xc02898 clazz=0xce000001 iface=wlan0 mask=0x3
D/ConnectivityService( 188): Attempting to switch to ETHERNET
D/ConnectivityService( 188): resetConnections(wlan0, 3)
W/Smack/Packet( 372): notify conn break (IOEx), close connection
E/CMC->NioClient3( 5085): NioClient thread get exception e: I/O exception while read message:
D/CMC->PushService( 5085): ============== PushService.onDestroy() ==============
D/CMC->PushUtil( 5085): State.CONNECTED
D/CMC->PushControlReceiver( 5085): set retry
D/CMC->UniqueId( 5085): get cached uniqueID
D/AlarmManager( 188): Added alarm Alarm{41744660 type 0 com.asus.cm} type:RTC_WAKEUP when: At 3/17/12 8:42 PM
I/ActivityManager( 188): No longer want com.asus.cm (pid 5085): hidden #16
D/dalvikvm( 5995): GC_CONCURRENT freed 228K, 5% free 7374K/7687K, paused 2ms+3ms
I/HK/LatinKeyboardBaseView( 418): closing org.pocketworkstation.pckeyboard.LatinKeyboardView@415ec2d8
I/qtaguid ( 372): Failed write_ctrl(u 77) res=-1 errno=22
I/qtaguid ( 372): Untagging socket 77 failed errno=-22
W/NetworkManagementSocketTagger( 372): untagSocket(77) failed with errno -22
D/ConnectivityService( 188): handleInetConditionChange: no active default network - ignore
D/AlarmManager( 188): Removed alarm Alarm{416229c0 type 2 com.google.android.gsf} type:ELAPSED_REALTIME_WAKEUP
D/AlarmManager( 188): Added alarm Alarm{41655ad0 type 2 com.google.android.gsf} type:ELAPSED_REALTIME_WAKEUP when: After 0h:0m:13.0s
I/wpa_supplicant( 416): wlan0: Trying to associate with 54:04:a6:d3:4f:fc (SSID='ASUS' freq=2412 MHz)
I/wpa_supplicant( 416): wlan0: Associated with 54:04:a6:d3:4f:fc
I/wpa_supplicant( 416): wlan0: CTRL-EVENT-CONNECTED - Connection to 54:04:a6:d3:4f:fc completed (reauth) [id=1 id_str=]
D/AlarmManager( 188): Removed alarm Alarm{41397670 type 2 com.google.android.location} type:ELAPSED_REALTIME_WAKEUP
D/AlarmManager( 188): Added alarm Alarm{415e2ed8 type 2 com.google.android.location} type:ELAPSED_REALTIME_WAKEUP when: After 0h:3m:3.0s
D/AlarmManager( 188): Removed alarm Alarm{4168f480 type 0 android} type:RTC_WAKEUP
D/AlarmManager( 188): Removed alarm Alarm{412f7b78 type 2 com.google.android.apps.maps} type:ELAPSED_REALTIME_WAKEUP
D/AlarmManager( 188): Added alarm Alarm{4164a800 type 2 com.google.android.apps.maps} type:ELAPSED_REALTIME_WAKEUP when: After 596523h:13m:38.0s
W/ProcessStats( 188): Skipping unknown process pid 6019
D/DhcpInfoInternal( 188): makeLinkProperties with empty dns2!
D/DhcpInfoInternal( 188): makeLinkProperties with empty dns2!
D/AlarmManager( 188): Added alarm Alarm{415ceb48 type 2 android} type:ELAPSED_REALTIME_WAKEUP when: After 11h:31m:12.0s
D/ConnectivityService( 188): ConnectivityChange for WIFI: CONNECTED/CONNECTED
W/NetworkStats( 188): dropping UID delta from unknown iface: iface=wlan0 uid=0 set=DEFAULT tag=0x0 rxBytes=1728 rxPackets=3 txBytes=0 txPackets=0 operations=0
D/dalvikvm( 5995): GC_CONCURRENT freed 369K, 7% free 7391K/7879K, paused 3ms+3ms
D/Tethering( 188): MasterInitialState.processMessage what=3
I/ActivityManager( 188): Start proc com.asus.cm for broadcast com.asus.cm/.push.PushControlReceiver: pid=6047 uid=1000 gids={3003, 1015, 3002, 3001, 3007}
D/CMC->CMConfig( 6047): DMConfig.init()
D/CMC->CMConfig( 6047): mFumoHandlerName=DefaultFumoHandler
D/CMC->CMConfig( 6047): allowShowMoreInfoOnError=false
D/CMC->CMConfig( 6047): allowFotaPolling=true
D/CMC->PushUtil( 6047): State.DISCONNECTED
I/GTalkService/c( 372): [AndroidEndpoint@1091713816] connect: acct=1000000, state=CONNECTING
I/GTalkService/c( 372): [GTalkConnection@1091753608] connect: acct=1, state=CONNECTING
D/CMC->PushControlReceiver( 6047): cancel retry
D/AlarmManager( 188): Removed alarm Alarm{41655ad0 type 2 com.google.android.gsf} type:ELAPSED_REALTIME_WAKEUP
D/AlarmManager( 188): Removed alarm Alarm{41744660 type 0 com.asus.cm} type:RTC_WAKEUP
I/ActivityManager( 188): Start proc android.process.media for broadcast com.android.providers.downloads/.DownloadReceiver: pid=6059 uid=10040 gids={1015, 1023, 1024, 2001, 3003, 3007}
I/ActivityManager( 188): No longer want com.nvidia.demo.launcher.glowball (pid 5662): hidden #16
I/ActivityThread( 6059): Pub media: com.android.providers.media.MediaProvider
D/ConnectivityService( 188): NetTransition Wakelock for WifiStateMachine released by timeout
D/AlarmManager( 188): Removed alarm Alarm{415e2ed8 type 2 com.google.android.location} type:ELAPSED_REALTIME_WAKEUP
D/AlarmManager( 188): Added alarm Alarm{4172e110 type 2 com.google.android.location} type:ELAPSED_REALTIME_WAKEUP when: After 0h:3m:0.0s
D/AlarmManager( 188): Removed alarm Alarm{4164a800 type 2 com.google.android.apps.maps} type:ELAPSED_REALTIME_WAKEUP
D/AlarmManager( 188): Added alarm Alarm{4173f668 type 2 com.google.android.apps.maps} type:ELAPSED_REALTIME_WAKEUP when: After 596523h:13m:35.0s
I/MediaProvider( 6059): Update ID=1, mount=/system, isMounted=1, VID = -1
I/MediaProvider( 6059): Update ID=2, mount=/data, isMounted=1, VID = -1
I/MediaProvider( 6059): Update ID=1, mount=/mnt/sdcard, isMounted=1, VID = -1
I/ActivityThread( 6059): Pub downloads: com.android.providers.downloads.DownloadProvider
I/ActivityThread( 6059): Pub drm: com.android.providers.drm.DrmProvider
I/DownloadManager( 6059): in removeSpuriousFiles
D/KeyBoxReceiver( 5205): === Connectivity.DISCONNECTED ===
I/DownloadManager( 6059): in removeSpuriousFiles, preserving file /data/data/com.android.providers.downloads/cache/metadata.json
I/DownloadManager( 6059): in removeSpuriousFiles, preserving file /data/data/com.android.providers.downloads/cache/en_general.htm
I/DownloadManager( 6059): in removeSpuriousFiles, preserving file /mnt/sdcard/Download/VLC-debug.apk
I/DownloadManager( 6059): in removeSpuriousFiles, preserving file /mnt/sdcard/Download/VLC-debug-1.apk
I/dalvikvm( 6076): Turning on JNI app bug workarounds for target SDK version 11...
I/ActivityManager( 188): Start proc com.google.android.apps.uploader for broadcast com.google.android.apps.uploader/.ConnectivityBroadcastReceiver: pid=6076 uid=10039 gids={3003}
I/ActivityThread( 6076): Pub com.google.android.apps.uploader: com.google.android.apps.uploader.UploadsContentProvider
I/ActivityThread( 6076): Pub com.google.photos.provider.Album: com.google.android.apps.uploader.clients.picasa.AlbumProvider
D/MediaUploader( 6076): UploaderApplication.onCreate
D/dalvikvm( 372): GC_CONCURRENT freed 447K, 7% free 8083K/8647K, paused 3ms+55ms
D/MediaUploader( 6076): nonWifiLimit=20971520, default=20971520
I/MediaUploader( 6076): No need to wake up
I/ActivityManager( 188): Start proc com.ecareme.pixwe for broadcast com.ecareme.pixwe/net.yostore.utility.ConnectionChangeReceiver: pid=6091 uid=10024 gids={3003, 1015}
I/ActivityManager( 188): No longer want com.google.android.partnersetup (pid 5674): hidden #16
I/dalvikvm( 6091): Turning on JNI app bug workarounds for target SDK version 7...
I/ActivityThread( 6091): Pub com.ecareme.contentprovider.pixwe: com.ecareme.pixwe.aws.PixWeContentProvider
I/dalvikvm( 6104): Turning on JNI app bug workarounds for target SDK version 11...
I/ActivityManager( 188): Start proc com.asus.weather for broadcast com.asus.weather/.WeatherReceiver: pid=6104 uid=10005 gids={3003}
I/ActivityManager( 188): No longer want com.android.musicfx (pid 5686): hidden #16
I/ActivityThread( 6104): Pub com.asus.weather.provider: com.asus.weather.WeatherContentProvider
I/[WeatherReceiver]( 6104): Connectivity is changed!
I/[WeatherReceiver]( 6104): noConnectivity:true
I/ActivityManager( 188): Start proc com.ted.android for broadcast com.ted.android/.service.DataUpdateCheckBroadcastReceiver: pid=6117 uid=10012 gids={3003, 1015}
I/ActivityManager( 188): No longer want xcxin.filexpert (pid 5747): hidden #16
D/dalvikvm( 108): GC_EXPLICIT freed 37K, 5% free 6485K/6787K, paused 5ms+2ms
D/dalvikvm( 108): GC_EXPLICIT freed <1K, 5% free 6485K/6787K, paused 2ms+3ms
D/dalvikvm( 108): GC_EXPLICIT freed <1K, 5% free 6485K/6787K, paused 2ms+2ms
D/Tethering( 188): MasterInitialState.processMessage what=3
D/PicasaSyncManager( 4983): active network: NetworkInfo: type: WIFI[], state: CONNECTED/CONNECTED, reason: (unspecified), extra: (none), roaming: false, failover: false, isAvailable: true
D/PicasaSyncManager( 4983): background data: true
I/ActivityThread( 6117): Pub com.ted.android.contentprovider.SearchProvider: com.ted.android.contentprovider.SearchProvider
I/Logging ( 6117): Testing for android stub library...
I/ActivityManager( 188): Start proc com.facebook.katana for broadcast com.facebook.katana/.binding.UploadManagerConnectivity: pid=6130 uid=10073 gids={3003, 1015}
I/dalvikvm( 6130): Turning on JNI app bug workarounds for target SDK version 7...
D/AlarmManager( 188): Removed alarm Alarm{415d1060 type 0 com.google.android.gsf} type:RTC_WAKEUP
D/AlarmManager( 188): Added alarm Alarm{4157f340 type 0 com.google.android.gsf} type:RTC_WAKEUP when: At 3/20/12 6:59 AM repeatInterval: 152h:14m:32.0s
D/dalvikvm( 6130): GC_CONCURRENT freed 143K, 4% free 6835K/7047K, paused 2ms+2ms
I/ActivityThread( 6130): Pub com.facebook.katana.provider.LoggingProvider: com.facebook.katana.provider.LoggingProvider
I/ActivityThread( 6130): Pub com.facebook.katana.provider.NotificationsProvider: com.facebook.katana.provider.NotificationsProvider
I/ActivityThread( 6130): Pub com.facebook.katana.provider.KeyValueProvider: com.facebook.katana.provider.KeyValueProvider
I/ActivityThread( 6130): Pub com.facebook.katana.provider.ChatHistoryProvider: com.facebook.katana.provider.ChatHistoryProvider
I/ActivityThread( 6130): Pub com.facebook.katana.provider.CacheProvider: com.facebook.katana.provider.CacheProvider
I/ActivityThread( 6130): Pub com.facebook.katana.provider.UserValuesProvider: com.facebook.katana.provider.UserValuesProvider
I/ActivityThread( 6130): Pub com.facebook.katana.provider.PagesProvider: com.facebook.katana.provider.PagesProvider
I/ActivityThread( 6130): Pub com.facebook.katana.provider.MailboxProvider: com.facebook.katana.provider.MailboxProvider
I/ActivityThread( 6130): Pub com.facebook.katana.provider.UserStatusesProvider: com.facebook.katana.provider.UserStatusesProvider
I/ActivityThread( 6130): Pub com.facebook.katana.provider.PhotosProvider: com.facebook.katana.provider.PhotosProvider
I/ActivityThread( 6130): Pub com.facebook.katana.provider.EventsProvider: com.facebook.katana.provider.EventsProvider
I/ActivityThread( 6130): Pub com.facebook.katana.provider.ConnectionsProvider: com.facebook.katana.provider.ConnectionsProvider
D/dalvikvm( 6117): GC_CONCURRENT freed 186K, 5% free 6765K/7047K, paused 5ms+1ms
D/ACRA ( 6130): Retrieve application default SharedPreferences.
D/ACRA ( 6130): Set OnSharedPreferenceChangeListener.
D/ACRA ( 6130): ACRA is enabled for com.facebook.katana, intializing...
D/ACRA ( 6130): Looking for error files in /data/data/com.facebook.katana/app_acra-reports
D/AlarmManager( 188): Removed alarm Alarm{4155a4a8 type 0 com.ted.android} type:RTC_WAKEUP
D/dalvikvm( 6130): GC_CONCURRENT freed 275K, 5% free 7083K/7431K, paused 2ms+3ms
D/AlarmManager( 188): Added alarm Alarm{415deb60 type 0 com.ted.android} type:RTC_WAKEUP when: At 3/17/12 9:41 PM
I/ActivityManager( 188): No longer want com.google.android.googlequicksearchbox (pid 4358): hidden #16
D/androidNetworkLocationListeners( 372): Still have listener com.google.android.location.internal.client.NetworkLocationClient$1@410d8f50
D/NetworkLocator( 372): null cell state delivered
D/AlarmManager( 188): Removed alarm Alarm{4172e110 type 2 com.google.android.location} type:ELAPSED_REALTIME_WAKEUP
D/AlarmManager( 188): Added alarm Alarm{417f4218 type 2 com.google.android.location} type:ELAPSED_REALTIME_WAKEUP when: After 0h:0m:4.0s
D/AlarmManager( 188): Removed alarm Alarm{417f4218 type 2 com.google.android.location} type:ELAPSED_REALTIME_WAKEUP
D/AlarmManager( 188): Added alarm Alarm{41600db8 type 2 com.google.android.location} type:ELAPSED_REALTIME_WAKEUP when: After 23h:59m:59.0s
I/ActivityManager( 188): No longer want com.android.browser (pid 5312): hidden #16
I/WindowManager( 188): WIN DEATH: Window{415e32e0 com.android.browser/com.android.browser.BrowserActivity paused=false}
D/AlarmManager( 188): Added alarm Alarm{4154a108 type 0 com.facebook.katana} type:RTC_WAKEUP when: At 3/17/12 8:41 PM
D/dalvikvm( 6130): GC_CONCURRENT freed 317K, 6% free 7265K/7687K, paused 2ms+3ms
D/AlarmManager( 188): Added alarm Alarm{41845580 type 0 com.facebook.katana} type:RTC_WAKEUP when: At 3/17/12 8:41 PM
D/CMC->PushUtil( 6047): State.CONNECTED
D/KeyBoxReceiver( 5205): === Connectivity.CONNECTED ===
D/KeyBoxService( 5205): === onStartCommand(), intent=Intent { cmp=com.asus.wvdrm/.KeyBoxService }, flags=2, startId=7
D/KeyBoxService( 5205): === StatusCode: SC_UNAUTHORIZED!
D/KeyBoxService( 5205): === OTA BEGIN
D/CMC->PushService( 6047): ============== PushService.onStartCommand() ==============
D/CMC->UniqueId( 6047): get cached uniqueID
W/ActivityThread( 6047): ClassLoader.getResources: The class loader returned by Thread.getContextClassLoader() may fail for processes that host multiple applications. You should explicitly specify a context class loader. For example: Thread.setContextClassLoader(getClass().getClassLoader());
I/MediaUploader( 6076): No need to wake up
I/[WeatherReceiver]( 6104): Connectivity is changed!
I/[WeatherReceiver]( 6104): noConnectivity:false
I/[WeatherWidgetProvider]( 6104): LastUpdateCursor is NOT null
I/[WeatherReceiver]( 6104): time_last:1332031911135time_cur:1332042079450curTime:2012/03/17 PM 8:41:19
D/PicasaSyncManager( 4983): active network: NetworkInfo: type: WIFI[], state: CONNECTED/CONNECTED, reason: (unspecified), extra: (none), roaming: false, failover: false, isAvailable: true
D/PicasaSyncManager( 4983): background data: true
D/AlarmManager( 188): Removed alarm Alarm{415deb60 type 0 com.ted.android} type:RTC_WAKEUP
D/AlarmManager( 188): Removed alarm Alarm{4157f340 type 0 com.google.android.gsf} type:RTC_WAKEUP
D/AlarmManager( 188): Added alarm Alarm{416c2508 type 0 com.google.android.gsf} type:RTC_WAKEUP when: At 3/20/12 6:59 AM repeatInterval: 152h:14m:32.0s
E/KeyBoxService( 5205): === The target server failed to respond
D/KeyBoxService( 5205): === Retry after 1200 seconds.
D/KeyBoxService( 5205): === OTA END
D/AlarmManager( 188): Triggered Alarm 4154a108 RTC_WAKEUP IntentSender{4169f268: PendingIntentRecord{4154a058 com.facebook.katana startService}}
D/AlarmManager( 188): Removed alarm Alarm{417416c8 type 0 com.facebook.katana} type:RTC_WAKEUP
D/AlarmManager( 188): Added alarm Alarm{416b67f8 type 0 com.facebook.katana} type:RTC_WAKEUP when: At 3/17/12 8:46 PM
D/AlarmManager( 188): Added alarm Alarm{41621550 type 0 com.facebook.katana} type:RTC_WAKEUP when: At 3/17/12 8:41 PM
D/AlarmManager( 188): Triggered Alarm 41621550 RTC_WAKEUP IntentSender{4164c0c0: PendingIntentRecord{41621460 com.facebook.katana startService}}
I/ActivityManager( 188): START {act=android.intent.action.MAIN cat=[android.intent.category.HOME] flg=0x10200000 cmp=com.android.launcher/com.android.launcher2.Launcher} from pid 188
D/WindowManager( 188): adjustConfigurationLw, config:{1.0 0mcc0mnc (no locale) layoutdir=0 sw800dp w1280dp h752dp xlrg land ?uimode ?night finger -keyb/v/h -nav/v} mLidOpen:-1 mHasDockFeature:true mHasHallSensorFeature:true config.hardKeyboardHidden:2
D/OpenGLRenderer( 5995): Flushing caches (mode 0)
E/Ethernet( 188): DHCP request error:Timed out waiting for dhcpcd to start
W/InputManagerService( 188): Starting input on non-focused client com.android.internal.view.IInputMethodClient$Stub$Proxy@4156bbb0 (uid=1000 pid=5995)
D/OpenGLRenderer( 5995): Flushing caches (mode 1)
I/ActivityManager( 188): START {act=android.intent.action.MAIN cat=[android.intent.category.LAUNCHER] flg=0x10200000 cmp=org.videolan.vlc/.gui.MainActivity bnds=[656,542][752,638]} from pid 472
D/dalvikvm( 188): GC_FOR_ALLOC freed 1222K, 14% free 13264K/15303K, paused 51ms
D/WindowManager( 188): adjustConfigurationLw, config:{1.0 0mcc0mnc (no locale) layoutdir=0 sw800dp w1280dp h752dp xlrg land ?uimode ?night finger -keyb/v/h -nav/v} mLidOpen:-1 mHasDockFeature:true mHasHallSensorFeature:true config.hardKeyboardHidden:2
D/VLC/AudioService( 5847): Updating widget
D/VLC/AudioServiceContoller( 5847): Service Connected
D/OpenGLRenderer( 472): Flushing caches (mode 0)
V/TabletStatusBar( 290): setLightsOn(true)
D/OpenGLRenderer( 472): Flushing caches (mode 1)
E/GTalkService( 372): connectionClosed: no XMPPConnection - That's strange!
D/AlarmManager( 188): Added alarm Alarm{4138e728 type 2 com.google.android.gsf} type:ELAPSED_REALTIME_WAKEUP when: After 0h:0m:6.0s
E/GTalkService( 372): connectionClosed: no XMPPConnection - That's strange!
I/HK/LatinKeyboardBaseView( 418): closing org.pocketworkstation.pckeyboard.LatinKeyboardView@415ec2d8
E/CMC->TaskConnection( 6047): execute TaskConnection but get IOException: failed to connect to mdmnotify1.asus.com/10.0.0.1 (port 9000): connect failed: ENETUNREACH (Network is unreachable)
E/CMC->NioClient3( 6047): NioClient thread get exception e: execute TaskConnection but get IOException
D/CMC->PushService( 6047): ============== PushService.onDestroy() ==============
D/CMC->PushUtil( 6047): State.CONNECTED
D/CMC->PushControlReceiver( 6047): set retry
D/CMC->UniqueId( 6047): get cached uniqueID
D/AlarmManager( 188): Added alarm Alarm{41644970 type 0 com.asus.cm} type:RTC_WAKEUP when: At 3/17/12 8:47 PM
D/ConnectivityService( 188): handleInetConditionHoldEnd: net=1, condition=0, published condition=0
D/AlarmManager( 188): Triggered Alarm 41845580 RTC_WAKEUP IntentSender{4165b1d8: PendingIntentRecord{41845480 com.facebook.katana startService}}
D/AlarmManager( 188): Added alarm Alarm{412d6238 type 0 com.facebook.katana} type:RTC_WAKEUP when: At 3/17/12 8:42 PM
I/GTalkService/c( 372): [AndroidEndpoint@1091713816] connect: acct=1000000, state=CONNECTING
I/GTalkService/c( 372): [GTalkConnection@1091753608] connect: acct=1, state=CONNECTING
D/AlarmManager( 188): Triggered Alarm 4138e728 ELAPSED_REALTIME_WAKEUP IntentSender{415ff500: PendingIntentRecord{418747a0 com.google.android.gsf broadcastIntent}}
E/GTalkService( 372): connectionClosed: no XMPPConnection - That's strange!
D/AlarmManager( 188): Added alarm Alarm{4169ce18 type 2 com.google.android.gsf} type:ELAPSED_REALTIME_WAKEUP when: After 0h:0m:12.0s
E/GTalkService( 372): connectionClosed: no XMPPConnection - That's strange!
D/ConnectivityService( 188): handleInetConditionHoldEnd: net=1, condition=0, published condition=0
I/Sensors ( 188): **** Motion ****
D/AlarmManager( 188): Added alarm Alarm{4156fa78 type 0 com.ted.android} type:RTC_WAKEUP when: At 3/17/12 9:41 PM
I/ActivityManager( 188): No longer want com.android.defcontainer (pid 3964): hidden #16
V/VLC/AudioService( 5847): Loading position 0 in [rtsp://192.168.1.212/stream1]
V/VLC/AudioService( 5847): Creating on-the-fly Media object for rtsp://192.168.1.212/stream1
D/vlc ( 5847): looking for meta fetcher module: 0 candidates
D/vlc ( 5847): no meta fetcher module matched "any"
D/vlc ( 5847): searching art for rtsp://192.168.1.212/stream1
E/vlc ( 5847): option logo-x does not exist
E/vlc ( 5847): option logo-y does not exist
D/vlc ( 5847): looking for art finder module: 1 candidate
E/vlc ( 5847): option logo-delay does not exist
D/vlc ( 5847): no art finder module matching "any" could be loaded
E/vlc ( 5847): option logo-repeat does not exist
D/vlc ( 5847): art not found for rtsp://192.168.1.212/stream1
E/vlc ( 5847): option logo-opacity does not exist
E/vlc ( 5847): option logo-position does not exist
D/vlc ( 5847): Creating an input for 'rtsp://192.168.1.212/stream1'
D/vlc ( 5847): no fetch required for (null) (art currently (null))
D/vlc ( 5847): using timeshift granularity of 50 MiB, in path '/tmp'
D/vlc ( 5847): `rtsp://192.168.1.212/stream1' gives access `rtsp' demux `' path `192.168.1.212/stream1'
D/vlc ( 5847): creating demux: access='rtsp' demux='' location='192.168.1.212/stream1' file='(null)'
D/vlc ( 5847): looking for access_demux module: 1 candidate
D/vlc ( 5847): version 2011.12.23
D/vlc ( 5847): RTP subsession 'video/H264'
D/vlc ( 5847): selecting program id=0
D/vlc ( 5847): RTP subsession 'audio/MPEG4-GENERIC'
D/vlc ( 5847): setup start: 0.000000 stop:0.000000
D/vlc ( 5847): play start: 0.000000 stop:0.000000
D/vlc ( 5847): using access_demux module "live555"
D/vlc ( 5847): looking for decoder module: 24 candidates
D/vlc ( 5847): libavcodec already initialized
D/vlc ( 5847): trying to use direct rendering
D/vlc ( 5847): allowing 4 thread(s) for decoding
D/vlc ( 5847): ffmpeg codec (H264 - MPEG-4 AVC (part 10)) started
D/vlc ( 5847): using frame thread mode with 4 threads
D/vlc ( 5847): using decoder module "avcodec"
D/vlc ( 5847): looking for packetizer module: 19 candidates
D/vlc ( 5847): found NAL_SPS (sps_id=0)
D/vlc ( 5847): found NAL_PPS (pps_id=0 sps_id=0)
D/vlc ( 5847): using packetizer module "packetizer_h264"
D/vlc ( 5847): looking for decoder module: 24 candidates
D/vlc ( 5847): libavcodec already initialized
D/vlc ( 5847): ffmpeg codec (MPEG AAC Audio) started
D/vlc ( 5847): Using 192000 bytes output buffer
D/vlc ( 5847): using decoder module "avcodec"
