D/vlc ( 6343): play start: 0.000000 stop:0.000000
D/vlc ( 6343): using access_demux module "live555"
D/vlc ( 6343): looking for decoder module: 24 candidates
D/vlc ( 6343): libavcodec initialized (interface 0x360800)
D/vlc ( 6343): trying to use direct rendering
D/vlc ( 6343): allowing 4 thread(s) for decoding
D/vlc ( 6343): ffmpeg codec (H264 - MPEG-4 AVC (part 10)) started
D/vlc ( 6343): using frame thread mode with 4 threads
D/vlc ( 6343): using decoder module "avcodec"
D/vlc ( 6343): looking for packetizer module: 19 candidates
D/vlc ( 6343): found NAL_SPS (sps_id=0)
D/vlc ( 6343): found NAL_PPS (pps_id=0 sps_id=0)
D/vlc ( 6343): using packetizer module "packetizer_h264"
D/vlc ( 6343): looking for decoder module: 24 candidates
D/vlc ( 6343): libavcodec already initialized
D/vlc ( 6343): ffmpeg codec (MPEG AAC Audio) started
D/vlc ( 6343): Using 192000 bytes output buffer
D/vlc ( 6343): using decoder module "avcodec"
D/vlc ( 6343): looking for meta reader module: 1 candidate
D/vlc ( 6343): no meta reader module matching "any" could be loaded
D/vlc ( 6343): `rtsp://192.168.1.212/stream1' successfully opened
D/vlc ( 6343): removing module "avcodec"
D/vlc ( 6343): ffmpeg codec (H264 - MPEG-4 AVC (part 10)) stopped
D/vlc ( 6343): killing decoder fourcc `h264', 0 PES in FIFO
D/vlc ( 6343): removing module "packetizer_h264"
D/vlc ( 6343): removing module "avcodec"
D/vlc ( 6343): ffmpeg codec (MPEG AAC Audio) stopped
D/vlc ( 6343): killing decoder fourcc `mp4a', 0 PES in FIFO
D/vlc ( 6343): removing module "live555"
D/vlc ( 6343): Program doesn't contain anymore ES
D/vlc ( 6343): Destroying the input for 'rtsp://192.168.1.212/stream1'
D/vlc ( 6343): looking for meta fetcher module: 0 candidates
D/vlc ( 6343): no meta fetcher module matched "any"
D/vlc ( 6343): searching art for rtsp://192.168.1.212/stream1
D/vlc ( 6343): looking for art finder module: 1 candidate
D/vlc ( 6343): no art finder module matching "any" could be loaded
D/vlc ( 6343): art not found for rtsp://192.168.1.212/stream1
D/vlc ( 6343): no fetch required for (null) (art currently (null))
D/VLC/MediaItem( 6343): Artist Unknown Artist
D/VLC/MediaItem( 6343): Album Unknown Album
D/VLC/MediaItem( 6343): Title rtsp://192.168.1.212/stream1
D/VLC/MediaItem( 6343): Genre Unknown Genre
V/VLC/LibVLC( 6343): Reading rtsp://192.168.1.212/stream1
E/vlc ( 6343): option logo-x does not exist
E/vlc ( 6343): option logo-y does not exist
E/vlc ( 6343): option logo-delay does not exist
E/vlc ( 6343): option logo-repeat does not exist
E/vlc ( 6343): option logo-opacity does not exist
E/vlc ( 6343): option logo-position does not exist
I/VLC/JNI/main( 6343): Got version: 15
D/vlc ( 6343): Creating an input for 'rtsp://192.168.1.212/stream1'
D/vlc ( 6343): using timeshift granularity of 50 MiB, in path '/tmp'
D/vlc ( 6343): `rtsp://192.168.1.212/stream1' gives access `rtsp' demux `' path `192.168.1.212/stream1'
D/vlc ( 6343): creating demux: access='rtsp' demux='' location='192.168.1.212/stream1' file='(null)'
D/vlc ( 6343): looking for access_demux module: 1 candidate
D/vlc ( 6343): version 2011.12.23
I/HK/LatinKeyboardBaseView( 418): closing org.pocketworkstation.pckeyboard.LatinKeyboardView@412f5638
I/HK/LatinKeyboardBaseView( 418): closing org.pocketworkstation.pckeyboard.LatinKeyboardView@412f5638
D/vlc ( 6343): RTP subsession 'video/H264'
D/vlc ( 6343): selecting program id=0
D/vlc ( 6343): RTP subsession 'audio/MPEG4-GENERIC'
D/vlc ( 6343): setup start: 0.000000 stop:0.000000
D/vlc ( 6343): play start: 0.000000 stop:0.000000
D/vlc ( 6343): using access_demux module "live555"
D/vlc ( 6343): looking for decoder module: 24 candidates
D/vlc ( 6343): libavcodec already initialized
D/vlc ( 6343): trying to use direct rendering
D/vlc ( 6343): allowing 4 thread(s) for decoding
D/vlc ( 6343): ffmpeg codec (H264 - MPEG-4 AVC (part 10)) started
D/vlc ( 6343): using frame thread mode with 4 threads
D/vlc ( 6343): using decoder module "avcodec"
D/vlc ( 6343): looking for packetizer module: 19 candidates
D/vlc ( 6343): found NAL_SPS (sps_id=0)
D/vlc ( 6343): found NAL_PPS (pps_id=0 sps_id=0)
D/vlc ( 6343): using packetizer module "packetizer_h264"
D/vlc ( 6343): looking for decoder module: 24 candidates
D/vlc ( 6343): libavcodec already initialized
D/vlc ( 6343): ffmpeg codec (MPEG AAC Audio) started
D/vlc ( 6343): Using 192000 bytes output buffer
D/vlc ( 6343): using decoder module "avcodec"
D/vlc ( 6343): looking for meta reader module: 1 candidate
D/vlc ( 6343): no meta reader module matching "any" could be loaded
D/vlc ( 6343): `rtsp://192.168.1.212/stream1' successfully opened
D/VLC/JNI/main( 6343): vlc_event_callback: failed to get JNI environment, assuming native thread
I/VLC/AudioService( 6343): MediaPlayerPlaying
I/InputReader( 188): Reconfiguring input devices. changes=0x00000004
I/InputReader( 188): Device reconfigured: id=3, name='atmel-maxtouch', surface size is now 1280x800, mode is 1
D/WindowManager( 188): adjustConfigurationLw, config:{0.0 0mcc0mnc (no locale) layoutdir=0 sw800dp w800dp h1232dp xlrg port ?uimode ?night finger -keyb/v/h -nav/v} mLidOpen:-1 mHasDockFeature:true mHasHallSensorFeature:true config.hardKeyboardHidden:2
I/ActivityManager( 188): Config changed: {1.0 0mcc0mnc en_US layoutdir=0 sw800dp w800dp h1232dp xlrg port finger -keyb/v/h -nav/h s.18}
I/StatusBar.HeightReceiver( 290): Resizing status bar plugged=false height=48 old=48
I/PCKeyboard( 418): onConfigurationChanged()
I/HK/LatinKeyboardBaseView( 418): closing org.pocketworkstation.pckeyboard.LatinKeyboardView@412f5638
W/NvCpuClient( 107): Failed to bind to service
D/dalvikvm( 188): GC_EXPLICIT freed 447K, 13% free 13675K/15687K, paused 25ms+9ms
I/InputReader( 188): Reconfiguring input devices. changes=0x00000004
I/InputReader( 188): Device reconfigured: id=3, name='atmel-maxtouch', surface size is now 1280x800, mode is 1
D/WindowManager( 188): adjustConfigurationLw, config:{0.0 0mcc0mnc (no locale) layoutdir=0 sw800dp w1280dp h752dp xlrg land ?uimode ?night finger -keyb/v/h -nav/v} mLidOpen:-1 mHasDockFeature:true mHasHallSensorFeature:true config.hardKeyboardHidden:2
I/ActivityManager( 188): Config changed: {1.0 0mcc0mnc en_US layoutdir=0 sw800dp w1280dp h752dp xlrg land finger -keyb/v/h -nav/h s.19}
I/PCKeyboard( 418): onConfigurationChanged()
I/StatusBar.HeightReceiver( 290): Resizing status bar plugged=false height=48 old=48
W/NvCpuClient( 107): Failed to bind to service
D/dalvikvm( 188): GC_EXPLICIT freed 488K, 16% free 13207K/15687K, paused 25ms+8ms
D/PowerManagerService( 188): @PowerManagement: Auto-dim timeout
D/PowerManagerService( 188): @PowerManagement: Screen Bright {true -> false}
D/PowerManagerService( 188): @PowerManagement: Auto-sleep timeout
I/power ( 188): *** set_screen_state 0
D/PowerManagerService( 188): @PowerManagement: Screen turned off mScreenOnTime=86215ms Battery: <100,8>
D/PowerManagerService( 188): @PowerManagement: Acquire UWL 'sleep_broadcast' flags [partial] refcount=1
V/Sensors ( 188): enable - sensor Accelerometer (handle 4) en -> dis
V/Sensors ( 188): enabled_sensors: 0 dmp_started: 1
V/Sensors ( 188): Stopping DMP
I/Sensors ( 188): Disabled 9 axis sensor fusion
D/SurfaceFlinger( 107): About to give-up screen, flinger = 0x5df958
D/AlarmManager( 188): Added alarm Alarm{416a7848 type 2 android} type:ELAPSED_REALTIME_WAKEUP when: After 0h:0m:4.0s
I/MPL-mldl_cfg_mpu:( 188): inv_mpu_suspend(,,,,7fff) -> 0000
V/Sensors ( 188): setDelay - sensor Accelerometer (handle 4), rate 66 ms (15.00 Hz)
D/PowerManagerService( 188): @PowerManagement: sending ordered bcast for ACTION_SCREEN_OFF
D/AlarmManager( 188): Added alarm Alarm{413642b0 type 2 com.google.android.gsf} type:ELAPSED_REALTIME_WAKEUP when: After 0h:0m:29.0s
D/PowerManagerService( 188): @PowerManagement: Release UWL 'sleep_broadcast' flags [partial] refcount=0
I/ActivityManager( 188): Start proc com.google.android.gm for service com.google.android.gm/.provider.MailIndexerService: pid=6404 uid=10052 gids={3003, 1015}
I/ActivityThread( 6404): Pub gmail-ls: com.google.android.gm.provider.MailProvider
I/ActivityThread( 6404): Pub com.google.android.gmail.SuggestionProvider: com.google.android.gm.SuggestionsProvider
I/ActivityThread( 6404): Pub com.google.android.gm: com.google.android.gm.provider.PublicContentProvider
W/Gmail ( 6404): No MailEngine for account: destructchaos@gmail.com
I/ActivityManager( 188): No longer want com.android.vending (pid 5714): hidden #16
D/WindowManager( 188): adjustConfigurationLw, config:{1.0 0mcc0mnc (no locale) layoutdir=0 sw800dp w1280dp h752dp xlrg land ?uimode ?night finger -keyb/v/h -nav/v} mLidOpen:-1 mHasDockFeature:true mHasHallSensorFeature:true config.hardKeyboardHidden:2
D/VLC/AudioService( 6343): Updating widget
D/AlarmManager( 188): Triggered Alarm 416a7848 ELAPSED_REALTIME_WAKEUP IntentSender{41633a20: PendingIntentRecord{416dda58 android broadcastIntent}}
V/TransportControlView( 188): Create TCV com.android.internal.widget.TransportControlView@41316910
I/TabletStatusBar( 290): DISABLE_CLOCK: yes
D/AlarmManager( 188): Triggered Alarm 4173a0e0 RTC_WAKEUP IntentSender{4132e548: PendingIntentRecord{4173a068 com.facebook.katana startService}}
D/AlarmManager( 188): Added alarm Alarm{41333de8 type 0 com.facebook.katana} type:RTC_WAKEUP when: At 3/17/12 8:56 PM
D/AlarmManager( 188): Added alarm Alarm{416127c0 type 0 com.facebook.katana} type:RTC_WAKEUP when: At 3/17/12 8:51 PM
D/AlarmManager( 188): Triggered Alarm 416127c0 RTC_WAKEUP IntentSender{417f6ae8: PendingIntentRecord{41612748 com.facebook.katana startService}}
D/AlarmManager( 188): Triggered Alarm 413642b0 ELAPSED_REALTIME_WAKEUP IntentSender{417ec5a8: PendingIntentRecord{4161a6d8 com.google.android.gsf broadcastIntent}}
D/PowerManagerService( 188): @PowerManagement: Auto-sleep timeout
D/AlarmManager( 188): Added alarm Alarm{415f5cd0 type 0 com.google.android.gsf} type:RTC_WAKEUP when: At 3/17/12 9:21 PM repeatInterval: 0h:30m:0.0s
D/AlarmManager( 188): Triggered Alarm 415f5cd0 RTC_WAKEUP IntentSender{415c2968: PendingIntentRecord{417277b8 com.google.android.gsf broadcastIntent}}
I/EventLogService( 372): Aggregate from 1332040900761 (log), 1332040900761 (data)
D/AlarmManager( 188): Removed alarm Alarm{415f5cd0 type 0 com.google.android.gsf} type:RTC_WAKEUP
D/AlarmManager( 188): Added alarm Alarm{416905f0 type 0 com.google.android.gsf} type:RTC_WAKEUP when: At 3/17/12 9:21 PM repeatInterval: 0h:30m:0.0s
W/ThrottleService( 188): unable to find stats for iface rmnet0
D/AlarmManager( 188): Triggered Alarm 416553a8 ELAPSED_REALTIME_WAKEUP IntentSender{41603000: PendingIntentRecord{418747a0 com.google.android.gsf broadcastIntent}}
I/GTalkService/c( 372): [AndroidEndpoint@1091713816] connect: acct=1000000, state=CONNECTING
I/GTalkService/c( 372): [GTalkConnection@1091753608] connect: acct=1, state=CONNECTING
E/GTalkService( 372): connectionClosed: no XMPPConnection - That's strange!
D/AlarmManager( 188): Added alarm Alarm{416ac940 type 2 com.google.android.gsf} type:ELAPSED_REALTIME_WAKEUP when: After 0h:4m:59.0s
E/GTalkService( 372): connectionClosed: no XMPPConnection - That's strange!
D/dalvikvm( 372): GC_CONCURRENT freed 383K, 9% free 7936K/8647K, paused 7ms+7ms
D/ConnectivityService( 188): handleInetConditionHoldEnd: net=1, condition=0, published condition=0
D/AlarmManager( 188): Triggered Alarm 41333de8 RTC_WAKEUP IntentSender{41723eb8: PendingIntentRecord{412b9bd0 com.facebook.katana startService}}
D/AlarmManager( 188): Removed alarm Alarm{4185cc28 type 0 com.facebook.katana} type:RTC_WAKEUP
D/AlarmManager( 188): Added alarm Alarm{415ebdd8 type 0 com.facebook.katana} type:RTC_WAKEUP when: At 3/19/12 8:56 PM
D/AlarmManager( 188): Added alarm Alarm{41676088 type 0 com.facebook.katana} type:RTC_WAKEUP when: At 3/17/12 8:56 PM
D/AlarmManager( 188): Triggered Alarm 41676088 RTC_WAKEUP IntentSender{41694940: PendingIntentRecord{41675fe8 com.facebook.katana startService}}
D/AlarmManager( 188): Triggered Alarm 416ac940 ELAPSED_REALTIME_WAKEUP IntentSender{415ff318: PendingIntentRecord{418747a0 com.google.android.gsf broadcastIntent}}
I/GTalkService/c( 372): [AndroidEndpoint@1091713816] connect: acct=1000000, state=CONNECTING
I/GTalkService/c( 372): [GTalkConnection@1091753608] connect: acct=1, state=CONNECTING
E/GTalkService( 372): connectionClosed: no XMPPConnection - That's strange!
D/AlarmManager( 188): Added alarm Alarm{416db2a0 type 2 com.google.android.gsf} type:ELAPSED_REALTIME_WAKEUP when: After 0h:4m:59.0s
E/GTalkService( 372): connectionClosed: no XMPPConnection - That's strange!
D/ConnectivityService( 188): handleInetConditionHoldEnd: net=1, condition=0, published condition=0
D/PowerManagerService( 188): @PowerManagement: Release UWL 'StayOnWhilePluggedIn Screen Dim' flags [screen_dim]
D/PowerManagerService( 188): @PowerManagement: Release UWL 'StayOnWhilePluggedIn Partial' flags [partial]
D/PowerManagerService( 188): IntentUserActivityLocked, send wakeup intent to Keyguard
D/KeyguardViewMediator( 188): Receive wakeup source, keyguard show:true
I/power ( 188): *** set_screen_state 1
D/PowerManagerService( 188): @PowerManagement: Screen Bright {false -> true}
V/Sensors ( 188): enable - sensor Accelerometer (handle 4) dis -> en
V/Sensors ( 188): enabled_sensors: 16 dmp_started: 0
V/Sensors ( 188): Starting DMP
W/MPL-9_sup( 188): 9 axis sensor fusion not available - No compass detected.
I/Sensors ( 188): Enabled 9 axis sensor fusion
I/MPL-mldl_cfg_mpu:( 188): inv_mpu_resume(,,,,0070) -> 0070
V/Sensors ( 188): setDelay - sensor Accelerometer (handle 4), rate 200 ms (5.00 Hz)
V/Sensors ( 188): set fifo rate - divider : 39, delay : 200 ms (5.00 Hz)
D/PicasaSyncManager( 4983): battery info: false
I/MPL-fifo( 188): Actual ODR: 25000 mHz
V/Sensors ( 188): setDelay - sensor Accelerometer (handle 4), rate 66 ms (15.00 Hz)
V/Sensors ( 188): set fifo rate - divider : 13, delay : 66 ms (15.00 Hz)
I/MPL-fifo( 188): Actual ODR: 25000 mHz
D/PowerManagerService( 188): @PowerManagement: Screen turned on mScreenOffTime=464217ms Battery: <100,8>
D/PowerManagerService( 188): @PowerManagement: Acquire UWL 'sleep_broadcast' flags [partial] refcount=1
D/PowerManagerService( 188): @PowerManagement: Acquire UWL 'sleep_broadcast' flags [partial] refcount=2
D/WindowManager( 188): adjustConfigurationLw, config:{1.0 0mcc0mnc (no locale) layoutdir=0 sw800dp w1280dp h752dp xlrg land ?uimode ?night finger -keyb/v/h -nav/v} mLidOpen:-1 mHasDockFeature:true mHasHallSensorFeature:true config.hardKeyboardHidden:2
D/PowerManagerService( 188): @PowerManagement: sending ordered bcast for ACTION_SCREEN_ON
D/VLC/AudioService( 6343): Updating widget
D/VLC/AudioServiceContoller( 6343): Service Connected
I/WindowManager( 188): Lock screen displayed!
D/PowerManagerService( 188): @PowerManagement: Release UWL 'sleep_broadcast' flags [partial] refcount=1
D/PowerManagerService( 188): @PowerManagement: Release UWL 'sleep_broadcast' flags [partial] refcount=0
D/dalvikvm( 290): GC_CONCURRENT freed 757K, 72% free 8994K/31111K, paused 21ms+4ms
D/UploadsManager( 4983): collect new photo: MediaTracker:***********************,trackNew:photo-external,46:photo-phoneStorage,-1:video-external,0:video-phoneStorage,-1
D/UploadsManager( 4983): collect new video: MediaTracker:***********************,trackNew:photo-external,46:photo-phoneStorage,-1:video-external,0:video-phoneStorage,-1
V/PicasaContentProvider( 4983): querySettings: defaults: {sync_on_wifi_only=1, auto_upload_account_type=null, sync_on_battery=1, sync_picasa_on_wifi_only=1, auto_upload_enabled=0, video_upload_wifi_only=1, sync_on_roaming=0, auto_upload_account_name=null}
D/PicasaSyncManager( 4983): reject MetadataSyncTask (***********************) because downsync is disabled
D/SurfaceFlinger( 107): Screen about to return, flinger = 0x5df958
D/PowerManagerService( 188): forceUserActivityLocked when usb changes
D/PowerManagerService( 188): @PowerManagement: Release UWL 'StayOnWhilePluggedIn Screen Dim' flags [screen_dim]
D/PowerManagerService( 188): @PowerManagement: Release UWL 'StayOnWhilePluggedIn Partial' flags [partial]
D/PowerManagerService( 188): IntentUserActivityLocked, send wakeup intent to Keyguard
D/KeyguardViewMediator( 188): Receive wakeup source, keyguard show:true
D/dalvikvm( 188): GC_CONCURRENT freed 1215K, 14% free 13562K/15687K, paused 4ms+11ms
D/dalvikvm( 290): GC_EXPLICIT freed 33K, 72% free 8978K/31111K, paused 15ms+40ms
D/MtpService( 6059): addStorageLocked 65537 /mnt/sdcard
D/MtpService( 6059): starting MTP server in MTP mode
I/ActivityManager( 188): Start proc com.asus.pcsynclauncher for broadcast com.asus.pcsynclauncher/.activity.USBReceiver: pid=6440 uid=10029 gids={3003}
D/MtpService( 6059): addStorageLocked 65537 /mnt/sdcard
I/LauncherUsbReceiver( 6440): USB Receiver : android.hardware.usb.action.USB_STATE
D/LauncherUsbReceiver( 6440): usb connected
D/LauncherUsbReceiver( 6440): extras: Bundle[{configured=true, connected=true, mtp=true}]
I/ActivityManager( 188): Start proc com.asus.UpdateLauncher for broadcast com.asus.UpdateLauncher/.UpdateLauncherIntentReceiver: pid=6457 uid=10011 gids={}
I/ActivityManager( 188): No longer want com.google.android.apps.uploader (pid 6076): hidden #16
I/Sensors ( 188): **** No Motion ****
D/PowerManagerService( 188): @PowerManagement: 'keyguard' releaseWakeLock when screen locked
D/PowerManagerService( 188): @PowerManagement: Screen Bright {true -> false}
I/power ( 188): *** set_screen_state 0
D/PowerManagerService( 188): @PowerManagement: Screen turned off mScreenOnTime=15118ms Battery: <100,8>
D/PowerManagerService( 188): @PowerManagement: Acquire UWL 'sleep_broadcast' flags [partial] refcount=1
V/Sensors ( 188): enable - sensor Accelerometer (handle 4) en -> dis
V/Sensors ( 188): enabled_sensors: 0 dmp_started: 1
V/Sensors ( 188): Stopping DMP
I/Sensors ( 188): Disabled 9 axis sensor fusion
I/MPL-mldl_cfg_mpu:( 188): inv_mpu_suspend(,,,,7fff) -> 0000
V/Sensors ( 188): setDelay - sensor Accelerometer (handle 4), rate 66 ms (15.00 Hz)
D/SurfaceFlinger( 107): About to give-up screen, flinger = 0x5df958
V/TransportControlView( 188): Create TCV com.android.internal.widget.TransportControlView@4157df28
D/PowerManagerService( 188): @PowerManagement: sending ordered bcast for ACTION_SCREEN_OFF
D/PowerManagerService( 188): @PowerManagement: Release UWL 'sleep_broadcast' flags [partial] refcount=0
D/KeyBoxService( 5205): === StatusCode: SC_UNAUTHORIZED!
D/KeyBoxService( 5205): === OTA BEGIN
E/KeyBoxService( 5205): === The target server failed to respond
D/KeyBoxService( 5205): === Retry after 4800 seconds.
D/KeyBoxService( 5205): === OTA END
I/power ( 188): *** set_screen_state 1
D/PowerManagerService( 188): @PowerManagement: Screen Bright {false -> true}
D/PowerManagerService( 188): @PowerManagement: Screen turned on mScreenOffTime=60599ms Battery: <100,8>
V/Sensors ( 188): enable - sensor Accelerometer (handle 4) dis -> en
V/Sensors ( 188): enabled_sensors: 16 dmp_started: 0
V/Sensors ( 188): Starting DMP
W/MPL-9_sup( 188): 9 axis sensor fusion not available - No compass detected.
I/Sensors ( 188): Enabled 9 axis sensor fusion
D/PowerManagerService( 188): @PowerManagement: Acquire UWL 'sleep_broadcast' flags [partial] refcount=1
D/PowerManagerService( 188): @PowerManagement: Acquire UWL 'sleep_broadcast' flags [partial] refcount=2
I/MPL-mldl_cfg_mpu:( 188): inv_mpu_resume(,,,,0070) -> 0070
V/Sensors ( 188): setDelay - sensor Accelerometer (handle 4), rate 200 ms (5.00 Hz)
V/Sensors ( 188): set fifo rate - divider : 39, delay : 200 ms (5.00 Hz)
I/MPL-fifo( 188): Actual ODR: 25000 mHz
V/Sensors ( 188): setDelay - sensor Accelerometer (handle 4), rate 66 ms (15.00 Hz)
V/Sensors ( 188): set fifo rate - divider : 13, delay : 66 ms (15.00 Hz)
I/MPL-fifo( 188): Actual ODR: 25000 mHz
D/WindowManager( 188): adjustConfigurationLw, config:{1.0 0mcc0mnc (no locale) layoutdir=0 sw800dp w1280dp h752dp xlrg land ?uimode ?night finger -keyb/v/h -nav/v} mLidOpen:-1 mHasDockFeature:true mHasHallSensorFeature:true config.hardKeyboardHidden:2
D/PowerManagerService( 188): @PowerManagement: sending ordered bcast for ACTION_SCREEN_ON
D/VLC/AudioService( 6343): Updating widget
I/WindowManager( 188): Lock screen displayed!
D/PowerManagerService( 188): @PowerManagement: Release UWL 'sleep_broadcast' flags [partial] refcount=1
D/VLC/AudioServiceContoller( 6343): Service Connected
D/PowerManagerService( 188): @PowerManagement: Release UWL 'sleep_broadcast' flags [partial] refcount=0
D/SurfaceFlinger( 107): Screen about to return, flinger = 0x5df958
D/PowerManagerService( 188): @PowerManagement: 'keyguard' releaseWakeLock when screen locked
D/OpenGLRenderer( 188): Flushing caches (mode 0)
I/HK/LatinKeyboardBaseView( 418): closing org.pocketworkstation.pckeyboard.LatinKeyboardView@412f5638
W/InputManagerService( 188): Window already focused, ignoring focus gain of: com.android.internal.view.IInputMethodClient$Stub$Proxy@413a81c8
I/TabletStatusBar( 290): DISABLE_CLOCK: no
V/TabletStatusBar( 290): setLightsOn(true)
I/ActivityManager( 188): START {act=android.intent.action.MAIN cat=[android.intent.category.HOME] flg=0x10200000 cmp=com.android.launcher/com.android.launcher2.Launcher} from pid 188
D/dalvikvm( 188): GC_FOR_ALLOC freed 695K, 14% free 13560K/15687K, paused 53ms
D/WindowManager( 188): adjustConfigurationLw, config:{1.0 0mcc0mnc (no locale) layoutdir=0 sw800dp w1280dp h752dp xlrg land ?uimode ?night finger -keyb/v/h -nav/v} mLidOpen:-1 mHasDockFeature:true mHasHallSensorFeature:true config.hardKeyboardHidden:2
D/QuickSettingsView( 290): onFinishInflate(): check if slider should be shown
V/StatusBar.StereoSepElement( 290): HDMI Display NOT connected
D/QuickSettingsView( 290): onFinishInflate(): set visibility on entire slider element to GONE
V/NvCPLService( 494): handleIntent(): START
V/NvOTAHelper( 494): IsBootEvent(): bIsBootEvent = false
V/NvOTAHelper( 494): IsAlarmWakeupEvent(): bIsAlarmWakeupEvent = false
V/NvCPLService( 494): IsPropSetNeeded(): This is NOT a request to set property NV_STEREOCTRL
V/NvCPLService( 494): IsPropSetNeeded(): This is NOT a request to set property NV_STEREOMETHOD
V/NvCPLService( 494): IsPropSetNeeded(): This is NOT a request to set property NV_STEREOSEP
V/NvCPLService( 494): IsPropSetNeeded(): Need to set property NV_STEREOSEPCHG to 0
D/NvControl_JNI( 494): com_nvidia_NvCPLSvc_setProperty(): START, set NV_STEREOSEPCHG to 0, stateId = 1, size = 1
D/NvControl_JNI( 494): com_nvidia_NvCPLSvc_setProperty(): could set the property.
D/NvControl_JNI( 494): com_nvidia_NvCPLSvc_setProperty(): FINISHED
V/NvCPLService( 494): handleIntent(): END
I/ActivityManager( 188): START {act=android.settings.SETTINGS flg=0x14000000 cmp=com.android.settings/.Settings} from pid 290
D/WindowManager( 188): adjustConfigurationLw, config:{1.0 0mcc0mnc (no locale) layoutdir=0 sw800dp w1280dp h752dp xlrg land ?uimode ?night finger -keyb/v/h -nav/v} mLidOpen:-1 mHasDockFeature:true mHasHallSensorFeature:true config.hardKeyboardHidden:2
D/dalvikvm( 472): GC_CONCURRENT freed 883K, 45% free 9490K/17095K, paused 2ms+7ms
D/OpenGLRenderer( 472): Flushing caches (mode 0)
D/QuickSettingsView( 290): onFinishInflate(): check if slider should be shown
V/StatusBar.StereoSepElement( 290): HDMI Display NOT connected
D/QuickSettingsView( 290): onFinishInflate(): set visibility on entire slider element to GONE
V/NvCPLService( 494): handleIntent(): START
V/NvOTAHelper( 494): IsBootEvent(): bIsBootEvent = false
V/NvOTAHelper( 494): IsAlarmWakeupEvent(): bIsAlarmWakeupEvent = false
V/NvCPLService( 494): IsPropSetNeeded(): This is NOT a request to set property NV_STEREOCTRL
V/NvCPLService( 494): IsPropSetNeeded(): This is NOT a request to set property NV_STEREOMETHOD
V/NvCPLService( 494): IsPropSetNeeded(): This is NOT a request to set property NV_STEREOSEP
V/NvCPLService( 494): IsPropSetNeeded(): Need to set property NV_STEREOSEPCHG to 0
D/NvControl_JNI( 494): com_nvidia_NvCPLSvc_setProperty(): START, set NV_STEREOSEPCHG to 0, stateId = 1, size = 1
D/NvControl_JNI( 494): com_nvidia_NvCPLSvc_setProperty(): could set the property.
D/NvControl_JNI( 494): com_nvidia_NvCPLSvc_setProperty(): FINISHED
V/NvCPLService( 494): handleIntent(): END
D/OpenGLRenderer( 290): Flushing caches (mode 0)
W/InputManagerService( 188): Starting input on non-focused client com.android.internal.view.IInputMethodClient$Stub$Proxy@4156bc58 (uid=10092 pid=6343)
D/OpenGLRenderer( 472): Flushing caches (mode 1)
D/AlarmManager( 188): Removed alarm Alarm{4173f668 type 2 com.google.android.apps.maps} type:ELAPSED_REALTIME_WAKEUP
D/AlarmManager( 188): Added alarm Alarm{415d20d0 type 2 com.google.android.apps.maps} type:ELAPSED_REALTIME_WAKEUP when: After 596522h:54m:46.0s
D/AlarmManager( 188): Removed alarm Alarm{41600db8 type 2 com.google.android.location} type:ELAPSED_REALTIME_WAKEUP
D/AlarmManager( 188): Added alarm Alarm{4110c590 type 2 com.google.android.location} type:ELAPSED_REALTIME_WAKEUP when: After 23h:41m:13.0s
I/keystore( 114): uid: 1000 action: t -> 3 state: 3 -> 3 retry: 4
D/dalvikvm( 5995): GC_CONCURRENT freed 350K, 6% free 7499K/7943K, paused 2ms+5ms
D/VoldCmdListener( 103): cryptfs cryptocomplete
E/Cryptfs ( 103): not running with encryption, aborting
D/dalvikvm( 5995): GC_CONCURRENT freed 249K, 5% free 7637K/8007K, paused 4ms+4ms
W/InputManagerService( 188): Window already focused, ignoring focus gain of: com.android.internal.view.IInputMethodClient$Stub$Proxy@416d2b60
W/InputManagerService( 188): Window already focused, ignoring focus gain of: com.android.internal.view.IInputMethodClient$Stub$Proxy@4130e660
I/LauncherUsbReceiver( 6440): USB Receiver : android.hardware.usb.action.USB_STATE
D/LauncherUsbReceiver( 6440): usb connected
D/LauncherUsbReceiver( 6440): extras: Bundle[{configured=false, adb=true, connected=true, mtp=true}]
I/LauncherUsbReceiver( 6440): USB Receiver : android.hardware.usb.action.USB_STATE
D/LauncherUsbReceiver( 6440): usb connected
D/LauncherUsbReceiver( 6440): extras: Bundle[{configured=true, adb=true, connected=true, mtp=true}]
D/MtpService( 6059): addStorageLocked 65537 /mnt/sdcard
D/MtpService( 6059): starting MTP server in MTP mode
D/MtpService( 6059): addStorageLocked 65537 /mnt/sdcard
I/ActivityManager( 188): START {act=android.intent.action.MAIN cat=[android.intent.category.HOME] flg=0x10200000 cmp=com.android.launcher/com.android.launcher2.Launcher} from pid 188
D/dalvikvm( 188): GC_FOR_ALLOC freed 900K, 17% free 13144K/15687K, paused 53ms
D/WindowManager( 188): adjustConfigurationLw, config:{1.0 0mcc0mnc (no locale) layoutdir=0 sw800dp w1280dp h752dp xlrg land ?uimode ?night finger -keyb/v/h -nav/v} mLidOpen:-1 mHasDockFeature:true mHasHallSensorFeature:true config.hardKeyboardHidden:2
D/OpenGLRenderer( 5995): Flushing caches (mode 0)
D/OpenGLRenderer( 5995): Flushing caches (mode 1)
W/InputManagerService( 188): Starting input on non-focused client com.android.internal.view.IInputMethodClient$Stub$Proxy@4156bbb0 (uid=1000 pid=5995)
D/PowerManagerService( 188): @PowerManagement: Sleep state requested, reason:2
D/PowerManagerService( 188): @PowerManagement: Screen Bright {true -> false}
I/power ( 188): *** set_screen_state 0
V/Sensors ( 188): enable - sensor Accelerometer (handle 4) en -> dis
V/Sensors ( 188): enabled_sensors: 0 dmp_started: 1
V/Sensors ( 188): Stopping DMP
I/Sensors ( 188): Disabled 9 axis sensor fusion
V/TransportControlView( 188): Create TCV com.android.internal.widget.TransportControlView@415ef438
D/PowerManagerService( 188): @PowerManagement: Screen turned off mScreenOnTime=36531ms Battery: <100,8>
D/PowerManagerService( 188): @PowerManagement: Acquire UWL 'sleep_broadcast' flags [partial] refcount=1
I/MPL-mldl_cfg_mpu:( 188): inv_mpu_suspend(,,,,7fff) -> 0000
V/Sensors ( 188): setDelay - sensor Accelerometer (handle 4), rate 66 ms (15.00 Hz)
D/SurfaceFlinger( 107): About to give-up screen, flinger = 0x5df958
D/PowerManagerService( 188): @PowerManagement: sending ordered bcast for ACTION_SCREEN_OFF
D/AlarmManager( 188): Added alarm Alarm{410c9850 type 2 com.google.android.gsf} type:ELAPSED_REALTIME_WAKEUP when: After 0h:0m:29.0s
D/PowerManagerService( 188): @PowerManagement: Release UWL 'sleep_broadcast' flags [partial] refcount=0
I/TabletStatusBar( 290): DISABLE_CLOCK: yes
D/PowerManagerService( 188): @PowerManagement: Auto-sleep timeout
D/AlarmManager( 188): Triggered Alarm 410c9850 ELAPSED_REALTIME_WAKEUP IntentSender{416e08d0: PendingIntentRecord{4161a6d8 com.google.android.gsf broadcastIntent}}
D/AlarmManager( 188): Triggered Alarm 41674d58 RTC_WAKEUP IntentSender{4169ca10: PendingIntentRecord{416df758 com.asus.cm broadcastIntent}}
D/CMC->PushControlReceiver( 6047): connected -> start server
D/CMC->PushService( 6047): ============== PushService.onStartCommand() ==============
D/CMC->UniqueId( 6047): get cached uniqueID
E/CMC->TaskConnection( 6047): execute TaskConnection but get IOException: failed to connect to mdmnotify1.asus.com/10.0.0.1 (port 9000): connect failed: ENETUNREACH (Network is unreachable)
E/CMC->NioClient3( 6047): NioClient thread get exception e: execute TaskConnection but get IOException
D/CMC->PushService( 6047): ============== PushService.onDestroy() ==============
D/CMC->PushUtil( 6047): State.CONNECTED
D/CMC->PushControlReceiver( 6047): set retry
D/CMC->UniqueId( 6047): get cached uniqueID
D/AlarmManager( 188): Added alarm Alarm{4169c748 type 0 com.asus.cm} type:RTC_WAKEUP when: At 3/17/12 9:29 PM