E/SystemPlayer( 4247): mFullScreenOnClickListener-->width=0;height=0
E/SystemPlayer( 4247): mFullScreenOnClickListener-->width=0;height=0
E/SystemPlayer( 4247): mFullScreenOnClickListener-->width=0;height=0
E/SystemPlayer( 4247): mFullScreenOnClickListener-->width=0;height=0
E/SystemPlayer( 4247): mFullScreenOnClickListener-->width=0;height=0
E/SystemPlayer( 4247): mFullScreenOnClickListener-->width=0;height=0
E/SystemPlayer( 4247): mFullScreenOnClickListener-->width=0;height=0
E/SystemPlayer( 4247): mFullScreenOnClickListener-->width=0;height=0
E/SystemPlayer( 4247): mFullScreenOnClickListener-->width=0;height=0
E/SystemPlayer( 4247): mFullScreenOnClickListener-->width=0;height=0
E/SystemPlayer( 4247): mFullScreenOnClickListener-->width=0;height=0
E/SystemPlayer( 4247): mFullScreenOnClickListener-->width=0;height=0
E/SystemPlayer( 4247): mFullScreenOnClickListener-->width=0;height=0
E/SystemPlayer( 4247): mFullScreenOnClickListener-->width=0;height=0
E/SystemPlayer( 4247): mFullScreenOnClickListener-->width=0;height=0
E/SystemPlayer( 4247): mFullScreenOnClickListener-->width=0;height=0
E/SystemPlayer( 4247): mFullScreenOnClickListener-->width=0;height=0
E/SystemPlayer( 4247): mFullScreenOnClickListener-->width=0;height=0
E/SystemPlayer( 4247): mFullScreenOnClickListener-->width=0;height=0
E/SystemPlayer( 4247): mFullScreenOnClickListener-->width=0;height=0
E/SystemPlayer( 4247): mFullScreenOnClickListener-->width=0;height=0
E/SystemPlayer( 4247): mFullScreenOnClickListener-->width=0;height=0
D/AlarmManager( 188): Removed alarm Alarm{4139b4f8 type 0 com.facebook.katana} type:RTC_WAKEUP
D/AlarmManager( 188): Added alarm Alarm{4161aa18 type 0 com.facebook.katana} type:RTC_WAKEUP when: At 3/17/12 8:20 PM
E/SystemPlayer( 4247): mFullScreenOnClickListener-->width=0;height=0
E/SystemPlayer( 4247): mFullScreenOnClickListener-->width=0;height=0
E/SystemPlayer( 4247): mFullScreenOnClickListener-->width=0;height=0
E/SystemPlayer( 4247): mFullScreenOnClickListener-->width=0;height=0
E/SystemPlayer( 4247): mFullScreenOnClickListener-->width=0;height=0
E/SystemPlayer( 4247): mFullScreenOnClickListener-->width=0;height=0
E/SystemPlayer( 4247): mFullScreenOnClickListener-->width=0;height=0
E/SystemPlayer( 4247): mFullScreenOnClickListener-->width=0;height=0
E/SystemPlayer( 4247): mFullScreenOnClickListener-->width=0;height=0
E/SystemPlayer( 4247): mFullScreenOnClickListener-->width=0;height=0
E/SystemPlayer( 4247): mFullScreenOnClickListener-->width=0;height=0
E/SystemPlayer( 4247): mFullScreenOnClickListener-->width=0;height=0
E/SystemPlayer( 4247): mFullScreenOnClickListener-->width=0;height=0
E/SystemPlayer( 4247): mFullScreenOnClickListener-->width=0;height=0
E/SystemPlayer( 4247): mFullScreenOnClickListener-->width=0;height=0
E/SystemPlayer( 4247): mFullScreenOnClickListener-->width=0;height=0
E/SystemPlayer( 4247): mFullScreenOnClickListener-->width=0;height=0
E/SystemPlayer( 4247): mFullScreenOnClickListener-->width=0;height=0
E/SystemPlayer( 4247): mFullScreenOnClickListener-->width=0;height=0
E/SystemPlayer( 4247): mFullScreenOnClickListener-->width=0;height=0
E/SystemPlayer( 4247): mFullScreenOnClickListener-->width=0;height=0
E/SystemPlayer( 4247): mFullScreenOnClickListener-->width=0;height=0
E/SystemPlayer( 4247): mFullScreenOnClickListener-->width=0;height=0
E/SystemPlayer( 4247): mFullScreenOnClickListener-->width=0;height=0
E/SystemPlayer( 4247): mFullScreenOnClickListener-->width=0;height=0
E/SystemPlayer( 4247): mFullScreenOnClickListener-->width=0;height=0
E/SystemPlayer( 4247): mFullScreenOnClickListener-->width=0;height=0
E/SystemPlayer( 4247): mFullScreenOnClickListener-->width=0;height=0
E/SystemPlayer( 4247): mFullScreenOnClickListener-->width=0;height=0
E/SystemPlayer( 4247): mFullScreenOnClickListener-->width=0;height=0
E/SystemPlayer( 4247): mFullScreenOnClickListener-->width=0;height=0
E/SystemPlayer( 4247): mFullScreenOnClickListener-->width=0;height=0
E/SystemPlayer( 4247): mFullScreenOnClickListener-->width=0;height=0
E/SystemPlayer( 4247): mFullScreenOnClickListener-->width=0;height=0
E/SystemPlayer( 4247): mFullScreenOnClickListener-->width=0;height=0
E/SystemPlayer( 4247): mFullScreenOnClickListener-->width=0;height=0
E/SystemPlayer( 4247): mFullScreenOnClickListener-->width=0;height=0
E/SystemPlayer( 4247): mFullScreenOnClickListener-->width=0;height=0
E/SystemPlayer( 4247): mFullScreenOnClickListener-->width=0;height=0
E/SystemPlayer( 4247): mFullScreenOnClickListener-->width=0;height=0
E/SystemPlayer( 4247): mFullScreenOnClickListener-->width=0;height=0
E/SystemPlayer( 4247): mFullScreenOnClickListener-->width=0;height=0
E/SystemPlayer( 4247): mFullScreenOnClickListener-->width=0;height=0
E/SystemPlayer( 4247): mFullScreenOnClickListener-->width=0;height=0
E/SystemPlayer( 4247): mFullScreenOnClickListener-->width=0;height=0
E/SystemPlayer( 4247): mFullScreenOnClickListener-->width=0;height=0
E/SystemPlayer( 4247): mFullScreenOnClickListener-->width=0;height=0
E/SystemPlayer( 4247): mFullScreenOnClickListener-->width=0;height=0
E/SystemPlayer( 4247): mFullScreenOnClickListener-->width=0;height=0
E/SystemPlayer( 4247): mFullScreenOnClickListener-->width=0;height=0
E/SystemPlayer( 4247): mFullScreenOnClickListener-->width=0;height=0
E/SystemPlayer( 4247): mFullScreenOnClickListener-->width=0;height=0
E/SystemPlayer( 4247): mFullScreenOnClickListener-->width=0;height=0
E/SystemPlayer( 4247): mFullScreenOnClickListener-->width=0;height=0
E/SystemPlayer( 4247): mFullScreenOnClickListener-->width=0;height=0
E/SystemPlayer( 4247): mFullScreenOnClickListener-->width=0;height=0
E/SystemPlayer( 4247): mFullScreenOnClickListener-->width=0;height=0
E/SystemPlayer( 4247): mFullScreenOnClickListener-->width=0;height=0
E/SystemPlayer( 4247): mFullScreenOnClickListener-->width=0;height=0
E/SystemPlayer( 4247): mFullScreenOnClickListener-->width=0;height=0
E/SystemPlayer( 4247): mFullScreenOnClickListener-->width=0;height=0
E/SystemPlayer( 4247): mFullScreenOnClickListener-->width=0;height=0
E/SystemPlayer( 4247): mFullScreenOnClickListener-->width=0;height=0
E/SystemPlayer( 4247): mFullScreenOnClickListener-->width=0;height=0
E/SystemPlayer( 4247): mFullScreenOnClickListener-->width=0;height=0
E/SystemPlayer( 4247): mFullScreenOnClickListener-->width=0;height=0
D/AlarmManager( 188): Removed alarm Alarm{41757608 type 0 com.facebook.katana} type:RTC_WAKEUP
D/AlarmManager( 188): Added alarm Alarm{41330fd0 type 0 com.facebook.katana} type:RTC_WAKEUP when: At 3/17/12 8:24 PM
D/AlarmManager( 188): Added alarm Alarm{4165a0f0 type 0 com.facebook.katana} type:RTC_WAKEUP when: At 3/17/12 8:19 PM
I/ActivityManager( 188): No longer want com.clov4r.android.nil (pid 4247): hidden #16
D/PowerManagerService( 188): @PowerManagement: 'MainPlayer' releaseWakeLock when screen locked
I/WindowManager( 188): WIN DEATH: Window{41683668 com.clov4r.android.nil/com.clov4r.android.nil.MainActivity paused=false}
D/PowerManagerService( 188): @PowerManagement: 'MainPlayer' releaseWakeLock when screen locked
D/PowerManagerService( 188): @PowerManagement: 'MainPlayer' releaseWakeLock when screen locked
D/PowerManagerService( 188): @PowerManagement: 'MainPlayer' releaseWakeLock when screen locked
D/PowerManagerService( 188): @PowerManagement: 'MainPlayer' releaseWakeLock when screen locked
D/PowerManagerService( 188): @PowerManagement: 'MainPlayer' releaseWakeLock when screen locked
W/InputDispatcher( 188): channel '415c3c78 com.clov4r.android.nil/com.clov4r.android.nil.ActivityStreamInput (server)' ~ Consumer closed input channel or an error occurred. events=0x8
E/InputDispatcher( 188): channel '415c3c78 com.clov4r.android.nil/com.clov4r.android.nil.ActivityStreamInput (server)' ~ Channel is unrecoverably broken and will be disposed!
W/InputDispatcher( 188): Attempted to unregister already unregistered input channel '415c3c78 com.clov4r.android.nil/com.clov4r.android.nil.ActivityStreamInput (server)'
I/WindowManager( 188): WIN DEATH: Window{415c3c78 com.clov4r.android.nil/com.clov4r.android.nil.ActivityStreamInput paused=false}
I/WindowManager( 188): WINDOW DIED Window{415c3c78 com.clov4r.android.nil/com.clov4r.android.nil.ActivityStreamInput paused=false}
D/WindowManager( 188): adjustConfigurationLw, config:{1.0 0mcc0mnc (no locale) layoutdir=0 sw800dp w1280dp h752dp xlrg land ?uimode ?night finger -keyb/v/h -nav/v} mLidOpen:-1 mHasDockFeature:true mHasHallSensorFeature:true config.hardKeyboardHidden:2
I/ActivityManager( 188): No longer want com.android.packageinstaller (pid 4935): hidden #16
D/WindowManager( 188): adjustConfigurationLw, config:{1.0 0mcc0mnc (no locale) layoutdir=0 sw800dp w1280dp h752dp xlrg land ?uimode ?night finger -keyb/v/h -nav/v} mLidOpen:-1 mHasDockFeature:true mHasHallSensorFeature:true config.hardKeyboardHidden:2
D/dalvikvm( 188): GC_FOR_ALLOC freed 476K, 13% free 13399K/15303K, paused 165ms
D/AlarmManager( 188): Triggered Alarm 4165a0f0 RTC_WAKEUP IntentSender{4173ebf0: PendingIntentRecord{416671f0 com.facebook.katana startService}}
D/AlarmManager( 188): Triggered Alarm 4161aa18 RTC_WAKEUP IntentSender{4162e950: PendingIntentRecord{41624550 com.facebook.katana startService}}
D/dalvikvm( 188): GC_EXPLICIT freed 170K, 13% free 13383K/15303K, paused 8ms+14ms
D/AlarmManager( 188): Added alarm Alarm{417548c0 type 0 com.facebook.katana} type:RTC_WAKEUP when: At 3/17/12 8:21 PM
D/AlarmManager( 188): Added alarm Alarm{4154d2b8 type 2 com.google.android.apps.maps} type:ELAPSED_REALTIME_WAKEUP when: After 0h:14m:59.0s repeatInterval: 0h:15m:0.0s
D/AlarmManager( 188): Added alarm Alarm{41579ca0 type 2 com.google.android.apps.plus} type:ELAPSED_REALTIME_WAKEUP when: After 0h:59m:59.0s repeatInterval: 1h:0m:0.0s
D/AlarmManager( 188): Triggered Alarm 4154d2b8 ELAPSED_REALTIME_WAKEUP IntentSender{415ecd00: PendingIntentRecord{4172dd10 com.google.android.apps.maps startService}}
D/AlarmManager( 188): Triggered Alarm 41579ca0 ELAPSED_REALTIME_WAKEUP IntentSender{415ce6e0: PendingIntentRecord{418b3fc8 com.google.android.apps.plus startService}}
D/AlarmManager( 188): Removed alarm Alarm{4154d2b8 type 2 com.google.android.apps.maps} type:ELAPSED_REALTIME_WAKEUP
D/AlarmManager( 188): Added alarm Alarm{41767648 type 2 com.google.android.apps.maps} type:ELAPSED_REALTIME_WAKEUP when: After 0h:29m:59.0s repeatInterval: 0h:15m:0.0s
D/AlarmManager( 188): Added alarm Alarm{41367720 type 2 com.google.android.apps.plus} type:ELAPSED_REALTIME_WAKEUP when: After 0h:14m:26.0s repeatInterval: 12h:0m:0.0s
D/AlarmManager( 188): Added alarm Alarm{412e09e0 type 2 com.google.android.apps.plus} type:ELAPSED_REALTIME_WAKEUP when: After 0h:14m:26.0s repeatInterval: 1h:0m:0.0s
V/PicasaContentProvider( 4983): querySettings: defaults: {sync_on_wifi_only=1, auto_upload_account_type=null, sync_on_battery=1, sync_picasa_on_wifi_only=1, auto_upload_enabled=0, video_upload_wifi_only=1, sync_on_roaming=0, auto_upload_account_name=null}
D/dalvikvm( 4983): GC_CONCURRENT freed 334K, 6% free 7102K/7495K, paused 8ms+10ms
D/AlarmManager( 188): Removed alarm Alarm{413a8060 type 2 android} type:ELAPSED_REALTIME_WAKEUP
D/AlarmManager( 188): Added alarm Alarm{41353f48 type 2 android} type:ELAPSED_REALTIME_WAKEUP when: After 0h:0m:29.0s
D/AlarmManager( 188): Triggered Alarm 417548c0 RTC_WAKEUP IntentSender{416b4fd0: PendingIntentRecord{417365c8 com.facebook.katana startService}}
D/dalvikvm( 5106): GC_CONCURRENT freed 485K, 8% free 7239K/7815K, paused 7ms+7ms
E/EsSyncAdapterService( 4983): Sync failure
E/EsSyncAdapterService( 4983): org.apache.http.conn.HttpHostConnectException: Connection to https://m.google.com refused
E/EsSyncAdapterService( 4983): at org.apache.http.impl.conn.DefaultClientConnectionOperator.openConnection(DefaultClientConnectionOperator.java:183)
E/EsSyncAdapterService( 4983): at org.apache.http.impl.conn.AbstractPoolEntry.open(AbstractPoolEntry.java:164)
E/EsSyncAdapterService( 4983): at org.apache.http.impl.conn.AbstractPooledConnAdapter.open(AbstractPooledConnAdapter.java:119)
E/EsSyncAdapterService( 4983): at org.apache.http.impl.client.DefaultRequestDirector.execute(DefaultRequestDirector.java:360)
E/EsSyncAdapterService( 4983): at org.apache.http.impl.client.AbstractHttpClient.execute(AbstractHttpClient.java:555)
E/EsSyncAdapterService( 4983): at org.apache.http.impl.client.AbstractHttpClient.execute(AbstractHttpClient.java:487)
E/EsSyncAdapterService( 4983): at org.apache.http.impl.client.AbstractHttpClient.execute(AbstractHttpClient.java:465)
E/EsSyncAdapterService( 4983): at com.google.android.apps.plus.network.HttpTransaction.execute(HttpTransaction.java:350)
E/EsSyncAdapterService( 4983): at com.google.android.apps.plus.network.HttpOperation.start(HttpOperation.java:189)
E/EsSyncAdapterService( 4983): at com.google.android.apps.plus.api.TacoTruckOperation.start(TacoTruckOperation.java:299)
E/EsSyncAdapterService( 4983): at com.google.android.apps.plus.network.HttpOperation.start(HttpOperation.java:158)
E/EsSyncAdapterService( 4983): at com.google.android.apps.plus.content.EsPostsData.doActivityStreamSync(EsPostsData.java:221)
E/EsSyncAdapterService( 4983): at com.google.android.apps.plus.content.EsPostsData.syncActivities(EsPostsData.java:137)
E/EsSyncAdapterService( 4983): at com.google.android.apps.plus.service.EsSyncAdapterService.doFullSync(EsSyncAdapterService.java:533)
E/EsSyncAdapterService( 4983): at com.google.android.apps.plus.service.EsSyncAdapterService.doSync(EsSyncAdapterService.java:491)
E/EsSyncAdapterService( 4983): at com.google.android.apps.plus.service.EsSyncAdapterService.access$100(EsSyncAdapterService.java:47)
E/EsSyncAdapterService( 4983): at com.google.android.apps.plus.service.EsSyncAdapterService$SyncAdapterImpl.onPerformSync(EsSyncAdapterService.java:342)
E/EsSyncAdapterService( 4983): at android.content.AbstractThreadedSyncAdapter$SyncThread.run(AbstractThreadedSyncAdapter.java:247)
E/EsSyncAdapterService( 4983): Caused by: java.net.ConnectException: failed to connect to /10.0.0.1 (port 443) after 20000ms: isConnected failed: ENETUNREACH (Network is unreachable)
E/EsSyncAdapterService( 4983): at libcore.io.IoBridge.isConnected(IoBridge.java:214)
E/EsSyncAdapterService( 4983): at libcore.io.IoBridge.connectErrno(IoBridge.java:152)
E/EsSyncAdapterService( 4983): at libcore.io.IoBridge.connect(IoBridge.java:112)
E/EsSyncAdapterService( 4983): at java.net.PlainSocketImpl.connect(PlainSocketImpl.java:192)
E/EsSyncAdapterService( 4983): at java.net.PlainSocketImpl.connect(PlainSocketImpl.java:459)
E/EsSyncAdapterService( 4983): at java.net.Socket.connect(Socket.java:842)
E/EsSyncAdapterService( 4983): at org.apache.http.conn.scheme.PlainSocketFactory.connectSocket(PlainSocketFactory.java:119)
E/EsSyncAdapterService( 4983): at org.apache.http.impl.conn.DefaultClientConnectionOperator.openConnection(DefaultClientConnectionOperator.java:144)
E/EsSyncAdapterService( 4983): ... 17 more
E/EsSyncAdapterService( 4983): Caused by: libcore.io.ErrnoException: isConnected failed: ENETUNREACH (Network is unreachable)
E/EsSyncAdapterService( 4983): at libcore.io.IoBridge.isConnected(IoBridge.java:201)
E/EsSyncAdapterService( 4983): ... 24 more
D/SyncManager( 188): failed sync operation destructchaos@gmail.com (com.google), com.google.android.apps.plus.content.EsProvider, SERVER, earliestRunTime 9033458, SyncResult: stats [ numIoExceptions: 2]
D/AlarmManager( 188): Removed alarm Alarm{4112b408 type 0 com.facebook.katana} type:RTC_WAKEUP
D/AlarmManager( 188): Added alarm Alarm{415ddad8 type 0 com.facebook.katana} type:RTC_WAKEUP when: At 3/17/12 8:51 PM
D/AlarmManager( 188): Added alarm Alarm{41674048 type 0 com.google.android.gsf} type:RTC_WAKEUP when: At 3/17/12 8:51 PM repeatInterval: 0h:30m:0.0s
D/AlarmManager( 188): Triggered Alarm 41674048 RTC_WAKEUP IntentSender{415dd010: PendingIntentRecord{417277b8 com.google.android.gsf broadcastIntent}}
I/EventLogService( 372): Aggregate from 1332039100684 (log), 1332039100684 (data)
D/AlarmManager( 188): Removed alarm Alarm{41674048 type 0 com.google.android.gsf} type:RTC_WAKEUP
D/AlarmManager( 188): Added alarm Alarm{415f5cd0 type 0 com.google.android.gsf} type:RTC_WAKEUP when: At 3/17/12 8:51 PM repeatInterval: 0h:30m:0.0s
W/ThrottleService( 188): unable to find stats for iface rmnet0
D/AlarmManager( 188): Triggered Alarm 4139dd58 ELAPSED_REALTIME_WAKEUP IntentSender{4160cb60: PendingIntentRecord{418747a0 com.google.android.gsf broadcastIntent}}
I/GTalkService/c( 372): [AndroidEndpoint@1091713816] connect: acct=1000000, state=CONNECTING
I/GTalkService/c( 372): [GTalkConnection@1091753608] connect: acct=1, state=CONNECTING
E/GTalkService( 372): connectionClosed: no XMPPConnection - That's strange!
D/AlarmManager( 188): Added alarm Alarm{412ba430 type 2 com.google.android.gsf} type:ELAPSED_REALTIME_WAKEUP when: After 0h:4m:59.0s
E/GTalkService( 372): connectionClosed: no XMPPConnection - That's strange!
D/ConnectivityService( 188): handleInetConditionHoldEnd: net=1, condition=0, published condition=0
D/AlarmManager( 188): Triggered Alarm 41353f48 ELAPSED_REALTIME_WAKEUP IntentSender{41600488: PendingIntentRecord{412a69a0 android broadcastIntent}}
D/AlarmManager( 188): Added alarm Alarm{418557b8 type 2 android} type:ELAPSED_REALTIME_WAKEUP when: After 0h:0m:30.0s
D/AlarmManager( 188): Triggered Alarm 418557b8 ELAPSED_REALTIME_WAKEUP IntentSender{4165a670: PendingIntentRecord{412a69a0 android broadcastIntent}}
D/AlarmManager( 188): Added alarm Alarm{4130cf70 type 2 android} type:ELAPSED_REALTIME_WAKEUP when: After 0h:0m:29.0s
E/EsSyncAdapterService( 4983): Sync failure
E/EsSyncAdapterService( 4983): org.apache.http.conn.HttpHostConnectException: Connection to https://m.google.com refused
E/EsSyncAdapterService( 4983): at org.apache.http.impl.conn.DefaultClientConnectionOperator.openConnection(DefaultClientConnectionOperator.java:183)
E/EsSyncAdapterService( 4983): at org.apache.http.impl.conn.AbstractPoolEntry.open(AbstractPoolEntry.java:164)
E/EsSyncAdapterService( 4983): at org.apache.http.impl.conn.AbstractPooledConnAdapter.open(AbstractPooledConnAdapter.java:119)
E/EsSyncAdapterService( 4983): at org.apache.http.impl.client.DefaultRequestDirector.execute(DefaultRequestDirector.java:360)
E/EsSyncAdapterService( 4983): at org.apache.http.impl.client.AbstractHttpClient.execute(AbstractHttpClient.java:555)
E/EsSyncAdapterService( 4983): at org.apache.http.impl.client.AbstractHttpClient.execute(AbstractHttpClient.java:487)
E/EsSyncAdapterService( 4983): at org.apache.http.impl.client.AbstractHttpClient.execute(AbstractHttpClient.java:465)
E/EsSyncAdapterService( 4983): at com.google.android.apps.plus.network.HttpTransaction.execute(HttpTransaction.java:350)
E/EsSyncAdapterService( 4983): at com.google.android.apps.plus.network.HttpOperation.start(HttpOperation.java:189)
E/EsSyncAdapterService( 4983): at com.google.android.apps.plus.api.TacoTruckOperation.start(TacoTruckOperation.java:299)
E/EsSyncAdapterService( 4983): at com.google.android.apps.plus.network.HttpOperation.start(HttpOperation.java:158)
E/EsSyncAdapterService( 4983): at com.google.android.apps.plus.content.EsPostsData.doActivityStreamSync(EsPostsData.java:221)
E/EsSyncAdapterService( 4983): at com.google.android.apps.plus.content.EsPostsData.syncActivities(EsPostsData.java:137)
E/EsSyncAdapterService( 4983): at com.google.android.apps.plus.service.EsSyncAdapterService.doFullSync(EsSyncAdapterService.java:533)
E/EsSyncAdapterService( 4983): at com.google.android.apps.plus.service.EsSyncAdapterService.doSync(EsSyncAdapterService.java:491)
E/EsSyncAdapterService( 4983): at com.google.android.apps.plus.service.EsSyncAdapterService.access$100(EsSyncAdapterService.java:47)
E/EsSyncAdapterService( 4983): at com.google.android.apps.plus.service.EsSyncAdapterService$SyncAdapterImpl.onPerformSync(EsSyncAdapterService.java:342)
E/EsSyncAdapterService( 4983): at android.content.AbstractThreadedSyncAdapter$SyncThread.run(AbstractThreadedSyncAdapter.java:247)
E/EsSyncAdapterService( 4983): Caused by: java.net.ConnectException: failed to connect to /10.0.0.1 (port 443) after 20000ms: isConnected failed: ENETUNREACH (Network is unreachable)
E/EsSyncAdapterService( 4983): at libcore.io.IoBridge.isConnected(IoBridge.java:214)
E/EsSyncAdapterService( 4983): at libcore.io.IoBridge.connectErrno(IoBridge.java:152)
E/EsSyncAdapterService( 4983): at libcore.io.IoBridge.connect(IoBridge.java:112)
E/EsSyncAdapterService( 4983): at java.net.PlainSocketImpl.connect(PlainSocketImpl.java:192)
E/EsSyncAdapterService( 4983): at java.net.PlainSocketImpl.connect(PlainSocketImpl.java:459)
E/EsSyncAdapterService( 4983): at java.net.Socket.connect(Socket.java:842)
E/EsSyncAdapterService( 4983): at org.apache.http.conn.scheme.PlainSocketFactory.connectSocket(PlainSocketFactory.java:119)
E/EsSyncAdapterService( 4983): at org.apache.http.impl.conn.DefaultClientConnectionOperator.openConnection(DefaultClientConnectionOperator.java:144)
E/EsSyncAdapterService( 4983): ... 17 more
E/EsSyncAdapterService( 4983): Caused by: libcore.io.ErrnoException: isConnected failed: ENETUNREACH (Network is unreachable)
E/EsSyncAdapterService( 4983): at libcore.io.IoBridge.isConnected(IoBridge.java:201)
E/EsSyncAdapterService( 4983): ... 24 more
D/SyncManager( 188): failed sync operation destructchaos@gmail.com (com.google), com.google.android.apps.plus.content.EsProvider, SERVER, earliestRunTime 9034312, SyncResult: stats [ numIoExceptions: 2]
D/AlarmManager( 188): Triggered Alarm 4130cf70 ELAPSED_REALTIME_WAKEUP IntentSender{4139a5a0: PendingIntentRecord{412a69a0 android broadcastIntent}}
D/AlarmManager( 188): Added alarm Alarm{417ef0b0 type 2 android} type:ELAPSED_REALTIME_WAKEUP when: After 0h:0m:35.0s
D/AlarmManager( 188): Triggered Alarm 417ef0b0 ELAPSED_REALTIME_WAKEUP IntentSender{4185b9b0: PendingIntentRecord{412a69a0 android broadcastIntent}}
D/AlarmManager( 188): Added alarm Alarm{41736ae0 type 2 android} type:ELAPSED_REALTIME_WAKEUP when: After 0h:0m:29.0s
D/dalvikvm( 4983): GC_CONCURRENT freed 382K, 7% free 7124K/7623K, paused 7ms+6ms
E/EsSyncAdapterService( 4983): Sync failure
E/EsSyncAdapterService( 4983): org.apache.http.conn.HttpHostConnectException: Connection to https://m.google.com refused
E/EsSyncAdapterService( 4983): at org.apache.http.impl.conn.DefaultClientConnectionOperator.openConnection(DefaultClientConnectionOperator.java:183)
E/EsSyncAdapterService( 4983): at org.apache.http.impl.conn.AbstractPoolEntry.open(AbstractPoolEntry.java:164)
E/EsSyncAdapterService( 4983): at org.apache.http.impl.conn.AbstractPooledConnAdapter.open(AbstractPooledConnAdapter.java:119)
E/EsSyncAdapterService( 4983): at org.apache.http.impl.client.DefaultRequestDirector.execute(DefaultRequestDirector.java:360)
E/EsSyncAdapterService( 4983): at org.apache.http.impl.client.AbstractHttpClient.execute(AbstractHttpClient.java:555)
E/EsSyncAdapterService( 4983): at org.apache.http.impl.client.AbstractHttpClient.execute(AbstractHttpClient.java:487)
E/EsSyncAdapterService( 4983): at org.apache.http.impl.client.AbstractHttpClient.execute(AbstractHttpClient.java:465)
E/EsSyncAdapterService( 4983): at com.google.android.apps.plus.network.HttpTransaction.execute(HttpTransaction.java:350)
E/EsSyncAdapterService( 4983): at com.google.android.apps.plus.network.HttpOperation.start(HttpOperation.java:189)
E/EsSyncAdapterService( 4983): at com.google.android.apps.plus.api.TacoTruckOperation.start(TacoTruckOperation.java:299)
E/EsSyncAdapterService( 4983): at com.google.android.apps.plus.network.HttpOperation.start(HttpOperation.java:158)
E/EsSyncAdapterService( 4983): at com.google.android.apps.plus.content.EsPostsData.doActivityStreamSync(EsPostsData.java:221)
E/EsSyncAdapterService( 4983): at com.google.android.apps.plus.content.EsPostsData.syncActivities(EsPostsData.java:137)
E/EsSyncAdapterService( 4983): at com.google.android.apps.plus.service.EsSyncAdapterService.doFullSync(EsSyncAdapterService.java:533)
E/EsSyncAdapterService( 4983): at com.google.android.apps.plus.service.EsSyncAdapterService.doSync(EsSyncAdapterService.java:491)
E/EsSyncAdapterService( 4983): at com.google.android.apps.plus.service.EsSyncAdapterService.access$100(EsSyncAdapterService.java:47)
E/EsSyncAdapterService( 4983): at com.google.android.apps.plus.service.EsSyncAdapterService$SyncAdapterImpl.onPerformSync(EsSyncAdapterService.java:342)
E/EsSyncAdapterService( 4983): at android.content.AbstractThreadedSyncAdapter$SyncThread.run(AbstractThreadedSyncAdapter.java:247)
E/EsSyncAdapterService( 4983): Caused by: java.net.ConnectException: failed to connect to /10.0.0.1 (port 443) after 20000ms: isConnected failed: ENETUNREACH (Network is unreachable)
E/EsSyncAdapterService( 4983): at libcore.io.IoBridge.isConnected(IoBridge.java:214)
E/EsSyncAdapterService( 4983): at libcore.io.IoBridge.connectErrno(IoBridge.java:152)
E/EsSyncAdapterService( 4983): at libcore.io.IoBridge.connect(IoBridge.java:112)
E/EsSyncAdapterService( 4983): at java.net.PlainSocketImpl.connect(PlainSocketImpl.java:192)
E/EsSyncAdapterService( 4983): at java.net.PlainSocketImpl.connect(PlainSocketImpl.java:459)
E/EsSyncAdapterService( 4983): at java.net.Socket.connect(Socket.java:842)
E/EsSyncAdapterService( 4983): at org.apache.http.conn.scheme.PlainSocketFactory.connectSocket(PlainSocketFactory.java:119)
E/EsSyncAdapterService( 4983): at org.apache.http.impl.conn.DefaultClientConnectionOperator.openConnection(DefaultClientConnectionOperator.java:144)
E/EsSyncAdapterService( 4983): ... 17 more
E/EsSyncAdapterService( 4983): Caused by: libcore.io.ErrnoException: isConnected failed: ENETUNREACH (Network is unreachable)
E/EsSyncAdapterService( 4983): at libcore.io.IoBridge.isConnected(IoBridge.java:201)
E/EsSyncAdapterService( 4983): ... 24 more
D/SyncManager( 188): failed sync operation destructchaos@gmail.com (com.google), com.google.android.apps.plus.content.EsProvider, SERVER, earliestRunTime 9094097, SyncResult: stats [ numIoExceptions: 2]
D/AlarmManager( 188): Triggered Alarm 41736ae0 ELAPSED_REALTIME_WAKEUP IntentSender{41720b28: PendingIntentRecord{412a69a0 android broadcastIntent}}
D/AlarmManager( 188): Added alarm Alarm{417a36d8 type 2 android} type:ELAPSED_REALTIME_WAKEUP when: After 0h:1m:41.0s
D/AlarmManager( 188): Triggered Alarm 415c2a18 RTC_WAKEUP IntentSender{41369940: PendingIntentRecord{415df918 com.ted.android startService}}
I/ActivityManager( 188): Start proc com.ted.android for service com.ted.android/.service.DataUpdaterService: pid=5160 uid=10012 gids={3003, 1015}
I/ActivityThread( 5160): Pub com.ted.android.contentprovider.SearchProvider: com.ted.android.contentprovider.SearchProvider
I/Logging ( 5160): Testing for android stub library...
D/dalvikvm( 5160): GC_CONCURRENT freed 184K, 5% free 6751K/7047K, paused 6ms+5ms
D/AlarmManager( 188): Added alarm Alarm{413a0100 type 0 com.ted.android} type:RTC_WAKEUP when: At 3/17/12 9:24 PM
I/ActivityManager( 188): No longer want com.android.gallery3d (pid 4218): hidden #16
D/WindowManager( 188): adjustConfigurationLw, config:{1.0 0mcc0mnc (no locale) layoutdir=0 sw800dp w1280dp h752dp xlrg land ?uimode ?night finger -keyb/v/h -nav/v} mLidOpen:-1 mHasDockFeature:true mHasHallSensorFeature:true config.hardKeyboardHidden:2
D/AlarmManager( 188): Triggered Alarm 41330fd0 RTC_WAKEUP IntentSender{416048d8: PendingIntentRecord{416d6608 com.facebook.katana startService}}
D/AlarmManager( 188): Added alarm Alarm{41558db0 type 0 com.facebook.katana} type:RTC_WAKEUP when: At 3/17/12 8:29 PM
D/AlarmManager( 188): Added alarm Alarm{416a7ec0 type 0 com.facebook.katana} type:RTC_WAKEUP when: At 3/17/12 8:24 PM
D/AlarmManager( 188): Triggered Alarm 416a7ec0 RTC_WAKEUP IntentSender{416e0d30: PendingIntentRecord{4169eb48 com.facebook.katana startService}}
D/AlarmManager( 188): Triggered Alarm 417a36d8 ELAPSED_REALTIME_WAKEUP IntentSender{41774218: PendingIntentRecord{412a69a0 android broadcastIntent}}
D/AlarmManager( 188): Added alarm Alarm{41771fa0 type 2 android} type:ELAPSED_REALTIME_WAKEUP when: After 0h:0m:29.0s
E/EsSyncAdapterService( 4983): Sync failure
E/EsSyncAdapterService( 4983): org.apache.http.conn.HttpHostConnectException: Connection to https://m.google.com refused
E/EsSyncAdapterService( 4983): at org.apache.http.impl.conn.DefaultClientConnectionOperator.openConnection(DefaultClientConnectionOperator.java:183)
E/EsSyncAdapterService( 4983): at org.apache.http.impl.conn.AbstractPoolEntry.open(AbstractPoolEntry.java:164)
E/EsSyncAdapterService( 4983): at org.apache.http.impl.conn.AbstractPooledConnAdapter.open(AbstractPooledConnAdapter.java:119)
E/EsSyncAdapterService( 4983): at org.apache.http.impl.client.DefaultRequestDirector.execute(DefaultRequestDirector.java:360)
E/EsSyncAdapterService( 4983): at org.apache.http.impl.client.AbstractHttpClient.execute(AbstractHttpClient.java:555)
E/EsSyncAdapterService( 4983): at org.apache.http.impl.client.AbstractHttpClient.execute(AbstractHttpClient.java:487)
E/EsSyncAdapterService( 4983): at org.apache.http.impl.client.AbstractHttpClient.execute(AbstractHttpClient.java:465)
E/EsSyncAdapterService( 4983): at com.google.android.apps.plus.network.HttpTransaction.execute(HttpTransaction.java:350)
E/EsSyncAdapterService( 4983): at com.google.android.apps.plus.network.HttpOperation.start(HttpOperation.java:189)
E/EsSyncAdapterService( 4983): at com.google.android.apps.plus.api.TacoTruckOperation.start(TacoTruckOperation.java:299)
E/EsSyncAdapterService( 4983): at com.google.android.apps.plus.network.HttpOperation.start(HttpOperation.java:158)
E/EsSyncAdapterService( 4983): at com.google.android.apps.plus.content.EsPostsData.doActivityStreamSync(EsPostsData.java:221)
E/EsSyncAdapterService( 4983): at com.google.android.apps.plus.content.EsPostsData.syncActivities(EsPostsData.java:137)
E/EsSyncAdapterService( 4983): at com.google.android.apps.plus.service.EsSyncAdapterService.doFullSync(EsSyncAdapterService.java:533)
E/EsSyncAdapterService( 4983): at com.google.android.apps.plus.service.EsSyncAdapterService.doSync(EsSyncAdapterService.java:491)
E/EsSyncAdapterService( 4983): at com.google.android.apps.plus.service.EsSyncAdapterService.access$100(EsSyncAdapterService.java:47)
E/EsSyncAdapterService( 4983): at com.google.android.apps.plus.service.EsSyncAdapterService$SyncAdapterImpl.onPerformSync(EsSyncAdapterService.java:342)
E/EsSyncAdapterService( 4983): at android.content.AbstractThreadedSyncAdapter$SyncThread.run(AbstractThreadedSyncAdapter.java:247)
E/EsSyncAdapterService( 4983): Caused by: java.net.ConnectException: failed to connect to /10.0.0.1 (port 443) after 20000ms: isConnected failed: ENETUNREACH (Network is unreachable)
E/EsSyncAdapterService( 4983): at libcore.io.IoBridge.isConnected(IoBridge.java:214)
E/EsSyncAdapterService( 4983): at libcore.io.IoBridge.connectErrno(IoBridge.java:152)
E/EsSyncAdapterService( 4983): at libcore.io.IoBridge.connect(IoBridge.java:112)
E/EsSyncAdapterService( 4983): at java.net.PlainSocketImpl.connect(PlainSocketImpl.java:192)
E/EsSyncAdapterService( 4983): at java.net.PlainSocketImpl.connect(PlainSocketImpl.java:459)
E/EsSyncAdapterService( 4983): at java.net.Socket.connect(Socket.java:842)
E/EsSyncAdapterService( 4983): at org.apache.http.conn.scheme.PlainSocketFactory.connectSocket(PlainSocketFactory.java:119)
E/EsSyncAdapterService( 4983): at org.apache.http.impl.conn.DefaultClientConnectionOperator.openConnection(DefaultClientConnectionOperator.java:144)
E/EsSyncAdapterService( 4983): ... 17 more
E/EsSyncAdapterService( 4983): Caused by: libcore.io.ErrnoException: isConnected failed: ENETUNREACH (Network is unreachable)
E/EsSyncAdapterService( 4983): at libcore.io.IoBridge.isConnected(IoBridge.java:201)
E/EsSyncAdapterService( 4983): ... 24 more
D/SyncManager( 188): failed sync operation destructchaos@gmail.com (com.google), com.google.android.apps.plus.content.EsProvider, SERVER, earliestRunTime 9160278, SyncResult: stats [ numIoExceptions: 2]
D/AlarmManager( 188): Triggered Alarm 41771fa0 ELAPSED_REALTIME_WAKEUP IntentSender{416045f8: PendingIntentRecord{412a69a0 android broadcastIntent}}
D/AlarmManager( 188): Added alarm Alarm{41766850 type 2 android} type:ELAPSED_REALTIME_WAKEUP when: After 0h:3m:53.0s
D/AlarmManager( 188): Triggered Alarm 412ba430 ELAPSED_REALTIME_WAKEUP IntentSender{4162a790: PendingIntentRecord{418747a0 com.google.android.gsf broadcastIntent}}
I/GTalkService/c( 372): [AndroidEndpoint@1091713816] connect: acct=1000000, state=CONNECTING
I/GTalkService/c( 372): [GTalkConnection@1091753608] connect: acct=1, state=CONNECTING
E/GTalkService( 372): connectionClosed: no XMPPConnection - That's strange!
D/AlarmManager( 188): Added alarm Alarm{417355d8 type 2 com.google.android.gsf} type:ELAPSED_REALTIME_WAKEUP when: After 0h:4m:59.0s
E/GTalkService( 372): connectionClosed: no XMPPConnection - That's strange!
D/ConnectivityService( 188): handleInetConditionHoldEnd: net=1, condition=0, published condition=0
D/AlarmManager( 188): Triggered Alarm 41558db0 RTC_WAKEUP IntentSender{4130bfb0: PendingIntentRecord{41558d38 com.facebook.katana startService}}
D/AlarmManager( 188): Added alarm Alarm{41556278 type 0 com.facebook.katana} type:RTC_WAKEUP when: At 3/17/12 8:34 PM
D/AlarmManager( 188): Added alarm Alarm{415c7c98 type 0 com.facebook.katana} type:RTC_WAKEUP when: At 3/17/12 8:29 PM
D/AlarmManager( 188): Triggered Alarm 415c7c98 RTC_WAKEUP IntentSender{41393658: PendingIntentRecord{415c7bf8 com.facebook.katana startService}}
D/AlarmManager( 188): Triggered Alarm 41766850 ELAPSED_REALTIME_WAKEUP IntentSender{41333990: PendingIntentRecord{412a69a0 android broadcastIntent}}
D/AlarmManager( 188): Added alarm Alarm{41690768 type 2 android} type:ELAPSED_REALTIME_WAKEUP when: After 0h:0m:29.0s
E/EsSyncAdapterService( 4983): Sync failure
E/EsSyncAdapterService( 4983): org.apache.http.conn.HttpHostConnectException: Connection to https://m.google.com refused
E/EsSyncAdapterService( 4983): at org.apache.http.impl.conn.DefaultClientConnectionOperator.openConnection(DefaultClientConnectionOperator.java:183)
E/EsSyncAdapterService( 4983): at org.apache.http.impl.conn.AbstractPoolEntry.open(AbstractPoolEntry.java:164)
E/EsSyncAdapterService( 4983): at org.apache.http.impl.conn.AbstractPooledConnAdapter.open(AbstractPooledConnAdapter.java:119)
E/EsSyncAdapterService( 4983): at org.apache.http.impl.client.DefaultRequestDirector.execute(DefaultRequestDirector.java:360)
E/EsSyncAdapterService( 4983): at org.apache.http.impl.client.AbstractHttpClient.execute(AbstractHttpClient.java:555)
E/EsSyncAdapterService( 4983): at org.apache.http.impl.client.AbstractHttpClient.execute(AbstractHttpClient.java:487)
E/EsSyncAdapterService( 4983): at org.apache.http.impl.client.AbstractHttpClient.execute(AbstractHttpClient.java:465)
E/EsSyncAdapterService( 4983): at com.google.android.apps.plus.network.HttpTransaction.execute(HttpTransaction.java:350)
E/EsSyncAdapterService( 4983): at com.google.android.apps.plus.network.HttpOperation.start(HttpOperation.java:189)
E/EsSyncAdapterService( 4983): at com.google.android.apps.plus.api.TacoTruckOperation.start(TacoTruckOperation.java:299)
E/EsSyncAdapterService( 4983): at com.google.android.apps.plus.network.HttpOperation.start(HttpOperation.java:158)
E/EsSyncAdapterService( 4983): at com.google.android.apps.plus.content.EsPostsData.doActivityStreamSync(EsPostsData.java:221)
E/EsSyncAdapterService( 4983): at com.google.android.apps.plus.content.EsPostsData.syncActivities(EsPostsData.java:137)
E/EsSyncAdapterService( 4983): at com.google.android.apps.plus.service.EsSyncAdapterService.doFullSync(EsSyncAdapterService.java:533)
E/EsSyncAdapterService( 4983): at com.google.android.apps.plus.service.EsSyncAdapterService.doSync(EsSyncAdapterService.java:491)
E/EsSyncAdapterService( 4983): at com.google.android.apps.plus.service.EsSyncAdapterService.access$100(EsSyncAdapterService.java:47)
E/EsSyncAdapterService( 4983): at com.google.android.apps.plus.service.EsSyncAdapterService$SyncAdapterImpl.onPerformSync(EsSyncAdapterService.java:342)
E/EsSyncAdapterService( 4983): at android.content.AbstractThreadedSyncAdapter$SyncThread.run(AbstractThreadedSyncAdapter.java:247)
E/EsSyncAdapterService( 4983): Caused by: java.net.ConnectException: failed to connect to /10.0.0.1 (port 443) after 20000ms: isConnected failed: ENETUNREACH (Network is unreachable)
E/EsSyncAdapterService( 4983): at libcore.io.IoBridge.isConnected(IoBridge.java:214)
E/EsSyncAdapterService( 4983): at libcore.io.IoBridge.connectErrno(IoBridge.java:152)
E/EsSyncAdapterService( 4983): at libcore.io.IoBridge.connect(IoBridge.java:112)
E/EsSyncAdapterService( 4983): at java.net.PlainSocketImpl.connect(PlainSocketImpl.java:192)
E/EsSyncAdapterService( 4983): at java.net.PlainSocketImpl.connect(PlainSocketImpl.java:459)
E/EsSyncAdapterService( 4983): at java.net.Socket.connect(Socket.java:842)
E/EsSyncAdapterService( 4983): at org.apache.http.conn.scheme.PlainSocketFactory.connectSocket(PlainSocketFactory.java:119)
E/EsSyncAdapterService( 4983): at org.apache.http.impl.conn.DefaultClientConnectionOperator.openConnection(DefaultClientConnectionOperator.java:144)
E/EsSyncAdapterService( 4983): ... 17 more
E/EsSyncAdapterService( 4983): Caused by: libcore.io.ErrnoException: isConnected failed: ENETUNREACH (Network is unreachable)
E/EsSyncAdapterService( 4983): at libcore.io.IoBridge.isConnected(IoBridge.java:201)
E/EsSyncAdapterService( 4983): ... 24 more
D/SyncManager( 188): failed sync operation destructchaos@gmail.com (com.google), com.google.android.apps.plus.content.EsProvider, SERVER, earliestRunTime 9292105, SyncResult: stats [ numIoExceptions: 2]
D/AlarmManager( 188): Triggered Alarm 41690768 ELAPSED_REALTIME_WAKEUP IntentSender{4123f488: PendingIntentRecord{412a69a0 android broadcastIntent}}
D/AlarmManager( 188): Added alarm Alarm{417f6818 type 2 android} type:ELAPSED_REALTIME_WAKEUP when: After 0h:8m:16.0s
W/ThrottleService( 188): unable to find stats for iface rmnet0
D/AlarmManager( 188): Triggered Alarm 417355d8 ELAPSED_REALTIME_WAKEUP IntentSender{412b5a28: PendingIntentRecord{418747a0 com.google.android.gsf broadcastIntent}}
I/GTalkService/c( 372): [AndroidEndpoint@1091713816] connect: acct=1000000, state=CONNECTING
I/GTalkService/c( 372): [GTalkConnection@1091753608] connect: acct=1, state=CONNECTING
E/GTalkService( 372): connectionClosed: no XMPPConnection - That's strange!
D/AlarmManager( 188): Added alarm Alarm{4168aea0 type 2 com.google.android.gsf} type:ELAPSED_REALTIME_WAKEUP when: After 0h:4m:59.0s
E/GTalkService( 372): connectionClosed: no XMPPConnection - That's strange!
D/ConnectivityService( 188): handleInetConditionHoldEnd: net=1, condition=0, published condition=0
D/AlarmManager( 188): Triggered Alarm 41556278 RTC_WAKEUP IntentSender{41187660: PendingIntentRecord{415561d8 com.facebook.katana startService}}
D/AlarmManager( 188): Added alarm Alarm{4185cc28 type 0 com.facebook.katana} type:RTC_WAKEUP when: At 3/19/12 8:34 PM
D/AlarmManager( 188): Added alarm Alarm{4161b690 type 0 com.facebook.katana} type:RTC_WAKEUP when: At 3/17/12 8:34 PM
I/ActivityManager( 188): No longer want com.asus.wvdrm (pid 1134): hidden #16
W/ActivityManager( 188): Scheduling restart of crashed service com.asus.wvdrm/.KeyBoxService in 5000ms
D/WindowManager( 188): adjustConfigurationLw, config:{1.0 0mcc0mnc (no locale) layoutdir=0 sw800dp w1280dp h752dp xlrg land ?uimode ?night finger -keyb/v/h -nav/v} mLidOpen:-1 mHasDockFeature:true mHasHallSensorFeature:true config.hardKeyboardHidden:2
D/AlarmManager( 188): Triggered Alarm 4161b690 RTC_WAKEUP IntentSender{4172bb18: PendingIntentRecord{4161b5f0 com.facebook.katana startService}}
I/ActivityManager( 188): Start proc com.asus.wvdrm for service com.asus.wvdrm/.KeyBoxService: pid=5205 uid=1000 gids={3003, 1015, 3002, 3001, 3007}
D/KeyBoxService( 5205): === onCreate()
D/KeyBoxService( 5205): === onStartCommand(), intent=null, flags=2, startId=5
D/KeyBoxService( 5205): === StatusCode: SC_UNAUTHORIZED!
D/KeyBoxService( 5205): === OTA BEGIN
E/KeyBoxService( 5205): === The target server failed to respond
D/KeyBoxService( 5205): === Retry after 60 seconds.
D/KeyBoxService( 5205): === OTA END
D/AlarmManager( 188): Added alarm Alarm{412e09e0 type 2 com.google.android.apps.plus} type:ELAPSED_REALTIME_WAKEUP when: After 0h:59m:59.0s repeatInterval: 1h:0m:0.0s
D/AlarmManager( 188): Added alarm Alarm{41367720 type 2 com.google.android.apps.plus} type:ELAPSED_REALTIME_WAKEUP when: After 11h:59m:59.0s repeatInterval: 12h:0m:0.0s
D/AlarmManager( 188): Triggered Alarm 412e09e0 ELAPSED_REALTIME_WAKEUP IntentSender{416b3e08: PendingIntentRecord{412fa100 com.google.android.apps.plus startService}}
D/AlarmManager( 188): Triggered Alarm 41367720 ELAPSED_REALTIME_WAKEUP IntentSender{4108cec0: PendingIntentRecord{413718c0 com.google.android.apps.plus startService}}
V/PicasaContentProvider( 4983): querySettings: defaults: {sync_on_wifi_only=1, auto_upload_account_type=null, sync_on_battery=1, sync_picasa_on_wifi_only=1, auto_upload_enabled=0, video_upload_wifi_only=1, sync_on_roaming=0, auto_upload_account_name=null}
D/AlarmManager( 188): Triggered Alarm 4168aea0 ELAPSED_REALTIME_WAKEUP IntentSender{417a23f8: PendingIntentRecord{418747a0 com.google.android.gsf broadcastIntent}}
I/GTalkService/c( 372): [AndroidEndpoint@1091713816] connect: acct=1000000, state=CONNECTING
I/GTalkService/c( 372): [GTalkConnection@1091753608] connect: acct=1, state=CONNECTING
E/GTalkService( 372): connectionClosed: no XMPPConnection - That's strange!
D/AlarmManager( 188): Added alarm Alarm{4157b8c0 type 2 com.google.android.gsf} type:ELAPSED_REALTIME_WAKEUP when: After 0h:4m:59.0s
D/dalvikvm( 372): GC_CONCURRENT freed 400K, 8% free 7933K/8583K, paused 7ms+8ms
E/GTalkService( 372): connectionClosed: no XMPPConnection - That's strange!
D/ConnectivityService( 188): handleInetConditionHoldEnd: net=1, condition=0, published condition=0
I/power ( 188): *** set_screen_state 1
D/PowerManagerService( 188): @PowerManagement: Screen Bright {false -> true}
D/PowerManagerService( 188): @PowerManagement: Screen turned on mScreenOffTime=1908956ms Battery: <100,8>
D/PowerManagerService( 188): @PowerManagement: Acquire UWL 'sleep_broadcast' flags [partial] refcount=1
V/Sensors ( 188): enable - sensor Accelerometer (handle 4) dis -> en
V/Sensors ( 188): enabled_sensors: 16 dmp_started: 0
V/Sensors ( 188): Starting DMP
W/MPL-9_sup( 188): 9 axis sensor fusion not available - No compass detected.
I/Sensors ( 188): Enabled 9 axis sensor fusion
D/PowerManagerService( 188): @PowerManagement: Acquire UWL 'sleep_broadcast' flags [partial] refcount=2
I/MPL-mldl_cfg_mpu:( 188): inv_mpu_resume(,,,,0070) -> 0070
V/Sensors ( 188): setDelay - sensor Accelerometer (handle 4), rate 200 ms (5.00 Hz)
V/Sensors ( 188): set fifo rate - divider : 39, delay : 200 ms (5.00 Hz)
I/MPL-fifo( 188): Actual ODR: 25000 mHz
V/Sensors ( 188): setDelay - sensor Accelerometer (handle 4), rate 66 ms (15.00 Hz)
V/Sensors ( 188): set fifo rate - divider : 13, delay : 66 ms (15.00 Hz)
I/MPL-fifo( 188): Actual ODR: 25000 mHz
D/WindowManager( 188): adjustConfigurationLw, config:{1.0 0mcc0mnc (no locale) layoutdir=0 sw800dp w1280dp h752dp xlrg land ?uimode ?night finger -keyb/v/h -nav/v} mLidOpen:-1 mHasDockFeature:true mHasHallSensorFeature:true config.hardKeyboardHidden:2
D/PowerManagerService( 188): @PowerManagement: sending ordered bcast for ACTION_SCREEN_ON
I/WindowManager( 188): Lock screen displayed!
D/PowerManagerService( 188): @PowerManagement: Release UWL 'sleep_broadcast' flags [partial] refcount=1
D/PowerManagerService( 188): @PowerManagement: Release UWL 'sleep_broadcast' flags [partial] refcount=0
D/SurfaceFlinger( 107): Screen about to return, flinger = 0x5df958
D/dalvikvm( 188): GC_CONCURRENT freed 1510K, 12% free 13489K/15303K, paused 11ms+10ms
D/OpenGLRenderer( 188): Flushing caches (mode 0)
D/PowerManagerService( 188): @PowerManagement: 'keyguard' releaseWakeLock when screen locked
I/HK/LatinKeyboardBaseView( 418): closing org.pocketworkstation.pckeyboard.LatinKeyboardView@415ec2d8
W/InputManagerService( 188): Window already focused, ignoring focus gain of: com.android.internal.view.IInputMethodClient$Stub$Proxy@4157a8b8
I/TabletStatusBar( 290): DISABLE_CLOCK: no
D/QuickSettingsView( 290): onFinishInflate(): check if slider should be shown
V/StatusBar.StereoSepElement( 290): HDMI Display NOT connected
D/QuickSettingsView( 290): onFinishInflate(): set visibility on entire slider element to GONE
V/NvCPLService( 494): handleIntent(): START
V/NvOTAHelper( 494): IsBootEvent(): bIsBootEvent = false
V/NvOTAHelper( 494): IsAlarmWakeupEvent(): bIsAlarmWakeupEvent = false
V/NvCPLService( 494): IsPropSetNeeded(): This is NOT a request to set property NV_STEREOCTRL
V/NvCPLService( 494): IsPropSetNeeded(): This is NOT a request to set property NV_STEREOMETHOD
V/NvCPLService( 494): IsPropSetNeeded(): This is NOT a request to set property NV_STEREOSEP
V/NvCPLService( 494): IsPropSetNeeded(): Need to set property NV_STEREOSEPCHG to 0
D/NvControl_JNI( 494): com_nvidia_NvCPLSvc_setProperty(): START, set NV_STEREOSEPCHG to 0, stateId = 1, size = 1
D/NvControl_JNI( 494): com_nvidia_NvCPLSvc_setProperty(): could set the property.
D/NvControl_JNI( 494): com_nvidia_NvCPLSvc_setProperty(): FINISHED
V/NvCPLService( 494): handleIntent(): END
I/ActivityManager( 188): START {act=android.settings.SETTINGS flg=0x14000000 cmp=com.android.settings/.Settings} from pid 290
D/WindowManager( 188): adjustConfigurationLw, config:{1.0 0mcc0mnc (no locale) layoutdir=0 sw800dp w1280dp h752dp xlrg land ?uimode ?night finger -keyb/v/h -nav/v} mLidOpen:-1 mHasDockFeature:true mHasHallSensorFeature:true config.hardKeyboardHidden:2
I/ManageApplications( 3444): onCreateOptionsMenu in ManageApplications{411384d8 #1 id=0x10202d6}: com.android.internal.view.menu.MenuBuilder@411b2dd8
D/OpenGLRenderer( 472): Flushing caches (mode 1)
D/QuickSettingsView( 290): onFinishInflate(): check if slider should be shown
V/StatusBar.StereoSepElement( 290): HDMI Display NOT connected
D/QuickSettingsView( 290): onFinishInflate(): set visibility on entire slider element to GONE
V/NvCPLService( 494): handleIntent(): START
V/NvOTAHelper( 494): IsBootEvent(): bIsBootEvent = false
V/NvOTAHelper( 494): IsAlarmWakeupEvent(): bIsAlarmWakeupEvent = false
V/NvCPLService( 494): IsPropSetNeeded(): This is NOT a request to set property NV_STEREOCTRL
V/NvCPLService( 494): IsPropSetNeeded(): This is NOT a request to set property NV_STEREOMETHOD
V/NvCPLService( 494): IsPropSetNeeded(): This is NOT a request to set property NV_STEREOSEP
V/NvCPLService( 494): IsPropSetNeeded(): Need to set property NV_STEREOSEPCHG to 0
D/NvControl_JNI( 494): com_nvidia_NvCPLSvc_setProperty(): START, set NV_STEREOSEPCHG to 0, stateId = 1, size = 1
D/NvControl_JNI( 494): com_nvidia_NvCPLSvc_setProperty(): could set the property.
D/NvControl_JNI( 494): com_nvidia_NvCPLSvc_setProperty(): FINISHED
V/NvCPLService( 494): handleIntent(): END
D/OpenGLRenderer( 290): Flushing caches (mode 0)
D/OpenGLRenderer( 472): Flushing caches (mode 0)
D/dalvikvm( 3964): GC_CONCURRENT freed 430K, 8% free 6503K/7047K, paused 2ms+1ms
D/AlarmManager( 188): Removed alarm Alarm{415e3d48 type 2 com.google.android.apps.maps} type:ELAPSED_REALTIME_WAKEUP
D/AlarmManager( 188): Added alarm Alarm{418833c8 type 2 com.google.android.apps.maps} type:ELAPSED_REALTIME_WAKEUP when: After 596522h:1m:59.0s
D/AlarmManager( 188): Removed alarm Alarm{41395778 type 2 com.google.android.location} type:ELAPSED_REALTIME_WAKEUP
D/AlarmManager( 188): Added alarm Alarm{41695510 type 2 com.google.android.location} type:ELAPSED_REALTIME_WAKEUP when: After 23h:11m:6.0s
D/TextView( 3444): Constructor - Got Res id for appearance for textColorPrimaryInverse
W/ResourceType( 3444): Skipping entry 0x106006a in package table 0 because it is not complex!
D/TextView( 3444): Constructor - Got appearance for textColorPrimaryInverse
D/TextView( 3444): Constructor -- Got mEditTextBackgroundColor
W/ResourceType( 3444): getEntry failing because entryIndex 129 is beyond type entryCount 4
D/TextView( 3444): Constructor - Got Res id for appearance for textColorPrimaryInverse
W/ResourceType( 3444): Skipping entry 0x106006a in package table 0 because it is not complex!
D/TextView( 3444): Constructor - Got appearance for textColorPrimaryInverse
D/TextView( 3444): Constructor -- Got mEditTextBackgroundColor
D/TextView( 3444): Constructor - Got Res id for appearance for textColorPrimaryInverse
W/ResourceType( 3444): Skipping entry 0x106006a in package table 0 because it is not complex!
D/TextView( 3444): Constructor - Got appearance for textColorPrimaryInverse
D/TextView( 3444): Constructor -- Got mEditTextBackgroundColor
D/TextView( 3444): Constructor - Got Res id for appearance for textColorPrimaryInverse
W/ResourceType( 3444): Skipping entry 0x106006a in package table 0 because it is not complex!
D/TextView( 3444): Constructor - Got appearance for textColorPrimaryInverse
D/TextView( 3444): Constructor -- Got mEditTextBackgroundColor
D/TextView( 3444): Constructor - Got Res id for appearance for textColorPrimaryInverse
W/ResourceType( 3444): Skipping entry 0x106006a in package table 0 because it is not complex!
D/TextView( 3444): Constructor - Got appearance for textColorPrimaryInverse
D/TextView( 3444): Constructor -- Got mEditTextBackgroundColor
D/TextView( 3444): Constructor - Got Res id for appearance for textColorPrimaryInverse
W/ResourceType( 3444): Skipping entry 0x106006a in package table 0 because it is not complex!
D/TextView( 3444): Constructor - Got appearance for textColorPrimaryInverse
D/TextView( 3444): Constructor -- Got mEditTextBackgroundColor
D/TextView( 3444): Constructor - Got Res id for appearance for textColorPrimaryInverse
W/ResourceType( 3444): Skipping entry 0x106006a in package table 0 because it is not complex!
D/TextView( 3444): Constructor - Got appearance for textColorPrimaryInverse
D/TextView( 3444): Constructor -- Got mEditTextBackgroundColor
D/TextView( 3444): Constructor - Got Res id for appearance for textColorPrimaryInverse
