V/NvCPLService( 494): IsPropSetNeeded(): This is NOT a request to set property NV_STEREOCTRL
V/NvCPLService( 494): IsPropSetNeeded(): This is NOT a request to set property NV_STEREOMETHOD
V/NvCPLService( 494): IsPropSetNeeded(): This is NOT a request to set property NV_STEREOSEP
V/NvCPLService( 494): IsPropSetNeeded(): Need to set property NV_STEREOSEPCHG to 0
D/NvControl_JNI( 494): com_nvidia_NvCPLSvc_setProperty(): START, set NV_STEREOSEPCHG to 0, stateId = 1, size = 1
D/NvControl_JNI( 494): com_nvidia_NvCPLSvc_setProperty(): could set the property.
D/NvControl_JNI( 494): com_nvidia_NvCPLSvc_setProperty(): FINISHED
V/NvCPLService( 494): handleIntent(): END
D/dalvikvm( 290): GC_CONCURRENT freed 720K, 72% free 9016K/31111K, paused 1ms+5ms
W/KeyguardViewMediator( 188): verifyUnlock called when not externally disabled
I/ActivityManager( 188): START {act=android.intent.action.VIEW dat=file:///mnt/sdcard/Download/VLC-debug-1.apk typ=application/vnd.android.package-archive flg=0x10000000 cmp=android/com.android.internal.app.ResolverActivity} from pid 5027
D/WebViewTimersControl( 5312): onBrowserActivityPause
D/WebViewTimersControl( 5312): Pausing webview timers, view=com.android.browser.BrowserWebView@4116b368
D/WindowManager( 188): adjustConfigurationLw, config:{1.0 0mcc0mnc (no locale) layoutdir=0 sw800dp w1280dp h752dp xlrg land ?uimode ?night finger -keyb/v/h -nav/v} mLidOpen:-1 mHasDockFeature:true mHasHallSensorFeature:true config.hardKeyboardHidden:2
I/ActivityManager( 188): Displayed android/com.android.internal.app.ResolverActivity: +117ms
D/QuickSettingsView( 290): onFinishInflate(): check if slider should be shown
V/StatusBar.StereoSepElement( 290): HDMI Display NOT connected
D/QuickSettingsView( 290): onFinishInflate(): set visibility on entire slider element to GONE
V/NvCPLService( 494): handleIntent(): START
V/NvOTAHelper( 494): IsBootEvent(): bIsBootEvent = false
V/NvOTAHelper( 494): IsAlarmWakeupEvent(): bIsAlarmWakeupEvent = false
V/NvCPLService( 494): IsPropSetNeeded(): This is NOT a request to set property NV_STEREOCTRL
V/NvCPLService( 494): IsPropSetNeeded(): This is NOT a request to set property NV_STEREOMETHOD
V/NvCPLService( 494): IsPropSetNeeded(): This is NOT a request to set property NV_STEREOSEP
V/NvCPLService( 494): IsPropSetNeeded(): Need to set property NV_STEREOSEPCHG to 0
D/NvControl_JNI( 494): com_nvidia_NvCPLSvc_setProperty(): START, set NV_STEREOSEPCHG to 0, stateId = 1, size = 1
D/NvControl_JNI( 494): com_nvidia_NvCPLSvc_setProperty(): could set the property.
D/NvControl_JNI( 494): com_nvidia_NvCPLSvc_setProperty(): FINISHED
V/NvCPLService( 494): handleIntent(): END
D/OpenGLRenderer( 290): Flushing caches (mode 0)
I/ActivityManager( 188): No longer want com.android.deskclock (pid 4016): hidden #16
W/ActivityManager( 188): Scheduling restart of crashed service com.android.deskclock/com.android.alarmclock.DigitalAppWidgetProvider$UpdateService in 5000ms
D/dalvikvm( 5312): GC_CONCURRENT freed 425K, 10% free 8114K/8967K, paused 3ms+2ms
I/ActivityManager( 188): START {act=android.intent.action.VIEW dat=file:///mnt/sdcard/Download/VLC-debug-1.apk typ=application/vnd.android.package-archive flg=0x13000000 cmp=com.android.packageinstaller/.PackageInstallerActivity} from pid 188
D/dalvikvm( 188): GC_FOR_ALLOC freed 1041K, 14% free 13280K/15303K, paused 49ms
I/ActivityManager( 188): Start proc com.android.packageinstaller for activity com.android.packageinstaller/.PackageInstallerActivity: pid=5614 uid=10027 gids={}
D/WindowManager( 188): adjustConfigurationLw, config:{1.0 0mcc0mnc (no locale) layoutdir=0 sw800dp w1280dp h752dp xlrg land ?uimode ?night finger -keyb/v/h -nav/v} mLidOpen:-1 mHasDockFeature:true mHasHallSensorFeature:true config.hardKeyboardHidden:2
D/libEGL ( 5614): loaded /system/lib/egl/libEGL_tegra.so
D/libEGL ( 5614): loaded /system/lib/egl/libGLESv1_CM_tegra.so
D/libEGL ( 5614): loaded /system/lib/egl/libGLESv2_tegra.so
D/OpenGLRenderer( 5614): Enabling debug mode 0
W/InputManagerService( 188): Starting input on non-focused client com.android.internal.view.IInputMethodClient$Stub$Proxy@41396098 (uid=10067 pid=5312)
I/ActivityManager( 188): Displayed com.android.packageinstaller/.PackageInstallerActivity: +387ms
I/ActivityManager( 188): START {dat=file:///mnt/sdcard/Download/VLC-debug-1.apk cmp=com.android.packageinstaller/.InstallAppProgress (has extras)} from pid 5614
D/WindowManager( 188): adjustConfigurationLw, config:{1.0 0mcc0mnc (no locale) layoutdir=0 sw800dp w1280dp h752dp xlrg land ?uimode ?night finger -keyb/v/h -nav/v} mLidOpen:-1 mHasDockFeature:true mHasHallSensorFeature:true config.hardKeyboardHidden:2
I/HK/LatinKeyboardBaseView( 418): closing org.pocketworkstation.pckeyboard.LatinKeyboardView@415ec2d8
D/OpenGLRenderer( 5614): Flushing caches (mode 0)
D/dalvikvm( 188): GC_EXPLICIT freed 347K, 14% free 13253K/15303K, paused 4ms+22ms
I/ActivityManager( 188): Displayed com.android.packageinstaller/.InstallAppProgress: +303ms
W/ActivityManager( 188): No content provider found for permission revoke: file:///mnt/sdcard/Download/VLC-debug-1.apk
W/ActivityManager( 188): No content provider found for permission revoke: file:///mnt/sdcard/Download/VLC-debug-1.apk
D/dalvikvm( 188): GC_FOR_ALLOC freed 1061K, 13% free 13335K/15303K, paused 81ms
I/ActivityManager( 188): Start proc com.android.deskclock for service com.android.deskclock/com.android.alarmclock.DigitalAppWidgetProvider$UpdateService: pid=5627 uid=10060 gids={}
D/dalvikvm( 108): GC_EXPLICIT freed 37K, 5% free 6485K/6787K, paused 2ms+13ms
I/ActivityThread( 5627): Pub com.android.deskclock: com.android.deskclock.AlarmProvider
D/dalvikvm( 108): GC_EXPLICIT freed <1K, 5% free 6485K/6787K, paused 2ms+3ms
D/dalvikvm( 108): GC_EXPLICIT freed <1K, 5% free 6485K/6787K, paused 4ms+12ms
I/PackageManager( 188): Running dexopt on: org.videolan.vlc
D/dalvikvm( 5639): DexOpt: load 26ms, verify+opt 97ms
D/AlarmManager( 188): Triggered Alarm 4168bc50 RTC_WAKEUP IntentSender{415e4940: PendingIntentRecord{415f57f8 com.google.android.apps.plus broadcastIntent}}
V/PicasaContentProvider( 4983): querySettings: defaults: {sync_on_wifi_only=1, auto_upload_account_type=null, sync_on_battery=1, sync_picasa_on_wifi_only=1, auto_upload_enabled=0, video_upload_wifi_only=1, sync_on_roaming=0, auto_upload_account_name=null}
D/UploadsManager( 4983): collect new photo: MediaTracker:***********************,trackNew:photo-external,46:photo-phoneStorage,-1:video-external,0:video-phoneStorage,-1
D/UploadsManager( 4983): collect new video: MediaTracker:***********************,trackNew:photo-external,46:photo-phoneStorage,-1:video-external,0:video-phoneStorage,-1
D/PicasaSyncManager( 4983): reject MetadataSyncTask (***********************) because downsync is disabled
I/ActivityManager( 188): Force stopping package org.videolan.vlc uid=10092
D/PackageManager( 188): New package installed in /data/app/org.videolan.vlc-1.apk
I/PCKeyboard( 418): Package information changed, updating dictionaries.
I/PCKeyboard( 418): Finished updating dictionaries.
D/PackageManager( 188): generateServicesMap(android.accounts.AccountAuthenticator): 4 services unchanged
D/PackageManager( 188): generateServicesMap(android.content.SyncAdapter): 15 services unchanged
I/ActivityManager( 188): Start proc com.android.gallery3d for broadcast com.android.gallery3d/.app.PackagesMonitor: pid=5648 uid=10054 gids={3003, 1015}
D/BackupManagerService( 188): Received broadcast Intent { act=android.intent.action.PACKAGE_ADDED dat=package:org.videolan.vlc flg=0x10000010 (has extras) }
V/BackupManagerService( 188): addPackageParticipantsLocked: org.videolan.vlc
D/dalvikvm( 418): GC_FOR_ALLOC freed 1114K, 33% free 8451K/12487K, paused 48ms
I/dalvikvm-heap( 418): Grow heap (frag case) to 9.111MB for 841021-byte allocation
D/dalvikvm( 418): GC_CONCURRENT freed 12K, 26% free 9260K/12487K, paused 1ms+2ms
I/Launcher( 472): setLoadOnResume
I/PCKeyboard( 418): Loaded dictionary, len=841005
D/dalvikvm( 418): GC_CONCURRENT freed 829K, 26% free 9259K/12487K, paused 2ms+2ms
I/ActivityThread( 5648): Pub com.android.gallery3d.picasa.contentprovider: com.android.gallery3d.picasa.PicasaContentProvider
D/dalvikvm( 5648): GC_CONCURRENT freed 420K, 7% free 6569K/7047K, paused 2ms+3ms
I/ActivityThread( 5648): Pub com.android.gallery3d.provider: com.android.gallery3d.provider.GalleryProvider
I/dalvikvm( 5662): Turning on JNI app bug workarounds for target SDK version 11...
I/ActivityManager( 188): Start proc com.nvidia.demo.launcher.glowball for broadcast com.nvidia.demo.launcher.glowball/.LauncherActivity$PackageAddListener: pid=5662 uid=10053 gids={}
I/ActivityManager( 188): Start proc com.google.android.partnersetup for broadcast com.google.android.partnersetup/.RlzPingBroadcastReceiver: pid=5674 uid=10050 gids={3003}
I/ActivityManager( 188): No longer want com.android.email (pid 4034): hidden #16
I/ActivityThread( 5674): Pub com.google.android.partnersetup.rlzprovider: com.google.android.partnersetup.RlzProvider
I/ActivityThread( 5674): Pub com.google.android.partnersetup.rlzappprovider: com.google.android.partnersetup.RlzAppProvider
I/ActivityManager( 188): Start proc com.android.musicfx for broadcast com.android.musicfx/.Compatibility$Receiver: pid=5686 uid=10083 gids={3003, 3002}
I/ActivityManager( 188): No longer want com.android.settings (pid 3444): hidden #16
I/ActivityManager( 188): Start proc com.google.android.apps.maps for broadcast com.google.android.apps.maps/com.google.android.location.internal.NlpPackageUpdateReceiver: pid=5698 uid=10042 gids={3003, 1015}
W/ActivityManager( 188): Scheduling restart of crashed service com.asus.emailwidget/.UpdateService in 5000ms
D/dalvikvm( 5698): GC_CONCURRENT freed 158K, 4% free 6831K/7047K, paused 2ms+2ms
I/ActivityThread( 5698): Pub com.google.android.maps.LayerInfoProvider: com.google.googlenav.layer.LayerInfoProvider
I/ActivityThread( 5698): Pub com.google.android.maps.TrafficAppWidgetProvider: com.google.googlenav.appwidget.traffic.TrafficAppWidgetProvider
I/ActivityThread( 5698): Pub com.google.android.maps.SuggestionProvider: com.google.googlenav.suggest.android.SuggestProvider
I/ActivityThread( 5698): Pub com.google.android.maps.LocalActivePlacesProvider: com.google.googlenav.provider.LocalActivePlacesProvider
I/ActivityThread( 5698): Pub com.google.android.maps.StarredItemProvider: com.google.googlenav.provider.StarredItemProvider
I/System.out( 5698): VectorGlobalState: Server:https://mobilemaps.clients.google.com/glm/mmap Type:3
D/dalvikvm( 5698): GC_CONCURRENT freed 187K, 4% free 7102K/7367K, paused 2ms+2ms
I/ActivityThread( 5698): Pub com.google.android.maps.LocalSuggestionProvider: com.google.googlenav.provider.LocalSuggestionProvider
I/ActivityThread( 5698): Pub com.google.android.maps.SearchHistoryProvider: com.google.googlenav.provider.SearchHistoryProvider
I/ActivityThread( 5698): Pub com.google.android.maps.NavigationAvailabilityProvider: com.google.googlenav.provider.NavigationAvailabilityProvider
I/ActivityManager( 188): No longer want com.google.android.apps.uploader (pid 5266): hidden #16
I/ActivityManager( 188): Start proc com.android.vending for broadcast com.android.vending/com.google.android.finsky.receivers.PackageMonitorReceiver$RegisteredReceiver: pid=5714 uid=10026 gids={3003, 1015}
I/ActivityManager( 188): No longer want com.ecareme.pixwe (pid 5281): hidden #16
I/ActivityThread( 5714): Pub com.google.android.finsky.QSBSuggestionsProvider: com.google.android.finsky.providers.QSBSuggestionsProvider
I/ActivityThread( 5714): Pub com.google.android.finsky.AppIconProvider: com.google.android.finsky.providers.AppIconProvider
I/ActivityThread( 5714): Pub com.google.android.finsky.RecentSuggestionsProvider: com.google.android.finsky.providers.RecentSuggestionsProvider
D/UploadsManager( 4983): collect new photo: MediaTracker:***********************,trackNew:photo-external,46:photo-phoneStorage,-1:video-external,0:video-phoneStorage,-1
D/dalvikvm( 5714): GC_CONCURRENT freed 232K, 5% free 6758K/7047K, paused 2ms+3ms
I/WindowManager( 188): WIN DEATH: Window{41374e00 com.android.settings/com.android.settings.Settings paused=false}
D/dalvikvm( 5714): GC_CONCURRENT freed 415K, 7% free 6895K/7367K, paused 3ms+3ms
D/Finsky ( 5714): [1] DailyHygiene.goMakeHygieneIfDirty: No need to run daily hygiene.
D/UploadsManager( 4983): collect new video: MediaTracker:***********************,trackNew:photo-external,46:photo-phoneStorage,-1:video-external,0:video-phoneStorage,-1
D/PicasaSyncManager( 4983): reject MetadataSyncTask (***********************) because downsync is disabled
D/AlarmManager( 188): Added alarm Alarm{4153eab0 type 0 com.android.vending} type:RTC_WAKEUP when: At 3/17/12 8:40 PM
D/dalvikvm( 5714): GC_CONCURRENT freed 385K, 8% free 6960K/7495K, paused 6ms+4ms
I/ActivityManager( 188): Start proc xcxin.filexpert for broadcast xcxin.filexpert/.Receivers.PackageActionReceiver: pid=5747 uid=10091 gids={3003, 1007, 1015, 3002, 3001}
I/ActivityManager( 188): No longer want com.ted.android (pid 5160): hidden #16
I/ActivityManager( 188): No longer want com.asus.weather (pid 5294): hidden #17
I/dalvikvm( 5747): Turning on JNI app bug workarounds for target SDK version 10...
D/Finsky ( 5714): [1] 2.run: Loaded library for account: [6USPETU1n3unzLgBwuje_12qGbU]
D/Finsky ( 5714): [1] 2.run: Finished loading 1 libraries.
D/dalvikvm( 188): JIT code cache reset in 5 ms (1048504 bytes 3/0)
I/ActivityManager( 188): No longer want com.facebook.katana (pid 5106): hidden #16
D/dalvikvm( 188): GC_EXPLICIT freed 1384K, 12% free 13492K/15303K, paused 2ms+21ms
D/dalvikvm( 5405): GC_CONCURRENT freed 302K, 7% free 6997K/7495K, paused 2ms+3ms
I/Sensors ( 188): **** No Motion ****
I/InstallAppProgress( 5614): Finished installing org.videolan.vlc
D/WindowManager( 188): adjustConfigurationLw, config:{1.0 0mcc0mnc (no locale) layoutdir=0 sw800dp w1280dp h752dp xlrg land ?uimode ?night finger -keyb/v/h -nav/v} mLidOpen:-1 mHasDockFeature:true mHasHallSensorFeature:true config.hardKeyboardHidden:2
D/WebViewTimersControl( 5312): onBrowserActivityResume
D/WebViewTimersControl( 5312): Resuming webview timers, view=com.android.browser.BrowserWebView@4116b368
W/BaseUi ( 5312): mMainView is already attached to wrapper in attachTabToContentView!
W/BaseUi ( 5312): mContainer is already attached to content in attachTabToContentView!
D/OpenGLRenderer( 5614): Flushing caches (mode 0)
D/OpenGLRenderer( 5614): Flushing caches (mode 1)
I/ActivityManager( 188): No longer want com.google.android.gm (pid 5393): hidden #16
I/ActivityManager( 188): START {act=android.intent.action.MAIN cat=[android.intent.category.HOME] flg=0x10200000 cmp=com.android.launcher/com.android.launcher2.Launcher} from pid 188
D/WebViewTimersControl( 5312): onBrowserActivityPause
D/WebViewTimersControl( 5312): Pausing webview timers, view=com.android.browser.BrowserWebView@4116b368
D/WindowManager( 188): adjustConfigurationLw, config:{1.0 0mcc0mnc (no locale) layoutdir=0 sw800dp w1280dp h752dp xlrg land ?uimode ?night finger -keyb/v/h -nav/v} mLidOpen:-1 mHasDockFeature:true mHasHallSensorFeature:true config.hardKeyboardHidden:2
D/OpenGLRenderer( 5312): Flushing caches (mode 0)
W/InputManagerService( 188): Starting input on non-focused client com.android.internal.view.IInputMethodClient$Stub$Proxy@41396098 (uid=10067 pid=5312)
D/dalvikvm( 472): GC_CONCURRENT freed 1851K, 47% free 9111K/17095K, paused 9ms+4ms
D/OpenGLRenderer( 5312): Flushing caches (mode 1)
I/ActivityManager( 188): Start proc com.android.email for service com.asus.emailwidget/.UpdateService: pid=5770 uid=10058 gids={3003, 1015}
I/ActivityThread( 5770): Pub com.android.email.provider;com.android.email.notifier: com.android.email.provider.EmailProvider
I/ActivityThread( 5770): Pub com.android.email.attachmentprovider: com.android.email.provider.AttachmentProvider
I/ActivityManager( 188): No longer want com.google.android.talk (pid 5442): hidden #16
I/ActivityManager( 188): No longer want com.google.android.apps.maps:NetworkLocationService (pid 4061): hidden #17
W/ActivityManager( 188): Scheduling restart of crashed service com.google.android.apps.maps/com.google.android.location.internal.server.NetworkLocationService in 5000ms
I/WindowManager( 188): WIN DEATH: Window{415c3c78 com.google.android.talk/com.google.android.talk.SigningInActivity paused=false}
D/dalvikvm( 472): GC_CONCURRENT freed 693K, 47% free 9170K/17095K, paused 2ms+3ms
I/HK/LatinKeyboardBaseView( 418): closing org.pocketworkstation.pckeyboard.LatinKeyboardView@415ec2d8
D/dalvikvm( 472): GC_CONCURRENT freed 108K, 43% free 9896K/17095K, paused 1ms+3ms
D/dalvikvm( 472): GC_FOR_ALLOC freed 677K, 43% free 9852K/17095K, paused 21ms
I/dalvikvm-heap( 472): Grow heap (frag case) to 11.541MB for 1958648-byte allocation
D/dalvikvm( 472): GC_FOR_ALLOC freed 1K, 32% free 11763K/17095K, paused 21ms
D/dalvikvm( 472): GC_CONCURRENT freed 0K, 32% free 11766K/17095K, paused 1ms+13ms
D/dalvikvm( 472): GC_FOR_ALLOC freed 2765K, 40% free 10299K/17095K, paused 20ms
D/dalvikvm( 472): GC_FOR_ALLOC freed 64K, 37% free 10938K/17095K, paused 23ms
D/dalvikvm( 472): GC_CONCURRENT freed 587K, 32% free 11769K/17095K, paused 2ms+4ms
D/dalvikvm( 472): GC_FOR_ALLOC freed 1439K, 36% free 11031K/17095K, paused 22ms
D/dalvikvm( 472): GC_CONCURRENT freed 262K, 29% free 12162K/17095K, paused 1ms+3ms
D/dalvikvm( 472): GC_FOR_ALLOC freed 2361K, 34% free 11355K/17095K, paused 20ms
D/WindowManager( 188): adjustConfigurationLw, config:{1.0 0mcc0mnc (no locale) layoutdir=0 sw800dp w1280dp h752dp xlrg land ?uimode ?night finger -keyb/v/h -nav/v} mLidOpen:-1 mHasDockFeature:true mHasHallSensorFeature:true config.hardKeyboardHidden:2
D/WindowManager( 188): adjustConfigurationLw, config:{1.0 0mcc0mnc (no locale) layoutdir=0 sw800dp w1280dp h752dp xlrg land ?uimode ?night finger -keyb/v/h -nav/v} mLidOpen:-1 mHasDockFeature:true mHasHallSensorFeature:true config.hardKeyboardHidden:2
D/WindowManager( 188): adjustConfigurationLw, config:{1.0 0mcc0mnc (no locale) layoutdir=0 sw800dp w1280dp h752dp xlrg land ?uimode ?night finger -keyb/v/h -nav/v} mLidOpen:-1 mHasDockFeature:true mHasHallSensorFeature:true config.hardKeyboardHidden:2
I/ActivityManager( 188): Start proc com.google.android.apps.maps:NetworkLocationService for service com.google.android.apps.maps/com.google.android.location.internal.server.NetworkLocationService: pid=5793 uid=10042 gids={3003, 1015}
D/dalvikvm( 5793): GC_CONCURRENT freed 173K, 4% free 6817K/7047K, paused 2ms+2ms
D/AlarmManager( 188): Triggered Alarm 416da9b0 ELAPSED_REALTIME_WAKEUP IntentSender{41872db0: PendingIntentRecord{412a69a0 android broadcastIntent}}
D/AlarmManager( 188): Added alarm Alarm{413164e0 type 2 android} type:ELAPSED_REALTIME_WAKEUP when: After 2h:0m:0.0s
I/ActivityManager( 188): Start proc com.google.android.apps.maps:FriendService for broadcast com.google.android.apps.maps/com.google.googlenav.friend.android.ServiceReceiver: pid=5806 uid=10042 gids={3003, 1015}
D/dalvikvm( 5806): GC_CONCURRENT freed 175K, 4% free 6815K/7047K, paused 2ms+2ms
D/dalvikvm( 5793): GC_CONCURRENT freed 197K, 4% free 7176K/7431K, paused 1ms+2ms
D/AlarmManager( 188): Removed alarm Alarm{41767648 type 2 com.google.android.apps.maps} type:ELAPSED_REALTIME_WAKEUP
D/AlarmManager( 188): Added alarm Alarm{417a44b8 type 2 com.google.android.apps.maps} type:ELAPSED_REALTIME_WAKEUP when: After 0h:25m:14.0s repeatInterval: 0h:15m:0.0s
I/ActivityManager( 188): Start proc com.google.android.apps.maps:LocationFriendService for broadcast com.google.android.apps.maps/com.google.googlenav.friend.reporting.LocationReportingIntentReceiver: pid=5825 uid=10042 gids={3003, 1015}
I/ActivityManager( 188): No longer want com.google.android.gsf.login (pid 3365): hidden #16
D/dalvikvm( 108): GC_EXPLICIT freed 37K, 5% free 6485K/6787K, paused 2ms+2ms
D/dalvikvm( 108): GC_EXPLICIT freed <1K, 5% free 6485K/6787K, paused 1ms+1ms
D/dalvikvm( 108): GC_EXPLICIT freed <1K, 5% free 6485K/6787K, paused 1ms+1ms
D/dalvikvm( 5825): GC_CONCURRENT freed 177K, 4% free 6812K/7047K, paused 2ms+1ms
I/System.out( 5825): VectorGlobalState: Server:https://mobilemaps.clients.google.com/glm/mmap Type:3
I/ActivityManager( 188): START {flg=0x10000000 cmp=com.google.android.apps.maps/com.google.googlenav.login.AndroidLoginActivitySdk5 (has extras)} from pid 5825
D/dalvikvm( 5825): GC_CONCURRENT freed 190K, 4% free 7091K/7367K, paused 2ms+4ms
D/dalvikvm( 5793): GC_CONCURRENT freed 140K, 3% free 7549K/7751K, paused 6ms+11ms
D/dalvikvm( 188): GC_FOR_ALLOC freed 743K, 14% free 13218K/15303K, paused 62ms
D/WindowManager( 188): adjustConfigurationLw, config:{1.0 0mcc0mnc (no locale) layoutdir=0 sw800dp w1280dp h752dp xlrg land ?uimode ?night finger -keyb/v/h -nav/v} mLidOpen:-1 mHasDockFeature:true mHasHallSensorFeature:true config.hardKeyboardHidden:2
D/WindowManager( 188): adjustConfigurationLw, config:{1.0 0mcc0mnc (no locale) layoutdir=0 sw800dp w1280dp h752dp xlrg land ?uimode ?night finger -keyb/v/h -nav/v} mLidOpen:-1 mHasDockFeature:true mHasHallSensorFeature:true config.hardKeyboardHidden:2
I/HK/LatinKeyboardBaseView( 418): closing org.pocketworkstation.pckeyboard.LatinKeyboardView@415ec2d8
W/InputManagerService( 188): Window already focused, ignoring focus gain of: com.android.internal.view.IInputMethodClient$Stub$Proxy@417333a8
I/ActivityManager( 188): No longer want com.android.packageinstaller (pid 5614): hidden #16
D/AlarmManager( 188): Removed alarm Alarm{417435b0 type 2 com.google.android.apps.maps} type:ELAPSED_REALTIME_WAKEUP
D/AlarmManager( 188): Added alarm Alarm{4167f520 type 2 com.google.android.apps.maps} type:ELAPSED_REALTIME_WAKEUP when: After 1h:39m:30.0s
D/dalvikvm( 5793): GC_CONCURRENT freed 688K, 10% free 7364K/8135K, paused 3ms+3ms
D/AlarmManager( 188): Removed alarm Alarm{41570418 type 2 com.google.android.apps.maps} type:ELAPSED_REALTIME_WAKEUP
D/AlarmManager( 188): Added alarm Alarm{41662dd8 type 2 com.google.android.apps.maps} type:ELAPSED_REALTIME_WAKEUP when: After 0h:0m:5.0s
D/dalvikvm( 5793): GC_FOR_ALLOC freed 136K, 10% free 7358K/8135K, paused 17ms
D/AlarmManager( 188): Removed alarm Alarm{41662dd8 type 2 com.google.android.apps.maps} type:ELAPSED_REALTIME_WAKEUP
D/AlarmManager( 188): Added alarm Alarm{416318a8 type 2 com.google.android.apps.maps} type:ELAPSED_REALTIME_WAKEUP when: After 0h:0m:4.0s
D/AlarmManager( 188): Removed alarm Alarm{416318a8 type 2 com.google.android.apps.maps} type:ELAPSED_REALTIME_WAKEUP
D/AlarmManager( 188): Added alarm Alarm{41623cb8 type 2 com.google.android.apps.maps} type:ELAPSED_REALTIME_WAKEUP when: After 0h:0m:4.0s
D/AlarmManager( 188): Removed alarm Alarm{41623cb8 type 2 com.google.android.apps.maps} type:ELAPSED_REALTIME_WAKEUP
D/AlarmManager( 188): Added alarm Alarm{41620028 type 2 com.google.android.apps.maps} type:ELAPSED_REALTIME_WAKEUP when: After 0h:0m:4.0s
D/AlarmManager( 188): Removed alarm Alarm{41620028 type 2 com.google.android.apps.maps} type:ELAPSED_REALTIME_WAKEUP
D/AlarmManager( 188): Added alarm Alarm{41611fa0 type 2 com.google.android.apps.maps} type:ELAPSED_REALTIME_WAKEUP when: After 0h:0m:4.0s
D/AlarmManager( 188): Removed alarm Alarm{41611fa0 type 2 com.google.android.apps.maps} type:ELAPSED_REALTIME_WAKEUP
D/AlarmManager( 188): Added alarm Alarm{4160daf8 type 2 com.google.android.apps.maps} type:ELAPSED_REALTIME_WAKEUP when: After 0h:0m:4.0s
D/AlarmManager( 188): Removed alarm Alarm{4160daf8 type 2 com.google.android.apps.maps} type:ELAPSED_REALTIME_WAKEUP
D/AlarmManager( 188): Added alarm Alarm{4160d240 type 2 com.google.android.apps.maps} type:ELAPSED_REALTIME_WAKEUP when: After 0h:0m:4.0s
I/ActivityManager( 188): START {act=android.intent.action.MAIN cat=[android.intent.category.LAUNCHER] flg=0x10200000 cmp=org.videolan.vlc/.gui.MainActivity bnds=[656,542][752,638]} from pid 472
D/dalvikvm( 5847): Late-enabling CheckJNI
I/ActivityManager( 188): Start proc org.videolan.vlc for activity org.videolan.vlc/.gui.MainActivity: pid=5847 uid=10092 gids={3003, 1007, 1015}
I/dalvikvm( 5847): Turning on JNI app bug workarounds for target SDK version 7...
D/WindowManager( 188): adjustConfigurationLw, config:{1.0 0mcc0mnc (no locale) layoutdir=0 sw800dp w1280dp h752dp xlrg land ?uimode ?night finger -keyb/v/h -nav/v} mLidOpen:-1 mHasDockFeature:true mHasHallSensorFeature:true config.hardKeyboardHidden:2
D/OpenGLRenderer( 472): Flushing caches (mode 1)
D/OpenGLRenderer( 472): Flushing caches (mode 0)
D/dalvikvm( 5847): GC_FOR_ALLOC freed 55K, 2% free 6852K/6983K, paused 20ms
D/dalvikvm( 5847): Trying to load lib /data/data/org.videolan.vlc/lib/libiomx-ics.so 0x4108f818
D/dalvikvm( 5847): Added shared lib /data/data/org.videolan.vlc/lib/libiomx-ics.so 0x4108f818
D/dalvikvm( 5847): No JNI_OnLoad found in /data/data/org.videolan.vlc/lib/libiomx-ics.so 0x4108f818, skipping init
D/dalvikvm( 5847): Trying to load lib /data/data/org.videolan.vlc/lib/libvlcjni.so 0x4108f818
D/dalvikvm( 5847): GC_CONCURRENT freed 13K, 2% free 7243K/7367K, paused 1ms+3ms
D/dalvikvm( 5847): Added shared lib /data/data/org.videolan.vlc/lib/libvlcjni.so 0x4108f818
D/VLC/JNI/main( 5847): JNI interface loaded.
V/VLC/LibVLC( 5847): Initializing LibVLC
D/vlc ( 5847): using interface module "logger"
D/vlc ( 5847): looking for interface module: 0 candidates
D/vlc ( 5847): no interface module matched "hotkeys,none"
E/vlc ( 5847): no suitable interface module
I/VLC/JNI/main( 5847): LibVLC initialized: 0xb46ad8
I/VLC/ThumbnailerManager( 5847): hide ProgressBar!
V/TabletStatusBar( 290): setLightsOn(true)
D/VLC/AudioService( 5847): Updating widget
D/dalvikvm( 5847): GC_CONCURRENT freed 195K, 5% free 7441K/7751K, paused 4ms+3ms
D/VLC/AudioServiceContoller( 5847): Service Connected
I/ActivityManager( 188): Displayed org.videolan.vlc/.gui.MainActivity: +687ms (total +936ms)
D/dalvikvm( 5847): GC_CONCURRENT freed 467K, 7% free 7547K/8071K, paused 3ms+3ms
D/vlc ( 5847): looking for meta fetcher module: 0 candidates
D/vlc ( 5847): no meta fetcher module matched "any"
D/vlc ( 5847): searching art for facebook_ringtone_pop.m4a
D/vlc ( 5847): looking for art finder module: 1 candidate
D/vlc ( 5847): Creating an input for 'facebook_ringtone_pop.m4a'
D/vlc ( 5847): no art finder module matching "any" could be loaded
D/vlc ( 5847): art not found for facebook_ringtone_pop.m4a
D/vlc ( 5847): no fetch required for Facebook Pop (art currently (null))
E/vlc ( 5847): option logo-x does not exist
E/vlc ( 5847): option logo-y does not exist
E/vlc ( 5847): option logo-delay does not exist
E/vlc ( 5847): option logo-repeat does not exist
E/vlc ( 5847): option logo-opacity does not exist
E/vlc ( 5847): option logo-position does not exist
D/vlc ( 5847): Creating an input for 'facebook_ringtone_pop.m4a'
D/vlc ( 5847): using timeshift granularity of 50 MiB, in path '/tmp'
D/vlc ( 5847): `file:///mnt/sdcard/media/audio/notifications/facebook_ringtone_pop.m4a' gives access `file' demux `' path `/mnt/sdcard/media/audio/notifications/facebook_ringtone_pop.m4a'
D/vlc ( 5847): creating demux: access='file' demux='' location='/mnt/sdcard/media/audio/notifications/facebook_ringtone_pop.m4a' file='/mnt/sdcard/media/audio/notifications/facebook_ringtone_pop.m4a'
D/vlc ( 5847): looking for access_demux module: 0 candidates
D/vlc ( 5847): no access_demux module matched "file"
D/vlc ( 5847): creating access 'file' location='/mnt/sdcard/media/audio/notifications/facebook_ringtone_pop.m4a', path='/mnt/sdcard/media/audio/notifications/facebook_ringtone_pop.m4a'
D/vlc ( 5847): looking for access module: 2 candidates
D/vlc ( 5847): opening file `/mnt/sdcard/media/audio/notifications/facebook_ringtone_pop.m4a'
D/vlc ( 5847): using access module "filesystem"
D/vlc ( 5847): Using stream method for AStream*
D/vlc ( 5847): starting pre-buffering
D/vlc ( 5847): received first data after 0 ms
D/vlc ( 5847): pre-buffering done 1024 bytes in 0s - 3802 KiB/s
D/vlc ( 5847): looking for stream_filter module: 7 candidates
D/vlc ( 5847): no stream_filter module matching "any" could be loaded
D/vlc ( 5847): looking for stream_filter module: 0 candidates
D/vlc ( 5847): no stream_filter module matched "stream_filter_record"
D/vlc ( 5847): creating demux: access='file' demux='' location='/mnt/sdcard/media/audio/notifications/facebook_ringtone_pop.m4a' file='/mnt/sdcard/media/audio/notifications/facebook_ringtone_pop.m4a'
D/vlc ( 5847): looking for demux module: 48 candidates
W/vlc ( 5847): unknown box type cpil (incompletely loaded)
W/vlc ( 5847): unknown box type pgap (incompletely loaded)
W/vlc ( 5847): unknown box type tmpo (incompletely loaded)
W/vlc ( 5847): unknown box type ---- (incompletely loaded)
W/vlc ( 5847): unknown box type ---- (incompletely loaded)
W/vlc ( 5847): unknown box type ---- (incompletely loaded)
D/vlc ( 5847): dumping root Box "root"
D/vlc ( 5847): | + ftyp size 32
D/vlc ( 5847): | + moov size 3199
D/vlc ( 5847): | | + mvhd size 108
D/vlc ( 5847): | | + trak size 469
D/vlc ( 5847): | | | + tkhd size 92
D/vlc ( 5847): | | | + mdia size 369
D/vlc ( 5847): | | | | + mdhd size 32
D/vlc ( 5847): | | | | + hdlr size 34
D/vlc ( 5847): | | | | + minf size 295
D/vlc ( 5847): | | | | | + smhd size 16
D/vlc ( 5847): | | | | | + dinf size 36
D/vlc ( 5847): | | | | | | + dref size 28
D/vlc ( 5847): | | | | | | | + url size 12
D/vlc ( 5847): | | | | | + stbl size 235
D/vlc ( 5847): | | | | | | + stsd size 103
D/vlc ( 5847): | | | | | | | + mp4a size 87
D/vlc ( 5847): | | | | | | | | + esds size 51
D/vlc ( 5847): | | | | | | + stts size 24
D/vlc ( 5847): | | | | | | + stsc size 28
D/vlc ( 5847): | | | | | | + stsz size 52
D/vlc ( 5847): | | | | | | + stco size 20
D/vlc ( 5847): | | + udta size 2614
D/vlc ( 5847): | | | + meta size 2606
D/vlc ( 5847): | | | | + hdlr size 34
D/vlc ( 5847): | | | | + ilst size 674
D/vlc ( 5847): | | | | | + cnam size 36
D/vlc ( 5847): | | | | | + cART size 32
D/vlc ( 5847): | | | | | + cpil size 25
D/vlc ( 5847): | | | | | + pgap size 25
D/vlc ( 5847): | | | | | + tmpo size 26
D/vlc ( 5847): | | | | | + ctoo size 53
D/vlc ( 5847): | | | | | + ---- size 188
D/vlc ( 5847): | | | | | + ---- size 119
D/vlc ( 5847): | | | | | + ---- size 162
D/vlc ( 5847): | | | | + free size 1886
D/vlc ( 5847): | + free size 643
D/vlc ( 5847): | + mdat size 566
D/vlc ( 5847): unrecognized major file specification (M4A ).
D/vlc ( 5847): found 1 tracks
D/vlc ( 5847): track[Id 0x1] read 1 chunk
D/vlc ( 5847): track[Id 0x1] read 8 samples length:0s
D/vlc ( 5847): selecting program id=0
D/vlc ( 5847): adding track[Id 0x1] audio (enable) language undef
D/vlc ( 5847): using demux module "mp4"
D/vlc ( 5847): looking for a subtitle file in /mnt/sdcard/media/audio/notifications
D/vlc ( 5847): looking for decoder module: 24 candidates
D/vlc ( 5847): libavcodec initialized (interface 0x360800)
D/vlc ( 5847): ffmpeg codec (MPEG AAC Audio) started
D/vlc ( 5847): Using 192000 bytes output buffer
D/vlc ( 5847): using decoder module "avcodec"
D/vlc ( 5847): looking for meta reader module: 1 candidate
D/vlc ( 5847): using meta reader module "taglib"
D/vlc ( 5847): removing module "taglib"
D/vlc ( 5847): `file:///mnt/sdcard/media/audio/notifications/facebook_ringtone_pop.m4a' successfully opened
D/vlc ( 5847): removing module "avcodec"
D/vlc ( 5847): ffmpeg codec (MPEG AAC Audio) stopped
D/vlc ( 5847): killing decoder fourcc `mp4a', 0 PES in FIFO
D/vlc ( 5847): removing module "mp4"
D/vlc ( 5847): freeing all memory
D/vlc ( 5847): removing module "filesystem"
D/vlc ( 5847): Program doesn't contain anymore ES
D/vlc ( 5847): Destroying the input for 'Facebook Pop'
D/vlc ( 5847): Creating an input for 'facebook_ringtone_pop.m4a'
D/vlc ( 5847): looking for meta fetcher module: 0 candidates
D/vlc ( 5847): no meta fetcher module matched "any"
D/vlc ( 5847): searching art for facebook_ringtone_pop.m4a
D/vlc ( 5847): looking for art finder module: 1 candidate
D/vlc ( 5847): no art finder module matching "any" could be loaded
D/vlc ( 5847): art not found for facebook_ringtone_pop.m4a
D/VLC/MediaItem( 5847): Artist Facebook
D/VLC/MediaItem( 5847): Album Unknown Album
D/VLC/MediaItem( 5847): Title Facebook Pop
D/VLC/MediaItem( 5847): Genre Unknown Genre
D/vlc ( 5847): no fetch required for Facebook Pop (art currently (null))
D/AlarmManager( 188): Removed alarm Alarm{412b9b70 type 2 com.google.android.location} type:ELAPSED_REALTIME_WAKEUP
D/AlarmManager( 188): Added alarm Alarm{41656748 type 2 com.google.android.location} type:ELAPSED_REALTIME_WAKEUP when: After 0h:3m:30.0s
D/dalvikvm( 5847): GC_CONCURRENT freed 580K, 9% free 7395K/8071K, paused 2ms+2ms
D/AlarmManager( 188): Removed alarm Alarm{4160d240 type 2 com.google.android.apps.maps} type:ELAPSED_REALTIME_WAKEUP
D/AlarmManager( 188): Added alarm Alarm{4162e6c0 type 2 com.google.android.apps.maps} type:ELAPSED_REALTIME_WAKEUP when: After 596523h:14m:5.0s
D/dalvikvm( 5847): GC_CONCURRENT freed 367K, 7% free 7539K/8071K, paused 2ms+2ms
D/vlc ( 5847): Creating an input for 'hangout_ringtone.m4a'
D/vlc ( 5847): looking for meta fetcher module: 0 candidates
D/vlc ( 5847): no meta fetcher module matched "any"
D/vlc ( 5847): searching art for hangout_ringtone.m4a
D/vlc ( 5847): looking for art finder module: 1 candidate
D/vlc ( 5847): no art finder module matching "any" could be loaded
D/vlc ( 5847): art not found for hangout_ringtone.m4a
E/vlc ( 5847): option logo-x does not exist
E/vlc ( 5847): option logo-y does not exist
E/vlc ( 5847): option logo-delay does not exist
D/vlc ( 5847): no fetch required for Join Hangout (art currently (null))
E/vlc ( 5847): option logo-repeat does not exist
E/vlc ( 5847): option logo-opacity does not exist
E/vlc ( 5847): option logo-position does not exist
D/vlc ( 5847): Creating an input for 'hangout_ringtone.m4a'
D/vlc ( 5847): using timeshift granularity of 50 MiB, in path '/tmp'
D/vlc ( 5847): `file:///mnt/sdcard/Notifications/hangout_ringtone.m4a' gives access `file' demux `' path `/mnt/sdcard/Notifications/hangout_ringtone.m4a'
D/vlc ( 5847): creating demux: access='file' demux='' location='/mnt/sdcard/Notifications/hangout_ringtone.m4a' file='/mnt/sdcard/Notifications/hangout_ringtone.m4a'
D/vlc ( 5847): looking for access_demux module: 0 candidates
D/vlc ( 5847): no access_demux module matched "file"
D/vlc ( 5847): creating access 'file' location='/mnt/sdcard/Notifications/hangout_ringtone.m4a', path='/mnt/sdcard/Notifications/hangout_ringtone.m4a'
D/vlc ( 5847): looking for access module: 2 candidates
D/vlc ( 5847): opening file `/mnt/sdcard/Notifications/hangout_ringtone.m4a'
D/vlc ( 5847): using access module "filesystem"
D/vlc ( 5847): Using stream method for AStream*
D/vlc ( 5847): starting pre-buffering
D/vlc ( 5847): received first data after 0 ms
D/vlc ( 5847): pre-buffering done 1024 bytes in 0s - 4098 KiB/s
D/vlc ( 5847): looking for stream_filter module: 7 candidates
D/vlc ( 5847): no stream_filter module matching "any" could be loaded
D/vlc ( 5847): looking for stream_filter module: 0 candidates
D/vlc ( 5847): no stream_filter module matched "stream_filter_record"
D/vlc ( 5847): creating demux: access='file' demux='' location='/mnt/sdcard/Notifications/hangout_ringtone.m4a' file='/mnt/sdcard/Notifications/hangout_ringtone.m4a'
D/vlc ( 5847): looking for demux module: 48 candidates
W/vlc ( 5847): unknown box type cpil (incompletely loaded)
W/vlc ( 5847): unknown box type pgap (incompletely loaded)
W/vlc ( 5847): unknown box type tmpo (incompletely loaded)
W/vlc ( 5847): unknown box type ---- (incompletely loaded)
W/vlc ( 5847): unknown box type ---- (incompletely loaded)
W/vlc ( 5847): unknown box type disk (incompletely loaded)
W/vlc ( 5847): unknown box type covr (incompletely loaded)
D/vlc ( 5847): dumping root Box "root"
D/vlc ( 5847): | + ftyp size 32
D/vlc ( 5847): | + free size 3311
D/vlc ( 5847): | + free size 745
D/vlc ( 5847): | + mdat size 9651
D/vlc ( 5847): | + mdat size 8
D/vlc ( 5847): | + moov size 3547
D/vlc ( 5847): | | + mvhd size 108
D/vlc ( 5847): | | + trak size 636
D/vlc ( 5847): | | | + tkhd size 92
D/vlc ( 5847): | | | + mdia size 536
D/vlc ( 5847): | | | | + mdhd size 32
D/vlc ( 5847): | | | | + hdlr size 33
D/vlc ( 5847): | | | | + minf size 463
D/vlc ( 5847): | | | | | + smhd size 16
D/vlc ( 5847): | | | | | + dinf size 36
D/vlc ( 5847): | | | | | | + dref size 28
D/vlc ( 5847): | | | | | | | + url size 12
D/vlc ( 5847): | | | | | + stbl size 403
D/vlc ( 5847): | | | | | | + stsd size 103
D/vlc ( 5847): | | | | | | | + mp4a size 87
D/vlc ( 5847): | | | | | | | | + esds size 51
D/vlc ( 5847): | | | | | | + stts size 24
D/vlc ( 5847): | | | | | | + stsc size 40
D/vlc ( 5847): | | | | | | + stsz size 200
D/vlc ( 5847): | | | | | | + stco size 28
D/vlc ( 5847): | | + udta size 2795
D/vlc ( 5847): | | | + meta size 2787
D/vlc ( 5847): | | | | + hdlr size 33
D/vlc ( 5847): | | | | + ilst size 694
D/vlc ( 5847): | | | | | + cnam size 36
D/vlc ( 5847): | | | | | + cpil size 25
D/vlc ( 5847): | | | | | + pgap size 25
D/vlc ( 5847): | | | | | + tmpo size 26
D/vlc ( 5847): | | | | | + ctoo size 37
D/vlc ( 5847): | | | | | + ---- size 188
D/vlc ( 5847): | | | | | + ---- size 119
D/vlc ( 5847): | | | | | + cART size 24
D/vlc ( 5847): | | | | | + calb size 24
D/vlc ( 5847): | | | | | + disk size 30
D/vlc ( 5847): | | | | | + cday size 24
D/vlc ( 5847): | | | | | + trkn size 32
D/vlc ( 5847): | | | | | + cgen size 24
D/vlc ( 5847): | | | | | + ccmt size 24
D/vlc ( 5847): | | | | | + cwrt size 24
D/vlc ( 5847): | | | | | + covr size 24
D/vlc ( 5847): | | | | + free size 2048
D/vlc ( 5847): unrecognized major file specification (M4A ).
D/vlc ( 5847): found 1 tracks
D/vlc ( 5847): track[Id 0x1] read 3 chunk
D/vlc ( 5847): track[Id 0x1] read 45 samples length:1s
D/vlc ( 5847): selecting program id=0
D/vlc ( 5847): adding track[Id 0x1] audio (enable) language undef
D/vlc ( 5847): using demux module "mp4"
D/vlc ( 5847): looking for a subtitle file in /mnt/sdcard/Notifications
D/vlc ( 5847): looking for decoder module: 24 candidates
D/vlc ( 5847): libavcodec already initialized
D/vlc ( 5847): ffmpeg codec (MPEG AAC Audio) started
D/vlc ( 5847): Using 192000 bytes output buffer
D/vlc ( 5847): using decoder module "avcodec"
D/vlc ( 5847): looking for meta reader module: 1 candidate
D/vlc ( 5847): using meta reader module "taglib"
D/vlc ( 5847): removing module "taglib"
D/vlc ( 5847): `file:///mnt/sdcard/Notifications/hangout_ringtone.m4a' successfully opened
D/vlc ( 5847): removing module "avcodec"
D/vlc ( 5847): ffmpeg codec (MPEG AAC Audio) stopped
D/vlc ( 5847): killing decoder fourcc `mp4a', 0 PES in FIFO
D/vlc ( 5847): removing module "mp4"
D/vlc ( 5847): freeing all memory
D/vlc ( 5847): removing module "filesystem"
D/vlc ( 5847): Program doesn't contain anymore ES
D/vlc ( 5847): Destroying the input for 'Join Hangout'
D/vlc ( 5847): Creating an input for 'hangout_ringtone.m4a'
D/vlc ( 5847): looking for meta fetcher module: 0 candidates
D/vlc ( 5847): no meta fetcher module matched "any"
D/vlc ( 5847): searching art for hangout_ringtone.m4a
D/vlc ( 5847): looking for art finder module: 1 candidate
D/vlc ( 5847): no art finder module matching "any" could be loaded
D/vlc ( 5847): art not found for hangout_ringtone.m4a
D/VLC/MediaItem( 5847): Artist Unknown Artist
D/VLC/MediaItem( 5847): Album Unknown Album
D/VLC/MediaItem( 5847): Title Join Hangout
D/VLC/MediaItem( 5847): Genre Unknown Genre
D/vlc ( 5847): no fetch required for Join Hangout (art currently (null))
D/vlc ( 5847): Creating an input for '01 Buzz Dees_Mitkomm.mp3'
D/vlc ( 5847): looking for meta fetcher module: 0 candidates
D/vlc ( 5847): no meta fetcher module matched "any"
D/vlc ( 5847): searching art for 01 Buzz Dees_Mitkomm.mp3
D/vlc ( 5847): looking for art finder module: 1 candidate
D/vlc ( 5847): no art finder module matching "any" could be loaded
D/vlc ( 5847): art not found for 01 Buzz Dees_Mitkomm.mp3
D/vlc ( 5847): playlist threads correctly activated
D/vlc ( 5847): rebuilding array of current - root Playlist
D/vlc ( 5847): rebuild done - 0 items, index -1
E/vlc ( 5847): option logo-x does not exist
D/vlc ( 5847): no fetch required for Mitkomm (art currently attachment://0)
E/vlc ( 5847): option logo-y does not exist
E/vlc ( 5847): option logo-delay does not exist
E/vlc ( 5847): option logo-repeat does not exist
E/vlc ( 5847): option logo-opacity does not exist
E/vlc ( 5847): option logo-position does not exist
D/vlc ( 5847): Creating an input for '01 Buzz Dees_Mitkomm.mp3'
D/vlc ( 5847): using timeshift granularity of 50 MiB, in path '/tmp'
D/vlc ( 5847): `file:///mnt/sdcard/Music/01%20Buzz%20Dees_Mitkomm.mp3' gives access `file' demux `' path `/mnt/sdcard/Music/01%20Buzz%20Dees_Mitkomm.mp3'
D/vlc ( 5847): creating demux: access='file' demux='' location='/mnt/sdcard/Music/01%20Buzz%20Dees_Mitkomm.mp3' file='/mnt/sdcard/Music/01 Buzz Dees_Mitkomm.mp3'
D/vlc ( 5847): looking for access_demux module: 0 candidates
D/vlc ( 5847): no access_demux module matched "file"
D/vlc ( 5847): creating access 'file' location='/mnt/sdcard/Music/01%20Buzz%20Dees_Mitkomm.mp3', path='/mnt/sdcard/Music/01 Buzz Dees_Mitkomm.mp3'
D/vlc ( 5847): looking for access module: 2 candidates
D/vlc ( 5847): opening file `/mnt/sdcard/Music/01 Buzz Dees_Mitkomm.mp3'
D/vlc ( 5847): using access module "filesystem"
D/vlc ( 5847): Using stream method for AStream*
D/vlc ( 5847): starting pre-buffering
D/vlc ( 5847): received first data after 0 ms
D/vlc ( 5847): pre-buffering done 1024 bytes in 0s - 3448 KiB/s
D/vlc ( 5847): looking for stream_filter module: 7 candidates
D/vlc ( 5847): no stream_filter module matching "any" could be loaded
D/vlc ( 5847): looking for stream_filter module: 0 candidates
D/vlc ( 5847): no stream_filter module matched "stream_filter_record"
D/vlc ( 5847): creating demux: access='file' demux='' location='/mnt/sdcard/Music/01%20Buzz%20Dees_Mitkomm.mp3' file='/mnt/sdcard/Music/01 Buzz Dees_Mitkomm.mp3'
D/vlc ( 5847): ID3v2.2 revision 0 tag found, skipping 113603 bytes
D/vlc ( 5847): looking for demux module: 48 candidates
D/vlc ( 5847): detected format mpga
D/vlc ( 5847): looking for packetizer module: 19 candidates
D/vlc ( 5847): using packetizer module "mpeg_audio"
D/vlc ( 5847): MPGA channels:2 samplerate:44100 bitrate:192
D/vlc ( 5847): selecting program id=0
D/vlc ( 5847): using demux module "es"
D/vlc ( 5847): looking for a subtitle file in /mnt/sdcard/Music
D/vlc ( 5847): looking for decoder module: 24 candidates
D/vlc ( 5847): libavcodec already initialized
D/vlc ( 5847): ffmpeg codec (MPEG Audio layer 1/2/3) started
D/vlc ( 5847): Using 192000 bytes output buffer
D/vlc ( 5847): using decoder module "avcodec"
D/vlc ( 5847): looking for meta reader module: 1 candidate
D/vlc ( 5847): Found embedded art: 0 (image/jpeg) is 102725 bytes
D/vlc ( 5847): using meta reader module "taglib"
D/vlc ( 5847): removing module "taglib"
D/vlc ( 5847): `file:///mnt/sdcard/Music/01%20Buzz%20Dees_Mitkomm.mp3' successfully opened
D/vlc ( 5847): removing module "avcodec"
D/vlc ( 5847): ffmpeg codec (MPEG Audio layer 1/2/3) stopped
D/vlc ( 5847): killing decoder fourcc `mpga', 0 PES in FIFO
D/vlc ( 5847): removing module "es"
D/vlc ( 5847): removing module "mpeg_audio"
D/vlc ( 5847): removing module "filesystem"
D/vlc ( 5847): Program doesn't contain anymore ES
D/vlc ( 5847): Destroying the input for 'Mitkomm'
D/vlc ( 5847): Creating an input for '01 Buzz Dees_Mitkomm.mp3'
D/vlc ( 5847): looking for meta fetcher module: 0 candidates
D/vlc ( 5847): no meta fetcher module matched "any"
D/vlc ( 5847): searching art for 01 Buzz Dees_Mitkomm.mp3
D/vlc ( 5847): looking for art finder module: 1 candidate
D/vlc ( 5847): no art finder module matching "any" could be loaded
D/vlc ( 5847): art not found for 01 Buzz Dees_Mitkomm.mp3
D/VLC/MediaItem( 5847): Artist Buzz Dees
D/VLC/MediaItem( 5847): Album Mitkomm
D/VLC/MediaItem( 5847): Title Mitkomm
D/VLC/MediaItem( 5847): Genre Rock
D/vlc ( 5847): no fetch required for Mitkomm (art currently attachment://0)
D/vlc ( 5847): Creating an input for '01 Classic Orchestra_Air.mp3'
D/vlc ( 5847): looking for meta fetcher module: 0 candidates
D/vlc ( 5847): no meta fetcher module matched "any"
D/vlc ( 5847): searching art for 01 Classic Orchestra_Air.mp3
D/vlc ( 5847): looking for art finder module: 1 candidate
D/vlc ( 5847): no art finder module matching "any" could be loaded
D/vlc ( 5847): art not found for 01 Classic Orchestra_Air.mp3
E/vlc ( 5847): option logo-x does not exist
E/vlc ( 5847): option logo-y does not exist
E/vlc ( 5847): option logo-delay does not exist
E/vlc ( 5847): option logo-repeat does not exist
E/vlc ( 5847): option logo-opacity does not exist
E/vlc ( 5847): option logo-position does not exist
D/vlc ( 5847): no fetch required for Air (art currently attachment://0)
D/vlc ( 5847): Creating an input for '01 Classic Orchestra_Air.mp3'
D/vlc ( 5847): using timeshift granularity of 50 MiB, in path '/tmp'
D/vlc ( 5847): `file:///mnt/sdcard/Music/01%20Classic%20Orchestra_Air.mp3' gives access `file' demux `' path `/mnt/sdcard/Music/01%20Classic%20Orchestra_Air.mp3'
D/vlc ( 5847): creating demux: access='file' demux='' location='/mnt/sdcard/Music/01%20Classic%20Orchestra_Air.mp3' file='/mnt/sdcard/Music/01 Classic Orchestra_Air.mp3'
D/vlc ( 5847): looking for access_demux module: 0 candidates
D/vlc ( 5847): no access_demux module matched "file"
D/vlc ( 5847): creating access 'file' location='/mnt/sdcard/Music/01%20Classic%20Orchestra_Air.mp3', path='/mnt/sdcard/Music/01 Classic Orchestra_Air.mp3'
D/vlc ( 5847): looking for access module: 2 candidates
D/vlc ( 5847): opening file `/mnt/sdcard/Music/01 Classic Orchestra_Air.mp3'
D/vlc ( 5847): using access module "filesystem"
D/vlc ( 5847): Using stream method for AStream*
D/vlc ( 5847): starting pre-buffering
D/vlc ( 5847): received first data after 0 ms
D/vlc ( 5847): pre-buffering done 1024 bytes in 0s - 3968 KiB/s
D/vlc ( 5847): looking for stream_filter module: 7 candidates
D/vlc ( 5847): no stream_filter module matching "any" could be loaded
D/vlc ( 5847): looking for stream_filter module: 0 candidates
D/vlc ( 5847): no stream_filter module matched "stream_filter_record"
D/vlc ( 5847): creating demux: access='file' demux='' location='/mnt/sdcard/Music/01%20Classic%20Orchestra_Air.mp3' file='/mnt/sdcard/Music/01 Classic Orchestra_Air.mp3'
D/vlc ( 5847): ID3v2.2 revision 0 tag found, skipping 554843 bytes
D/vlc ( 5847): looking for demux module: 48 candidates
D/vlc ( 5847): detected format mpga
D/vlc ( 5847): looking for packetizer module: 19 candidates
D/vlc ( 5847): using packetizer module "mpeg_audio"
D/vlc ( 5847): MPGA channels:2 samplerate:44100 bitrate:192
D/vlc ( 5847): selecting program id=0
D/vlc ( 5847): using demux module "es"
D/vlc ( 5847): looking for a subtitle file in /mnt/sdcard/Music
D/vlc ( 5847): looking for decoder module: 24 candidates
D/vlc ( 5847): libavcodec already initialized
D/vlc ( 5847): ffmpeg codec (MPEG Audio layer 1/2/3) started
D/vlc ( 5847): Using 192000 bytes output buffer
D/vlc ( 5847): using decoder module "avcodec"
D/vlc ( 5847): looking for meta reader module: 1 candidate
D/vlc ( 5847): Found embedded art: 0 (image/jpeg) is 543834 bytes
D/vlc ( 5847): using meta reader module "taglib"
D/vlc ( 5847): removing module "taglib"
D/vlc ( 5847): `file:///mnt/sdcard/Music/01%20Classic%20Orchestra_Air.mp3' successfully opened
D/vlc ( 5847): removing module "avcodec"
D/vlc ( 5847): ffmpeg codec (MPEG Audio layer 1/2/3) stopped
D/vlc ( 5847): killing decoder fourcc `mpga', 0 PES in FIFO
D/vlc ( 5847): removing module "es"
D/vlc ( 5847): removing module "mpeg_audio"
D/vlc ( 5847): removing module "filesystem"
D/vlc ( 5847): Program doesn't contain anymore ES
D/vlc ( 5847): Destroying the input for 'Air'
D/vlc ( 5847): Creating an input for '01 Classic Orchestra_Air.mp3'
D/vlc ( 5847): looking for meta fetcher module: 0 candidates
D/vlc ( 5847): no meta fetcher module matched "any"
D/vlc ( 5847): searching art for 01 Classic Orchestra_Air.mp3
D/vlc ( 5847): looking for art finder module: 1 candidate
D/vlc ( 5847): no art finder module matching "any" could be loaded
D/vlc ( 5847): art not found for 01 Classic Orchestra_Air.mp3
D/VLC/MediaItem( 5847): Artist Classic Orchestra
D/VLC/MediaItem( 5847): Album Popular Classix
D/VLC/MediaItem( 5847): Title Air
D/VLC/MediaItem( 5847): Genre Classical
D/vlc ( 5847): no fetch required for Air (art currently attachment://0)
D/vlc ( 5847): Creating an input for '01 Orpheum_The Passion.mp3'
D/vlc ( 5847): looking for meta fetcher module: 0 candidates
D/vlc ( 5847): no meta fetcher module matched "any"
D/vlc ( 5847): searching art for 01 Orpheum_The Passion.mp3
D/vlc ( 5847): looking for art finder module: 1 candidate
D/vlc ( 5847): no art finder module matching "any" could be loaded
D/vlc ( 5847): art not found for 01 Orpheum_The Passion.mp3
E/vlc ( 5847): option logo-x does not exist
D/vlc ( 5847): no fetch required for The Passion (art currently attachment://0)
E/vlc ( 5847): option logo-y does not exist
E/vlc ( 5847): option logo-delay does not exist
E/vlc ( 5847): option logo-repeat does not exist
E/vlc ( 5847): option logo-opacity does not exist
E/vlc ( 5847): option logo-position does not exist
D/vlc ( 5847): Creating an input for '01 Orpheum_The Passion.mp3'
D/vlc ( 5847): using timeshift granularity of 50 MiB, in path '/tmp'
D/vlc ( 5847): `file:///mnt/sdcard/Music/01%20Orpheum_The%20Passion.mp3' gives access `file' demux `' path `/mnt/sdcard/Music/01%20Orpheum_The%20Passion.mp3'
D/vlc ( 5847): creating demux: access='file' demux='' location='/mnt/sdcard/Music/01%20Orpheum_The%20Passion.mp3' file='/mnt/sdcard/Music/01 Orpheum_The Passion.mp3'
D/vlc ( 5847): looking for access_demux module: 0 candidates
D/vlc ( 5847): no access_demux module matched "file"
D/vlc ( 5847): creating access 'file' location='/mnt/sdcard/Music/01%20Orpheum_The%20Passion.mp3', path='/mnt/sdcard/Music/01 Orpheum_The Passion.mp3'
D/vlc ( 5847): looking for access module: 2 candidates
D/vlc ( 5847): opening file `/mnt/sdcard/Music/01 Orpheum_The Passion.mp3'
D/vlc ( 5847): using access module "filesystem"
