D/vlc ( 5847): looking for meta reader module: 1 candidate
D/vlc ( 5847): no meta reader module matching "any" could be loaded
D/vlc ( 5847): `rtsp://192.168.1.212/stream1' successfully opened
D/vlc ( 5847): removing module "avcodec"
D/vlc ( 5847): ffmpeg codec (H264 - MPEG-4 AVC (part 10)) stopped
D/vlc ( 5847): killing decoder fourcc `h264', 0 PES in FIFO
D/vlc ( 5847): removing module "packetizer_h264"
D/vlc ( 5847): removing module "avcodec"
D/vlc ( 5847): ffmpeg codec (MPEG AAC Audio) stopped
D/vlc ( 5847): killing decoder fourcc `mp4a', 0 PES in FIFO
D/vlc ( 5847): removing module "live555"
D/vlc ( 5847): Program doesn't contain anymore ES
D/vlc ( 5847): Destroying the input for 'rtsp://192.168.1.212/stream1'
D/vlc ( 5847): looking for meta fetcher module: 0 candidates
D/VLC/MediaItem( 5847): Artist Unknown Artist
D/vlc ( 5847): no meta fetcher module matched "any"
D/VLC/MediaItem( 5847): Album Unknown Album
D/vlc ( 5847): searching art for rtsp://192.168.1.212/stream1
D/VLC/MediaItem( 5847): Title rtsp://192.168.1.212/stream1
D/VLC/MediaItem( 5847): Genre Unknown Genre
V/VLC/LibVLC( 5847): Reading rtsp://192.168.1.212/stream1
D/vlc ( 5847): looking for art finder module: 1 candidate
D/vlc ( 5847): no art finder module matching "any" could be loaded
D/vlc ( 5847): art not found for rtsp://192.168.1.212/stream1
E/vlc ( 5847): option logo-x does not exist
E/vlc ( 5847): option logo-y does not exist
E/vlc ( 5847): option logo-delay does not exist
E/vlc ( 5847): option logo-repeat does not exist
E/vlc ( 5847): option logo-opacity does not exist
E/vlc ( 5847): option logo-position does not exist
I/VLC/JNI/main( 5847): Got version: 15
D/vlc ( 5847): Creating an input for 'rtsp://192.168.1.212/stream1'
D/vlc ( 5847): using timeshift granularity of 50 MiB, in path '/tmp'
D/vlc ( 5847): `rtsp://192.168.1.212/stream1' gives access `rtsp' demux `' path `192.168.1.212/stream1'
D/vlc ( 5847): creating demux: access='rtsp' demux='' location='192.168.1.212/stream1' file='(null)'
D/vlc ( 5847): looking for access_demux module: 1 candidate
D/vlc ( 5847): version 2011.12.23
D/vlc ( 5847): no fetch required for (null) (art currently (null))
I/ActivityManager( 188): No longer want com.google.android.apps.maps:FriendService (pid 5806): hidden #16
I/HK/LatinKeyboardBaseView( 418): closing org.pocketworkstation.pckeyboard.LatinKeyboardView@415ec2d8
I/HK/LatinKeyboardBaseView( 418): closing org.pocketworkstation.pckeyboard.LatinKeyboardView@415ec2d8
D/dalvikvm( 290): GC_CONCURRENT freed 714K, 71% free 9054K/31111K, paused 3ms+11ms
D/vlc ( 5847): RTP subsession 'video/H264'
D/vlc ( 5847): selecting program id=0
D/vlc ( 5847): RTP subsession 'audio/MPEG4-GENERIC'
D/vlc ( 5847): setup start: 0.000000 stop:0.000000
D/dalvikvm( 5847): GC_FOR_ALLOC freed 240K, 8% free 7524K/8135K, paused 24ms
D/vlc ( 5847): play start: 0.000000 stop:0.000000
D/vlc ( 5847): using access_demux module "live555"
D/vlc ( 5847): looking for decoder module: 24 candidates
D/vlc ( 5847): libavcodec already initialized
D/vlc ( 5847): trying to use direct rendering
D/vlc ( 5847): allowing 4 thread(s) for decoding
D/vlc ( 5847): ffmpeg codec (H264 - MPEG-4 AVC (part 10)) started
D/vlc ( 5847): using frame thread mode with 4 threads
D/vlc ( 5847): using decoder module "avcodec"
D/vlc ( 5847): looking for packetizer module: 19 candidates
D/vlc ( 5847): found NAL_SPS (sps_id=0)
D/vlc ( 5847): found NAL_PPS (pps_id=0 sps_id=0)
D/vlc ( 5847): using packetizer module "packetizer_h264"
D/vlc ( 5847): looking for decoder module: 24 candidates
D/vlc ( 5847): libavcodec already initialized
D/vlc ( 5847): ffmpeg codec (MPEG AAC Audio) started
D/vlc ( 5847): Using 192000 bytes output buffer
D/vlc ( 5847): using decoder module "avcodec"
D/vlc ( 5847): looking for meta reader module: 1 candidate
D/vlc ( 5847): no meta reader module matching "any" could be loaded
D/vlc ( 5847): `rtsp://192.168.1.212/stream1' successfully opened
D/VLC/JNI/main( 5847): vlc_event_callback: failed to get JNI environment, assuming native thread
I/VLC/AudioService( 5847): MediaPlayerPlaying
I/Sensors ( 188): **** No Motion ****
D/AlarmManager( 188): Triggered Alarm 4169ce18 ELAPSED_REALTIME_WAKEUP IntentSender{4169d648: PendingIntentRecord{418747a0 com.google.android.gsf broadcastIntent}}
D/dalvikvm( 188): GC_EXPLICIT freed 366K, 14% free 13196K/15303K, paused 5ms+5ms
I/GTalkService/c( 372): [AndroidEndpoint@1091713816] connect: acct=1000000, state=CONNECTING
I/GTalkService/c( 372): [GTalkConnection@1091753608] connect: acct=1, state=CONNECTING
E/GTalkService( 372): connectionClosed: no XMPPConnection - That's strange!
D/AlarmManager( 188): Added alarm Alarm{416b7da8 type 2 com.google.android.gsf} type:ELAPSED_REALTIME_WAKEUP when: After 0h:0m:24.0s
D/dalvikvm( 372): GC_EXPLICIT freed 546K, 9% free 7926K/8647K, paused 3ms+3ms
E/GTalkService( 372): connectionClosed: no XMPPConnection - That's strange!
D/dalvikvm( 5847): GC_FOR_ALLOC freed 267K, 10% free 7390K/8135K, paused 15ms
I/Sensors ( 188): **** Motion ****
D/ConnectivityService( 188): handleInetConditionHoldEnd: net=1, condition=0, published condition=0
W/ThrottleService( 188): unable to find stats for iface rmnet0
I/Sensors ( 188): **** No Motion ****
I/Sensors ( 188): **** Motion ****
D/AlarmManager( 188): Triggered Alarm 416b7da8 ELAPSED_REALTIME_WAKEUP IntentSender{4160a9e0: PendingIntentRecord{418747a0 com.google.android.gsf broadcastIntent}}
I/GTalkService/c( 372): [AndroidEndpoint@1091713816] connect: acct=1000000, state=CONNECTING
I/GTalkService/c( 372): [GTalkConnection@1091753608] connect: acct=1, state=CONNECTING
E/GTalkService( 372): connectionClosed: no XMPPConnection - That's strange!
D/AlarmManager( 188): Added alarm Alarm{416c4208 type 2 com.google.android.gsf} type:ELAPSED_REALTIME_WAKEUP when: After 0h:0m:48.0s
E/GTalkService( 372): connectionClosed: no XMPPConnection - That's strange!
D/ConnectivityService( 188): handleInetConditionHoldEnd: net=1, condition=0, published condition=0
I/Sensors ( 188): **** No Motion ****
D/AlarmManager( 188): Triggered Alarm 412d6238 RTC_WAKEUP IntentSender{410a6bf0: PendingIntentRecord{412e6728 com.facebook.katana startService}}
D/dalvikvm( 6130): GC_CONCURRENT freed 464K, 8% free 7246K/7815K, paused 7ms+4ms
D/AlarmManager( 188): Added alarm Alarm{4136ef90 type 0 com.facebook.katana} type:RTC_WAKEUP when: At 3/17/12 8:43 PM
D/PowerManagerService( 188): @PowerManagement: Auto-dim timeout
D/PowerManagerService( 188): @PowerManagement: Screen Bright {true -> false}
D/PowerManagerService( 188): @PowerManagement: Auto-sleep timeout
I/power ( 188): *** set_screen_state 0
D/PowerManagerService( 188): @PowerManagement: Screen turned off mScreenOnTime=176660ms Battery: <100,8>
D/PowerManagerService( 188): @PowerManagement: Acquire UWL 'sleep_broadcast' flags [partial] refcount=1
V/Sensors ( 188): enable - sensor Accelerometer (handle 4) en -> dis
V/Sensors ( 188): enabled_sensors: 0 dmp_started: 1
V/Sensors ( 188): Stopping DMP
I/Sensors ( 188): Disabled 9 axis sensor fusion
D/SurfaceFlinger( 107): About to give-up screen, flinger = 0x5df958
D/AlarmManager( 188): Added alarm Alarm{41669630 type 2 android} type:ELAPSED_REALTIME_WAKEUP when: After 0h:0m:4.0s
I/MPL-mldl_cfg_mpu:( 188): inv_mpu_suspend(,,,,7fff) -> 0000
V/Sensors ( 188): setDelay - sensor Accelerometer (handle 4), rate 66 ms (15.00 Hz)
D/PowerManagerService( 188): @PowerManagement: sending ordered bcast for ACTION_SCREEN_OFF
D/AlarmManager( 188): Added alarm Alarm{4166f768 type 2 com.google.android.gsf} type:ELAPSED_REALTIME_WAKEUP when: After 0h:0m:30.0s
D/AlarmManager( 188): Removed alarm Alarm{41632c48 type 2 com.google.android.apps.maps} type:ELAPSED_REALTIME_WAKEUP
D/AlarmManager( 188): Added alarm Alarm{415efe30 type 2 com.google.android.apps.maps} type:ELAPSED_REALTIME_WAKEUP when: After 2h:58m:2.0s
D/PowerManagerService( 188): @PowerManagement: Release UWL 'sleep_broadcast' flags [partial] refcount=0
D/AlarmManager( 188): Triggered Alarm 41669630 ELAPSED_REALTIME_WAKEUP IntentSender{41684fd8: PendingIntentRecord{41699128 android broadcastIntent}}
V/TransportControlView( 188): Create TCV com.android.internal.widget.TransportControlView@4157df28
D/dalvikvm( 188): GC_FOR_ALLOC freed 292K, 12% free 13507K/15303K, paused 165ms
D/dalvikvm( 188): GC_FOR_ALLOC freed 35K, 12% free 13566K/15367K, paused 160ms
D/dalvikvm( 188): GC_FOR_ALLOC freed 1K, 12% free 13610K/15431K, paused 158ms
I/ActivityManager( 188): Start proc com.google.android.gsf.login for service com.google.android.gsf.login/com.google.android.gsf.loginservice.GoogleLoginService: pid=6193 uid=10030 gids={3003, 1015, 1007, 2001, 3006}
I/TabletStatusBar( 290): DISABLE_CLOCK: yes
I/ActivityManager( 188): No longer want com.google.android.apps.maps:LocationFriendService (pid 5825): hidden #16
D/WindowManager( 188): adjustConfigurationLw, config:{1.0 0mcc0mnc (no locale) layoutdir=0 sw800dp w1280dp h752dp xlrg land ?uimode ?night finger -keyb/v/h -nav/v} mLidOpen:-1 mHasDockFeature:true mHasHallSensorFeature:true config.hardKeyboardHidden:2
D/dalvikvm( 188): GC_FOR_ALLOC freed 43K, 12% free 13689K/15495K, paused 165ms
I/dalvikvm-heap( 188): Grow heap (frag case) to 13.546MB for 124216-byte allocation
D/dalvikvm( 188): GC_FOR_ALLOC freed 5K, 12% free 13804K/15623K, paused 159ms
D/AlarmManager( 188): Triggered Alarm 416c4208 ELAPSED_REALTIME_WAKEUP IntentSender{41748bf0: PendingIntentRecord{418747a0 com.google.android.gsf broadcastIntent}}
I/GTalkService/c( 372): [AndroidEndpoint@1091713816] connect: acct=1000000, state=CONNECTING
I/GTalkService/c( 372): [GTalkConnection@1091753608] connect: acct=1, state=CONNECTING
D/VLC/AudioService( 5847): Updating widget
E/GTalkService( 372): connectionClosed: no XMPPConnection - That's strange!
D/AlarmManager( 188): Added alarm Alarm{41369a10 type 2 com.google.android.gsf} type:ELAPSED_REALTIME_WAKEUP when: After 0h:1m:37.0s
E/GTalkService( 372): connectionClosed: no XMPPConnection - That's strange!
D/ConnectivityService( 188): handleInetConditionHoldEnd: net=1, condition=0, published condition=0
D/PowerManagerService( 188): @PowerManagement: Auto-sleep timeout
D/AlarmManager( 188): Triggered Alarm 4166f768 ELAPSED_REALTIME_WAKEUP IntentSender{4155f318: PendingIntentRecord{4161a6d8 com.google.android.gsf broadcastIntent}}
D/AlarmManager( 188): Triggered Alarm 4136ef90 RTC_WAKEUP IntentSender{4139c628: PendingIntentRecord{413760a8 com.facebook.katana startService}}
D/AlarmManager( 188): Removed alarm Alarm{415ddad8 type 0 com.facebook.katana} type:RTC_WAKEUP
D/AlarmManager( 188): Added alarm Alarm{41622f78 type 0 com.facebook.katana} type:RTC_WAKEUP when: At 3/17/12 9:13 PM
I/power ( 188): *** set_screen_state 1
D/PowerManagerService( 188): @PowerManagement: Screen Bright {false -> true}
D/PowerManagerService( 188): @PowerManagement: Screen turned on mScreenOffTime=67881ms Battery: <100,8>
D/PowerManagerService( 188): @PowerManagement: Acquire UWL 'sleep_broadcast' flags [partial] refcount=1
V/Sensors ( 188): enable - sensor Accelerometer (handle 4) dis -> en
V/Sensors ( 188): enabled_sensors: 16 dmp_started: 0
V/Sensors ( 188): Starting DMP
W/MPL-9_sup( 188): 9 axis sensor fusion not available - No compass detected.
I/Sensors ( 188): Enabled 9 axis sensor fusion
D/PowerManagerService( 188): @PowerManagement: Acquire UWL 'sleep_broadcast' flags [partial] refcount=2
I/MPL-mldl_cfg_mpu:( 188): inv_mpu_resume(,,,,0070) -> 0070
V/Sensors ( 188): setDelay - sensor Accelerometer (handle 4), rate 200 ms (5.00 Hz)
V/Sensors ( 188): set fifo rate - divider : 39, delay : 200 ms (5.00 Hz)
I/MPL-fifo( 188): Actual ODR: 25000 mHz
V/Sensors ( 188): setDelay - sensor Accelerometer (handle 4), rate 66 ms (15.00 Hz)
V/Sensors ( 188): set fifo rate - divider : 13, delay : 66 ms (15.00 Hz)
I/MPL-fifo( 188): Actual ODR: 25000 mHz
D/WindowManager( 188): adjustConfigurationLw, config:{1.0 0mcc0mnc (no locale) layoutdir=0 sw800dp w1280dp h752dp xlrg land ?uimode ?night finger -keyb/v/h -nav/v} mLidOpen:-1 mHasDockFeature:true mHasHallSensorFeature:true config.hardKeyboardHidden:2
D/PowerManagerService( 188): @PowerManagement: sending ordered bcast for ACTION_SCREEN_ON
D/VLC/AudioService( 5847): Updating widget
D/VLC/AudioServiceContoller( 5847): Service Connected
I/WindowManager( 188): Lock screen displayed!
D/PowerManagerService( 188): @PowerManagement: Release UWL 'sleep_broadcast' flags [partial] refcount=1
D/PowerManagerService( 188): @PowerManagement: Release UWL 'sleep_broadcast' flags [partial] refcount=0
D/SurfaceFlinger( 107): Screen about to return, flinger = 0x5df958
D/OpenGLRenderer( 188): Flushing caches (mode 0)
D/PowerManagerService( 188): @PowerManagement: 'keyguard' releaseWakeLock when screen locked
I/HK/LatinKeyboardBaseView( 418): closing org.pocketworkstation.pckeyboard.LatinKeyboardView@415ec2d8
W/InputManagerService( 188): Window already focused, ignoring focus gain of: com.android.internal.view.IInputMethodClient$Stub$Proxy@4156fc50
I/TabletStatusBar( 290): DISABLE_CLOCK: no
V/TabletStatusBar( 290): setLightsOn(true)
D/QuickSettingsView( 290): onFinishInflate(): check if slider should be shown
V/StatusBar.StereoSepElement( 290): HDMI Display NOT connected
D/QuickSettingsView( 290): onFinishInflate(): set visibility on entire slider element to GONE
V/NvCPLService( 494): handleIntent(): START
V/NvOTAHelper( 494): IsBootEvent(): bIsBootEvent = false
V/NvOTAHelper( 494): IsAlarmWakeupEvent(): bIsAlarmWakeupEvent = false
V/NvCPLService( 494): IsPropSetNeeded(): This is NOT a request to set property NV_STEREOCTRL
V/NvCPLService( 494): IsPropSetNeeded(): This is NOT a request to set property NV_STEREOMETHOD
V/NvCPLService( 494): IsPropSetNeeded(): This is NOT a request to set property NV_STEREOSEP
V/NvCPLService( 494): IsPropSetNeeded(): Need to set property NV_STEREOSEPCHG to 0
D/NvControl_JNI( 494): com_nvidia_NvCPLSvc_setProperty(): START, set NV_STEREOSEPCHG to 0, stateId = 1, size = 1
D/NvControl_JNI( 494): com_nvidia_NvCPLSvc_setProperty(): could set the property.
D/NvControl_JNI( 494): com_nvidia_NvCPLSvc_setProperty(): FINISHED
V/NvCPLService( 494): handleIntent(): END
D/QuickSettingsView( 290): onFinishInflate(): check if slider should be shown
V/StatusBar.StereoSepElement( 290): HDMI Display NOT connected
D/QuickSettingsView( 290): onFinishInflate(): set visibility on entire slider element to GONE
V/NvCPLService( 494): handleIntent(): START
V/NvOTAHelper( 494): IsBootEvent(): bIsBootEvent = false
V/NvOTAHelper( 494): IsAlarmWakeupEvent(): bIsAlarmWakeupEvent = false
V/NvCPLService( 494): IsPropSetNeeded(): This is NOT a request to set property NV_STEREOCTRL
V/NvCPLService( 494): IsPropSetNeeded(): This is NOT a request to set property NV_STEREOMETHOD
V/NvCPLService( 494): IsPropSetNeeded(): This is NOT a request to set property NV_STEREOSEP
V/NvCPLService( 494): IsPropSetNeeded(): Need to set property NV_STEREOSEPCHG to 0
D/NvControl_JNI( 494): com_nvidia_NvCPLSvc_setProperty(): START, set NV_STEREOSEPCHG to 0, stateId = 1, size = 1
D/OpenGLRenderer( 290): Flushing caches (mode 0)
D/NvControl_JNI( 494): com_nvidia_NvCPLSvc_setProperty(): could set the property.
D/NvControl_JNI( 494): com_nvidia_NvCPLSvc_setProperty(): FINISHED
V/NvCPLService( 494): handleIntent(): END
W/InputManagerService( 188): Window already focused, ignoring focus gain of: com.android.internal.view.IInputMethodClient$Stub$Proxy@41772260
V/TabletStatusBar( 290): setLightsOn(true)
W/InputManagerService( 188): Window already focused, ignoring focus gain of: com.android.internal.view.IInputMethodClient$Stub$Proxy@413a2450
D/vlc ( 5847): control type=1
D/VLC/JNI/main( 5847): vlc_event_callback: failed to get JNI environment, assuming native thread
I/VLC/AudioService( 5847): MediaPlayerPaused
D/VLC/AudioService( 5847): Updating widget
D/PowerManagerService( 188): @PowerManagement: Sleep state requested, reason:2
D/PowerManagerService( 188): @PowerManagement: Screen Bright {true -> false}
I/power ( 188): *** set_screen_state 0
V/Sensors ( 188): enable - sensor Accelerometer (handle 4) en -> dis
V/Sensors ( 188): enabled_sensors: 0 dmp_started: 1
V/Sensors ( 188): Stopping DMP
I/Sensors ( 188): Disabled 9 axis sensor fusion
D/PowerManagerService( 188): @PowerManagement: Screen turned off mScreenOnTime=17198ms Battery: <100,8>
D/PowerManagerService( 188): @PowerManagement: Acquire UWL 'sleep_broadcast' flags [partial] refcount=1
V/TransportControlView( 188): Create TCV com.android.internal.widget.TransportControlView@41658848
D/SurfaceFlinger( 107): About to give-up screen, flinger = 0x5df958
I/MPL-mldl_cfg_mpu:( 188): inv_mpu_suspend(,,,,7fff) -> 0000
V/Sensors ( 188): setDelay - sensor Accelerometer (handle 4), rate 66 ms (15.00 Hz)
D/dalvikvm( 188): GC_FOR_ALLOC freed 629K, 13% free 13683K/15687K, paused 47ms
D/PowerManagerService( 188): @PowerManagement: sending ordered bcast for ACTION_SCREEN_OFF
D/AlarmManager( 188): Added alarm Alarm{41684548 type 2 com.google.android.gsf} type:ELAPSED_REALTIME_WAKEUP when: After 0h:0m:30.0s
D/PowerManagerService( 188): @PowerManagement: Release UWL 'sleep_broadcast' flags [partial] refcount=0
I/TabletStatusBar( 290): DISABLE_CLOCK: yes
D/AlarmManager( 188): Triggered Alarm 41369a10 ELAPSED_REALTIME_WAKEUP IntentSender{4108ef70: PendingIntentRecord{418747a0 com.google.android.gsf broadcastIntent}}
I/GTalkService/c( 372): [AndroidEndpoint@1091713816] connect: acct=1000000, state=CONNECTING
I/GTalkService/c( 372): [GTalkConnection@1091753608] connect: acct=1, state=CONNECTING
D/AlarmManager( 188): Triggered Alarm 41684548 ELAPSED_REALTIME_WAKEUP IntentSender{41295578: PendingIntentRecord{4161a6d8 com.google.android.gsf broadcastIntent}}
E/GTalkService( 372): connectionClosed: no XMPPConnection - That's strange!
D/AlarmManager( 188): Added alarm Alarm{41303090 type 2 com.google.android.gsf} type:ELAPSED_REALTIME_WAKEUP when: After 0h:3m:14.0s
E/GTalkService( 372): connectionClosed: no XMPPConnection - That's strange!
D/PowerManagerService( 188): @PowerManagement: Auto-sleep timeout
D/ConnectivityService( 188): handleInetConditionHoldEnd: net=1, condition=0, published condition=0
I/power ( 188): *** set_screen_state 1
D/PowerManagerService( 188): @PowerManagement: Screen Bright {false -> true}
D/PowerManagerService( 188): @PowerManagement: Screen turned on mScreenOffTime=93806ms Battery: <100,8>
D/PowerManagerService( 188): @PowerManagement: Acquire UWL 'sleep_broadcast' flags [partial] refcount=1
V/Sensors ( 188): enable - sensor Accelerometer (handle 4) dis -> en
V/Sensors ( 188): enabled_sensors: 16 dmp_started: 0
V/Sensors ( 188): Starting DMP
W/MPL-9_sup( 188): 9 axis sensor fusion not available - No compass detected.
I/Sensors ( 188): Enabled 9 axis sensor fusion
D/PowerManagerService( 188): @PowerManagement: Acquire UWL 'sleep_broadcast' flags [partial] refcount=2
I/MPL-mldl_cfg_mpu:( 188): inv_mpu_resume(,,,,0070) -> 0070
V/Sensors ( 188): setDelay - sensor Accelerometer (handle 4), rate 200 ms (5.00 Hz)
V/Sensors ( 188): set fifo rate - divider : 39, delay : 200 ms (5.00 Hz)
I/MPL-fifo( 188): Actual ODR: 25000 mHz
V/Sensors ( 188): setDelay - sensor Accelerometer (handle 4), rate 66 ms (15.00 Hz)
V/Sensors ( 188): set fifo rate - divider : 13, delay : 66 ms (15.00 Hz)
I/MPL-fifo( 188): Actual ODR: 25000 mHz
D/WindowManager( 188): adjustConfigurationLw, config:{1.0 0mcc0mnc (no locale) layoutdir=0 sw800dp w1280dp h752dp xlrg land ?uimode ?night finger -keyb/v/h -nav/v} mLidOpen:-1 mHasDockFeature:true mHasHallSensorFeature:true config.hardKeyboardHidden:2
D/PowerManagerService( 188): @PowerManagement: sending ordered bcast for ACTION_SCREEN_ON
D/VLC/AudioService( 5847): Updating widget
D/VLC/AudioServiceContoller( 5847): Service Connected
I/WindowManager( 188): Lock screen displayed!
D/PowerManagerService( 188): @PowerManagement: Release UWL 'sleep_broadcast' flags [partial] refcount=1
D/PowerManagerService( 188): @PowerManagement: Release UWL 'sleep_broadcast' flags [partial] refcount=0
D/SurfaceFlinger( 107): Screen about to return, flinger = 0x5df958
D/OpenGLRenderer( 188): Flushing caches (mode 0)
D/PowerManagerService( 188): @PowerManagement: 'keyguard' releaseWakeLock when screen locked
I/HK/LatinKeyboardBaseView( 418): closing org.pocketworkstation.pckeyboard.LatinKeyboardView@415ec2d8
I/TabletStatusBar( 290): DISABLE_CLOCK: no
W/InputManagerService( 188): Window already focused, ignoring focus gain of: com.android.internal.view.IInputMethodClient$Stub$Proxy@415c51d0
V/TabletStatusBar( 290): setLightsOn(true)
D/VLC/AudioService( 5847): Updating widget
D/vlc ( 5847): control type=1
D/VLC/JNI/main( 5847): vlc_event_callback: failed to get JNI environment, assuming native thread
I/VLC/AudioService( 5847): MediaPlayerPlaying
W/vlc ( 5847): es out timeshift: auto stop
D/TextView( 5847): Constructor - Got Res id for appearance for textColorPrimaryInverse
W/ResourceType( 5847): Skipping entry 0x1060003 in package table 0 because it is not complex!
D/TextView( 5847): Constructor - Got appearance for textColorPrimaryInverse
D/TextView( 5847): Constructor -- Got mEditTextBackgroundColor
D/dalvikvm( 5847): GC_FOR_ALLOC freed 215K, 8% free 7496K/8135K, paused 15ms
I/HK/LatinKeyboardBaseView( 418): closing org.pocketworkstation.pckeyboard.LatinKeyboardView@415ec2d8
I/HK/LatinKeyboardBaseView( 418): closing org.pocketworkstation.pckeyboard.LatinKeyboardView@415ec2d8
D/dalvikvm( 290): GC_CONCURRENT freed 855K, 72% free 9021K/31111K, paused 2ms+4ms
I/HK/LatinKeyboardBaseView( 418): closing org.pocketworkstation.pckeyboard.LatinKeyboardBaseView@410c7898
I/HK/LatinKeyboardBaseView( 418): closing org.pocketworkstation.pckeyboard.LatinKeyboardView@415ec2d8
I/HK/LatinKeyboardBaseView( 418): closing org.pocketworkstation.pckeyboard.LatinKeyboardView@415ec2d8
D/KeyBoxService( 5205): === StatusCode: SC_UNAUTHORIZED!
D/KeyBoxService( 5205): === OTA BEGIN
D/dalvikvm( 5205): GC_CONCURRENT freed 386K, 7% free 6599K/7047K, paused 7ms+3ms
E/KeyBoxService( 5205): === The target server failed to respond
D/KeyBoxService( 5205): === Retry after 2400 seconds.
D/KeyBoxService( 5205): === OTA END
D/AlarmManager( 188): Triggered Alarm 416b67f8 RTC_WAKEUP IntentSender{41721e60: PendingIntentRecord{4166a808 com.facebook.katana startService}}
D/AlarmManager( 188): Added alarm Alarm{4173a0e0 type 0 com.facebook.katana} type:RTC_WAKEUP when: At 3/17/12 8:51 PM
D/AlarmManager( 188): Added alarm Alarm{4175c250 type 0 com.facebook.katana} type:RTC_WAKEUP when: At 3/17/12 8:46 PM
D/AlarmManager( 188): Triggered Alarm 4175c250 RTC_WAKEUP IntentSender{416809e8: PendingIntentRecord{4175c160 com.facebook.katana startService}}
I/Sensors ( 188): **** No Motion ****
D/PowerManagerService( 188): @PowerManagement: Auto-dim timeout
D/PowerManagerService( 188): @PowerManagement: Screen Bright {true -> false}
D/PowerManagerService( 188): @PowerManagement: Auto-sleep timeout
I/power ( 188): *** set_screen_state 0
D/PowerManagerService( 188): @PowerManagement: Screen turned off mScreenOnTime=88470ms Battery: <100,8>
V/Sensors ( 188): enable - sensor Accelerometer (handle 4) en -> dis
V/Sensors ( 188): enabled_sensors: 0 dmp_started: 1
V/Sensors ( 188): Stopping DMP
I/Sensors ( 188): Disabled 9 axis sensor fusion
D/PowerManagerService( 188): @PowerManagement: Acquire UWL 'sleep_broadcast' flags [partial] refcount=1
D/AlarmManager( 188): Added alarm Alarm{418b10f8 type 2 android} type:ELAPSED_REALTIME_WAKEUP when: After 0h:0m:4.0s
D/SurfaceFlinger( 107): About to give-up screen, flinger = 0x5df958
I/MPL-mldl_cfg_mpu:( 188): inv_mpu_suspend(,,,,7fff) -> 0000
V/Sensors ( 188): setDelay - sensor Accelerometer (handle 4), rate 66 ms (15.00 Hz)
D/dalvikvm( 188): GC_FOR_ALLOC freed 939K, 14% free 13631K/15687K, paused 76ms
D/PowerManagerService( 188): @PowerManagement: sending ordered bcast for ACTION_SCREEN_OFF
D/AlarmManager( 188): Added alarm Alarm{4110f0c8 type 2 com.google.android.gsf} type:ELAPSED_REALTIME_WAKEUP when: After 0h:0m:29.0s
D/PowerManagerService( 188): @PowerManagement: Release UWL 'sleep_broadcast' flags [partial] refcount=0
D/AlarmManager( 188): Triggered Alarm 418b10f8 ELAPSED_REALTIME_WAKEUP IntentSender{41619ab0: PendingIntentRecord{418b1058 android broadcastIntent}}
V/TransportControlView( 188): Create TCV com.android.internal.widget.TransportControlView@4157df28
D/dalvikvm( 188): GC_FOR_ALLOC freed 534K, 14% free 13539K/15687K, paused 164ms
I/TabletStatusBar( 290): DISABLE_CLOCK: yes
D/CMC->PushControlReceiver( 6047): connected -> start server
D/AlarmManager( 188): Triggered Alarm 41644970 RTC_WAKEUP IntentSender{411647d0: PendingIntentRecord{416df758 com.asus.cm broadcastIntent}}
D/CMC->PushService( 6047): ============== PushService.onStartCommand() ==============
D/CMC->UniqueId( 6047): get cached uniqueID
E/CMC->TaskConnection( 6047): execute TaskConnection but get IOException: failed to connect to mdmnotify1.asus.com/10.0.0.1 (port 9000): connect failed: ENETUNREACH (Network is unreachable)
E/CMC->NioClient3( 6047): NioClient thread get exception e: execute TaskConnection but get IOException
D/CMC->PushService( 6047): ============== PushService.onDestroy() ==============
D/CMC->PushUtil( 6047): State.CONNECTED
D/CMC->PushControlReceiver( 6047): set retry
D/CMC->UniqueId( 6047): get cached uniqueID
D/AlarmManager( 188): Added alarm Alarm{41674d58 type 0 com.asus.cm} type:RTC_WAKEUP when: At 3/17/12 9:01 PM
D/PowerManagerService( 188): @PowerManagement: Auto-sleep timeout
I/power ( 188): *** set_screen_state 1
D/PowerManagerService( 188): @PowerManagement: Screen Bright {false -> true}
D/PowerManagerService( 188): @PowerManagement: Screen turned on mScreenOffTime=23526ms Battery: <100,8>
D/PowerManagerService( 188): @PowerManagement: Acquire UWL 'sleep_broadcast' flags [partial] refcount=1
V/Sensors ( 188): enable - sensor Accelerometer (handle 4) dis -> en
V/Sensors ( 188): enabled_sensors: 16 dmp_started: 0
V/Sensors ( 188): Starting DMP
W/MPL-9_sup( 188): 9 axis sensor fusion not available - No compass detected.
I/Sensors ( 188): Enabled 9 axis sensor fusion
D/PowerManagerService( 188): @PowerManagement: Acquire UWL 'sleep_broadcast' flags [partial] refcount=2
I/MPL-mldl_cfg_mpu:( 188): inv_mpu_resume(,,,,0070) -> 0070
V/Sensors ( 188): setDelay - sensor Accelerometer (handle 4), rate 200 ms (5.00 Hz)
V/Sensors ( 188): set fifo rate - divider : 39, delay : 200 ms (5.00 Hz)
I/MPL-fifo( 188): Actual ODR: 25000 mHz
V/Sensors ( 188): setDelay - sensor Accelerometer (handle 4), rate 66 ms (15.00 Hz)
V/Sensors ( 188): set fifo rate - divider : 13, delay : 66 ms (15.00 Hz)
I/MPL-fifo( 188): Actual ODR: 25000 mHz
D/WindowManager( 188): adjustConfigurationLw, config:{1.0 0mcc0mnc (no locale) layoutdir=0 sw800dp w1280dp h752dp xlrg land ?uimode ?night finger -keyb/v/h -nav/v} mLidOpen:-1 mHasDockFeature:true mHasHallSensorFeature:true config.hardKeyboardHidden:2
D/PowerManagerService( 188): @PowerManagement: sending ordered bcast for ACTION_SCREEN_ON
D/VLC/AudioService( 5847): Updating widget
D/VLC/AudioServiceContoller( 5847): Service Connected
I/WindowManager( 188): Lock screen displayed!
D/PowerManagerService( 188): @PowerManagement: Release UWL 'sleep_broadcast' flags [partial] refcount=1
D/PowerManagerService( 188): @PowerManagement: Release UWL 'sleep_broadcast' flags [partial] refcount=0
D/SurfaceFlinger( 107): Screen about to return, flinger = 0x5df958
D/OpenGLRenderer( 188): Flushing caches (mode 0)
D/PowerManagerService( 188): @PowerManagement: 'keyguard' releaseWakeLock when screen locked
D/AlarmManager( 188): Removed alarm Alarm{4110f0c8 type 2 com.google.android.gsf} type:ELAPSED_REALTIME_WAKEUP
I/HK/LatinKeyboardBaseView( 418): closing org.pocketworkstation.pckeyboard.LatinKeyboardView@415ec2d8
W/InputManagerService( 188): Window already focused, ignoring focus gain of: com.android.internal.view.IInputMethodClient$Stub$Proxy@41330948
I/TabletStatusBar( 290): DISABLE_CLOCK: no
V/TabletStatusBar( 290): setLightsOn(true)
W/InputManagerService( 188): Window already focused, ignoring focus gain of: com.android.internal.view.IInputMethodClient$Stub$Proxy@4165f928
D/dalvikvm( 290): GC_CONCURRENT freed 450K, 70% free 9336K/31111K, paused 2ms+4ms
I/ActivityManager( 188): START {act=android.intent.action.MAIN cat=[android.intent.category.HOME] flg=0x10200000 cmp=com.android.launcher/com.android.launcher2.Launcher} from pid 188
D/WindowManager( 188): adjustConfigurationLw, config:{1.0 0mcc0mnc (no locale) layoutdir=0 sw800dp w1280dp h752dp xlrg land ?uimode ?night finger -keyb/v/h -nav/v} mLidOpen:-1 mHasDockFeature:true mHasHallSensorFeature:true config.hardKeyboardHidden:2
W/IInputConnectionWrapper( 472): showStatusIcon on inactive InputConnection
I/ActivityManager( 188): No longer want com.google.android.apps.maps (pid 5698): hidden #16
D/dalvikvm( 290): GC_CONCURRENT freed 912K, 70% free 9368K/31111K, paused 1ms+3ms
D/WindowManager( 188): adjustConfigurationLw, config:{1.0 0mcc0mnc (no locale) layoutdir=0 sw800dp w1280dp h752dp xlrg land ?uimode ?night finger -keyb/v/h -nav/v} mLidOpen:-1 mHasDockFeature:true mHasHallSensorFeature:true config.hardKeyboardHidden:2
D/VLC/AudioService( 5847): Updating widget
D/OpenGLRenderer( 472): Flushing caches (mode 1)
D/VLC/AudioServiceContoller( 5847): Service Connected
D/OpenGLRenderer( 472): Flushing caches (mode 0)
D/OpenGLRenderer( 290): Flushing caches (mode 0)
I/HK/LatinKeyboardBaseView( 418): closing org.pocketworkstation.pckeyboard.LatinKeyboardView@415ec2d8
V/TabletStatusBar( 290): setLightsOn(true)
I/ActivityManager( 188): START {cmp=org.videolan.vlc/.gui.audio.AudioPlayerActivity} from pid 5847
D/dalvikvm( 188): GC_FOR_ALLOC freed 722K, 14% free 13609K/15687K, paused 47ms
D/AlarmManager( 188): Triggered Alarm 41303090 ELAPSED_REALTIME_WAKEUP IntentSender{417e4148: PendingIntentRecord{418747a0 com.google.android.gsf broadcastIntent}}
I/GTalkService/c( 372): [AndroidEndpoint@1091713816] connect: acct=1000000, state=CONNECTING
D/WindowManager( 188): adjustConfigurationLw, config:{1.0 0mcc0mnc (no locale) layoutdir=0 sw800dp w1280dp h752dp xlrg land ?uimode ?night finger -keyb/v/h -nav/v} mLidOpen:-1 mHasDockFeature:true mHasHallSensorFeature:true config.hardKeyboardHidden:2
I/GTalkService/c( 372): [GTalkConnection@1091753608] connect: acct=1, state=CONNECTING
V/VLC/AudioPlayerActivity( 5847): width = 1280 : height = 752
D/dalvikvm( 5847): GC_FOR_ALLOC freed 123K, 6% free 7664K/8135K, paused 15ms
D/dalvikvm( 5847): GC_FOR_ALLOC freed 133K, 7% free 7697K/8263K, paused 14ms
D/VLC/AudioService( 5847): Updating widget
D/VLC/AudioServiceContoller( 5847): Service Connected
D/dalvikvm( 6059): GC_CONCURRENT freed 260K, 5% free 6665K/6983K, paused 1ms+2ms
D/dalvikvm( 5847): GC_FOR_ALLOC freed 7K, 6% free 7769K/8263K, paused 33ms
I/dalvikvm-heap( 5847): Grow heap (frag case) to 7.985MB for 360016-byte allocation
D/dalvikvm( 5847): GC_FOR_ALLOC freed 2K, 7% free 8118K/8647K, paused 16ms
I/HK/LatinKeyboardBaseView( 418): closing org.pocketworkstation.pckeyboard.LatinKeyboardView@415ec2d8
V/TabletStatusBar( 290): setLightsOn(true)
I/ActivityManager( 188): Displayed org.videolan.vlc/.gui.audio.AudioPlayerActivity: +235ms
E/GTalkService( 372): connectionClosed: no XMPPConnection - That's strange!
D/AlarmManager( 188): Added alarm Alarm{416553a8 type 2 com.google.android.gsf} type:ELAPSED_REALTIME_WAKEUP when: After 0h:4m:59.0s
E/GTalkService( 372): connectionClosed: no XMPPConnection - That's strange!
D/ConnectivityService( 188): handleInetConditionHoldEnd: net=1, condition=0, published condition=0
I/InputReader( 188): Reconfiguring input devices. changes=0x00000004
I/InputReader( 188): Device reconfigured: id=3, name='atmel-maxtouch', surface size is now 1280x800, mode is 1
D/WindowManager( 188): adjustConfigurationLw, config:{0.0 0mcc0mnc (no locale) layoutdir=0 sw800dp w800dp h1232dp xlrg port ?uimode ?night finger -keyb/v/h -nav/v} mLidOpen:-1 mHasDockFeature:true mHasHallSensorFeature:true config.hardKeyboardHidden:2
I/ActivityManager( 188): Config changed: {1.0 0mcc0mnc en_US layoutdir=0 sw800dp w800dp h1232dp xlrg port finger -keyb/v/h -nav/h s.16}
W/NvCpuClient( 107): Failed to bind to service
I/PCKeyboard( 418): onConfigurationChanged()
I/HK/LatinKeyboardBaseView( 418): closing org.pocketworkstation.pckeyboard.LatinKeyboardView@415ec2d8
I/StatusBar.HeightReceiver( 290): Resizing status bar plugged=false height=48 old=48
V/VLC/AudioPlayerActivity( 5847): width = 800 : height = 1232
D/VLC/AudioService( 5847): Updating widget
D/VLC/AudioServiceContoller( 5847): Service Connected
I/HK/LatinKeyboardBaseView( 418): closing org.pocketworkstation.pckeyboard.LatinKeyboardView@415ec2d8
I/InputReader( 188): Reconfiguring input devices. changes=0x00000004
I/InputReader( 188): Device reconfigured: id=3, name='atmel-maxtouch', surface size is now 1280x800, mode is 1
D/WindowManager( 188): adjustConfigurationLw, config:{0.0 0mcc0mnc (no locale) layoutdir=0 sw800dp w1280dp h752dp xlrg land ?uimode ?night finger -keyb/v/h -nav/v} mLidOpen:-1 mHasDockFeature:true mHasHallSensorFeature:true config.hardKeyboardHidden:2
I/ActivityManager( 188): Config changed: {1.0 0mcc0mnc en_US layoutdir=0 sw800dp w1280dp h752dp xlrg land finger -keyb/v/h -nav/h s.17}
I/StatusBar.HeightReceiver( 290): Resizing status bar plugged=false height=48 old=48
I/PCKeyboard( 418): onConfigurationChanged()
W/NvCpuClient( 107): Failed to bind to service
V/VLC/AudioPlayerActivity( 5847): width = 1280 : height = 752
D/VLC/AudioService( 5847): Updating widget
D/VLC/AudioServiceContoller( 5847): Service Connected
I/HK/LatinKeyboardBaseView( 418): closing org.pocketworkstation.pckeyboard.LatinKeyboardView@415ec2d8
D/dalvikvm( 188): GC_EXPLICIT freed 766K, 16% free 13254K/15687K, paused 12ms+9ms
D/PowerManagerService( 188): @PowerManagement: Release UWL 'StayOnWhilePluggedIn Screen Dim' flags [screen_dim]
D/PowerManagerService( 188): @PowerManagement: Release UWL 'StayOnWhilePluggedIn Partial' flags [partial]
D/PowerManagerService( 188): @PowerManagement: Release UWL 'StayOnWhilePluggedIn Screen Dim' flags [screen_dim]
D/PowerManagerService( 188): @PowerManagement: Release UWL 'StayOnWhilePluggedIn Partial' flags [partial]
D/AndroidRuntime( 5847): Shutting down VM
W/dalvikvm( 5847): threadid=1: thread exiting with uncaught exception (group=0x40a321f8)
E/VLC/VlcCrashHandler( 5847): java.lang.IllegalStateException: Could not execute method of the activity
E/VLC/VlcCrashHandler( 5847): at android.view.View$1.onClick(View.java:3044)
E/VLC/VlcCrashHandler( 5847): at android.view.View.performClick(View.java:3511)
E/VLC/VlcCrashHandler( 5847): at android.view.View$PerformClick.run(View.java:14110)
E/VLC/VlcCrashHandler( 5847): at android.os.Handler.handleCallback(Handler.java:605)
E/VLC/VlcCrashHandler( 5847): at android.os.Handler.dispatchMessage(Handler.java:92)
E/VLC/VlcCrashHandler( 5847): at android.os.Looper.loop(Looper.java:137)
E/VLC/VlcCrashHandler( 5847): at android.app.ActivityThread.main(ActivityThread.java:4424)
E/VLC/VlcCrashHandler( 5847): at java.lang.reflect.Method.invokeNative(Native Method)
E/VLC/VlcCrashHandler( 5847): at java.lang.reflect.Method.invoke(Method.java:511)
E/VLC/VlcCrashHandler( 5847): at com.android.internal.os.ZygoteInit$MethodAndArgsCaller.run(ZygoteInit.java:784)
E/VLC/VlcCrashHandler( 5847): at com.android.internal.os.ZygoteInit.main(ZygoteInit.java:551)
E/VLC/VlcCrashHandler( 5847): at dalvik.system.NativeStart.main(Native Method)
E/VLC/VlcCrashHandler( 5847): Caused by: java.lang.reflect.InvocationTargetException
E/VLC/VlcCrashHandler( 5847): at java.lang.reflect.Method.invokeNative(Native Method)
E/VLC/VlcCrashHandler( 5847): at java.lang.reflect.Method.invoke(Method.java:511)
E/VLC/VlcCrashHandler( 5847): at android.view.View$1.onClick(View.java:3039)
E/VLC/VlcCrashHandler( 5847): ... 11 more
E/VLC/VlcCrashHandler( 5847): Caused by: java.lang.NullPointerException
E/VLC/VlcCrashHandler( 5847): at org.videolan.vlc.AudioService.next(AudioService.java:295)
E/VLC/VlcCrashHandler( 5847): at org.videolan.vlc.AudioService.access$600(AudioService.java:57)
E/VLC/VlcCrashHandler( 5847): at org.videolan.vlc.AudioService$4.next(AudioService.java:522)
E/VLC/VlcCrashHandler( 5847): at org.videolan.vlc.AudioServiceController.next(AudioServiceController.java:327)
E/VLC/VlcCrashHandler( 5847): at org.videolan.vlc.gui.audio.AudioPlayerActivity.onNextClick(AudioPlayerActivity.java:219)
E/VLC/VlcCrashHandler( 5847): ... 14 more
D/dalvikvm( 5847): GC_CONCURRENT freed 362K, 6% free 8316K/8775K, paused 1ms+12ms
D/dalvikvm( 5847): GC_CONCURRENT freed 771K, 10% free 8202K/9031K, paused 2ms+2ms
D/dalvikvm( 5847): GC_CONCURRENT freed 575K, 10% free 8202K/9031K, paused 1ms+1ms
E/AndroidRuntime( 5847): FATAL EXCEPTION: main
E/AndroidRuntime( 5847): java.lang.IllegalStateException: Could not execute method of the activity
E/AndroidRuntime( 5847): at android.view.View$1.onClick(View.java:3044)
E/AndroidRuntime( 5847): at android.view.View.performClick(View.java:3511)
E/AndroidRuntime( 5847): at android.view.View$PerformClick.run(View.java:14110)
E/AndroidRuntime( 5847): at android.os.Handler.handleCallback(Handler.java:605)
E/AndroidRuntime( 5847): at android.os.Handler.dispatchMessage(Handler.java:92)
E/AndroidRuntime( 5847): at android.os.Looper.loop(Looper.java:137)
E/AndroidRuntime( 5847): at android.app.ActivityThread.main(ActivityThread.java:4424)
E/AndroidRuntime( 5847): at java.lang.reflect.Method.invokeNative(Native Method)
E/AndroidRuntime( 5847): at java.lang.reflect.Method.invoke(Method.java:511)
E/AndroidRuntime( 5847): at com.android.internal.os.ZygoteInit$MethodAndArgsCaller.run(ZygoteInit.java:784)
E/AndroidRuntime( 5847): at com.android.internal.os.ZygoteInit.main(ZygoteInit.java:551)
E/AndroidRuntime( 5847): at dalvik.system.NativeStart.main(Native Method)
E/AndroidRuntime( 5847): Caused by: java.lang.reflect.InvocationTargetException
E/AndroidRuntime( 5847): at java.lang.reflect.Method.invokeNative(Native Method)
E/AndroidRuntime( 5847): at java.lang.reflect.Method.invoke(Method.java:511)
E/AndroidRuntime( 5847): at android.view.View$1.onClick(View.java:3039)
E/AndroidRuntime( 5847): ... 11 more
E/AndroidRuntime( 5847): Caused by: java.lang.NullPointerException
E/AndroidRuntime( 5847): at org.videolan.vlc.AudioService.next(AudioService.java:295)
E/AndroidRuntime( 5847): at org.videolan.vlc.AudioService.access$600(AudioService.java:57)
E/AndroidRuntime( 5847): at org.videolan.vlc.AudioService$4.next(AudioService.java:522)
E/AndroidRuntime( 5847): at org.videolan.vlc.AudioServiceController.next(AudioServiceController.java:327)
E/AndroidRuntime( 5847): at org.videolan.vlc.gui.audio.AudioPlayerActivity.onNextClick(AudioPlayerActivity.java:219)
E/AndroidRuntime( 5847): ... 14 more
W/ActivityManager( 188): Force finishing activity org.videolan.vlc/.gui.audio.AudioPlayerActivity
D/dalvikvm( 290): GC_CONCURRENT freed 1186K, 72% free 9021K/31111K, paused 1ms+4ms
W/ActivityManager( 188): Activity pause timeout for ActivityRecord{41669cd0 org.videolan.vlc/.gui.audio.AudioPlayerActivity}
D/WindowManager( 188): adjustConfigurationLw, config:{1.0 0mcc0mnc (no locale) layoutdir=0 sw800dp w1280dp h752dp xlrg land ?uimode ?night finger -keyb/v/h -nav/v} mLidOpen:-1 mHasDockFeature:true mHasHallSensorFeature:true config.hardKeyboardHidden:2
I/Process ( 5847): Sending signal. PID: 5847 SIG: 9
I/ActivityManager( 188): Process org.videolan.vlc (pid 5847) has died.
W/ActivityManager( 188): Scheduling restart of crashed service org.videolan.vlc/.AudioService in 5000ms
I/WindowManager( 188): WIN DEATH: Window{41671af8 org.videolan.vlc/org.videolan.vlc.gui.MainActivity paused=false}
W/ActivityManager( 188): Force removing ActivityRecord{41539790 org.videolan.vlc/.gui.MainActivity}: app died, no saved state
I/WindowManager( 188): WIN DEATH: Window{417eb988 org.videolan.vlc/org.videolan.vlc.gui.audio.AudioPlayerActivity paused=false}
D/WindowManager( 188): adjustConfigurationLw, config:{1.0 0mcc0mnc (no locale) layoutdir=0 sw800dp w1280dp h752dp xlrg land ?uimode ?night finger -keyb/v/h -nav/v} mLidOpen:-1 mHasDockFeature:true mHasHallSensorFeature:true config.hardKeyboardHidden:2
W/InputManagerService( 188): Got RemoteException sending setActive(false) notification to pid 5847 uid 10092
I/ActivityManager( 188): START {act=android.intent.action.MAIN cat=[android.intent.category.LAUNCHER] flg=0x10200000 cmp=org.videolan.vlc/.gui.MainActivity bnds=[656,542][752,638]} from pid 472
D/dalvikvm( 6343): Late-enabling CheckJNI
I/ActivityManager( 188): Start proc org.videolan.vlc for activity org.videolan.vlc/.gui.MainActivity: pid=6343 uid=10092 gids={3003, 1007, 1015}
I/dalvikvm( 6343): Turning on JNI app bug workarounds for target SDK version 7...
D/WindowManager( 188): adjustConfigurationLw, config:{1.0 0mcc0mnc (no locale) layoutdir=0 sw800dp w1280dp h752dp xlrg land ?uimode ?night finger -keyb/v/h -nav/v} mLidOpen:-1 mHasDockFeature:true mHasHallSensorFeature:true config.hardKeyboardHidden:2
D/OpenGLRenderer( 472): Flushing caches (mode 1)
D/OpenGLRenderer( 472): Flushing caches (mode 0)
D/dalvikvm( 6343): GC_FOR_ALLOC freed 61K, 2% free 6852K/6983K, paused 19ms
D/dalvikvm( 6343): Trying to load lib /data/data/org.videolan.vlc/lib/libiomx-ics.so 0x410915d8
D/dalvikvm( 6343): Added shared lib /data/data/org.videolan.vlc/lib/libiomx-ics.so 0x410915d8
D/dalvikvm( 6343): No JNI_OnLoad found in /data/data/org.videolan.vlc/lib/libiomx-ics.so 0x410915d8, skipping init
D/dalvikvm( 6343): Trying to load lib /data/data/org.videolan.vlc/lib/libvlcjni.so 0x410915d8
D/dalvikvm( 6343): GC_CONCURRENT freed 59K, 3% free 7244K/7431K, paused 1ms+2ms
D/dalvikvm( 6343): Added shared lib /data/data/org.videolan.vlc/lib/libvlcjni.so 0x410915d8
D/VLC/JNI/main( 6343): JNI interface loaded.
V/VLC/LibVLC( 6343): Initializing LibVLC
D/vlc ( 6343): using interface module "logger"
D/vlc ( 6343): looking for interface module: 0 candidates
D/vlc ( 6343): no interface module matched "hotkeys,none"
E/vlc ( 6343): no suitable interface module
I/VLC/JNI/main( 6343): LibVLC initialized: 0xb96058
I/VLC/ThumbnailerManager( 6343): hide ProgressBar!
D/VLC/AudioService( 6343): Updating widget
V/TabletStatusBar( 290): setLightsOn(true)
D/VLC/AudioServiceContoller( 6343): Service Connected
I/ActivityManager( 188): Displayed org.videolan.vlc/.gui.MainActivity: +367ms
D/dalvikvm( 6343): GC_CONCURRENT freed 284K, 5% free 7364K/7751K, paused 3ms+4ms
D/dalvikvm( 6343): GC_CONCURRENT freed 376K, 6% free 7509K/7943K, paused 1ms+2ms
D/dalvikvm( 6343): GC_CONCURRENT freed 656K, 9% free 7422K/8135K, paused 2ms+2ms
D/dalvikvm( 6343): GC_CONCURRENT freed 381K, 8% free 7552K/8135K, paused 2ms+2ms
I/Sensors ( 188): **** No Motion ****
D/PowerManagerService( 188): @PowerManagement: Auto-dim timeout
D/PowerManagerService( 188): @PowerManagement: Screen Bright {true -> false}
D/PowerManagerService( 188): @PowerManagement: Auto-sleep timeout
I/power ( 188): *** set_screen_state 0
D/PowerManagerService( 188): @PowerManagement: Screen turned off mScreenOnTime=100255ms Battery: <100,8>
D/PowerManagerService( 188): @PowerManagement: Acquire UWL 'sleep_broadcast' flags [partial] refcount=1
V/Sensors ( 188): enable - sensor Accelerometer (handle 4) en -> dis
V/Sensors ( 188): enabled_sensors: 0 dmp_started: 1
V/Sensors ( 188): Stopping DMP
I/Sensors ( 188): Disabled 9 axis sensor fusion
I/MPL-mldl_cfg_mpu:( 188): inv_mpu_suspend(,,,,7fff) -> 0000
D/AlarmManager( 188): Added alarm Alarm{416abf90 type 2 android} type:ELAPSED_REALTIME_WAKEUP when: After 0h:0m:4.0s
V/Sensors ( 188): setDelay - sensor Accelerometer (handle 4), rate 66 ms (15.00 Hz)
D/SurfaceFlinger( 107): About to give-up screen, flinger = 0x5df958
D/PowerManagerService( 188): @PowerManagement: sending ordered bcast for ACTION_SCREEN_OFF
D/AlarmManager( 188): Added alarm Alarm{41744410 type 2 com.google.android.gsf} type:ELAPSED_REALTIME_WAKEUP when: After 0h:0m:29.0s
D/PowerManagerService( 188): @PowerManagement: Release UWL 'sleep_broadcast' flags [partial] refcount=0
D/AlarmManager( 188): Triggered Alarm 416abf90 ELAPSED_REALTIME_WAKEUP IntentSender{41621620: PendingIntentRecord{416a0218 android broadcastIntent}}
V/TransportControlView( 188): Create TCV com.android.internal.widget.TransportControlView@415c7f00
D/dalvikvm( 188): GC_FOR_ALLOC freed 598K, 13% free 13743K/15687K, paused 166ms
I/power ( 188): *** set_screen_state 1
V/Sensors ( 188): enable - sensor Accelerometer (handle 4) dis -> en
V/Sensors ( 188): enabled_sensors: 16 dmp_started: 0
V/Sensors ( 188): Starting DMP
W/MPL-9_sup( 188): 9 axis sensor fusion not available - No compass detected.
I/Sensors ( 188): Enabled 9 axis sensor fusion
D/PowerManagerService( 188): @PowerManagement: Screen Bright {false -> true}
D/PowerManagerService( 188): @PowerManagement: Screen turned on mScreenOffTime=15811ms Battery: <100,8>
D/PowerManagerService( 188): @PowerManagement: Acquire UWL 'sleep_broadcast' flags [partial] refcount=1
D/PowerManagerService( 188): @PowerManagement: Acquire UWL 'sleep_broadcast' flags [partial] refcount=2
I/TabletStatusBar( 290): DISABLE_CLOCK: yes
I/MPL-mldl_cfg_mpu:( 188): inv_mpu_resume(,,,,0070) -> 0070
V/Sensors ( 188): setDelay - sensor Accelerometer (handle 4), rate 200 ms (5.00 Hz)
V/Sensors ( 188): set fifo rate - divider : 39, delay : 200 ms (5.00 Hz)
I/MPL-fifo( 188): Actual ODR: 25000 mHz
V/Sensors ( 188): setDelay - sensor Accelerometer (handle 4), rate 66 ms (15.00 Hz)
V/Sensors ( 188): set fifo rate - divider : 13, delay : 66 ms (15.00 Hz)
I/MPL-fifo( 188): Actual ODR: 25000 mHz
D/WindowManager( 188): adjustConfigurationLw, config:{1.0 0mcc0mnc (no locale) layoutdir=0 sw800dp w1280dp h752dp xlrg land ?uimode ?night finger -keyb/v/h -nav/v} mLidOpen:-1 mHasDockFeature:true mHasHallSensorFeature:true config.hardKeyboardHidden:2
D/PowerManagerService( 188): @PowerManagement: sending ordered bcast for ACTION_SCREEN_ON
D/VLC/AudioService( 6343): Updating widget
D/VLC/AudioServiceContoller( 6343): Service Connected
D/dalvikvm( 188): GC_EXPLICIT freed 85K, 13% free 13769K/15687K, paused 8ms+7ms
I/WindowManager( 188): Lock screen displayed!
D/PowerManagerService( 188): @PowerManagement: Release UWL 'sleep_broadcast' flags [partial] refcount=1
D/PowerManagerService( 188): @PowerManagement: Release UWL 'sleep_broadcast' flags [partial] refcount=0
D/SurfaceFlinger( 107): Screen about to return, flinger = 0x5df958
D/OpenGLRenderer( 188): Flushing caches (mode 0)
D/PowerManagerService( 188): @PowerManagement: 'keyguard' releaseWakeLock when screen locked
D/AlarmManager( 188): Removed alarm Alarm{41744410 type 2 com.google.android.gsf} type:ELAPSED_REALTIME_WAKEUP
I/HK/LatinKeyboardBaseView( 418): closing org.pocketworkstation.pckeyboard.LatinKeyboardView@415ec2d8
I/TabletStatusBar( 290): DISABLE_CLOCK: no
W/InputManagerService( 188): Window already focused, ignoring focus gain of: com.android.internal.view.IInputMethodClient$Stub$Proxy@416b0be8
V/TabletStatusBar( 290): setLightsOn(true)
D/dalvikvm( 6343): GC_FOR_ALLOC freed 328K, 9% free 7424K/8135K, paused 17ms
D/TextView( 6343): Constructor - Got Res id for appearance for textColorPrimaryInverse
W/ResourceType( 6343): Skipping entry 0x1060003 in package table 0 because it is not complex!
D/TextView( 6343): Constructor - Got appearance for textColorPrimaryInverse
D/TextView( 6343): Constructor -- Got mEditTextBackgroundColor
I/HK/LatinKeyboardBaseView( 418): closing org.pocketworkstation.pckeyboard.LatinKeyboardView@415ec2d8
I/HK/LatinKeyboardBaseView( 418): closing org.pocketworkstation.pckeyboard.LatinKeyboardView@415ec2d8
I/HK/LatinKeyboardBaseView( 418): Creating new LatinKeyboardBaseView org.pocketworkstation.pckeyboard.LatinKeyboardView@412f5638
I/HK/LatinKeyboardView( 418): new mPreviewPopup android.widget.PopupWindow@411cfb08 from org.pocketworkstation.pckeyboard.LatinKeyboardView@412f5638
I/HK/LatinKeyboardView( 418): new mMiniKeyboardPopup android.widget.PopupWindow@41210a88 from org.pocketworkstation.pckeyboard.LatinKeyboardView@412f5638
I/HK/LatinKeyboardBaseView( 418): closing org.pocketworkstation.pckeyboard.LatinKeyboardView@412f5638
I/HK/LatinKeyboardBaseView( 418): closing org.pocketworkstation.pckeyboard.LatinKeyboardView@412f5638
I/HK/LatinKeyboardBaseView( 418): Creating new LatinKeyboardBaseView org.pocketworkstation.pckeyboard.LatinKeyboardBaseView@4125ff08
I/HK/LatinKeyboardBaseView( 418): closing org.pocketworkstation.pckeyboard.LatinKeyboardBaseView@4125ff08
D/dalvikvm( 5944): GC_CONCURRENT freed 520K, 8% free 6804K/7367K, paused 3ms+2ms
V/VLC/AudioService( 6343): Loading position 0 in [rtsp://192.168.1.212/stream1]
V/VLC/AudioService( 6343): Creating on-the-fly Media object for rtsp://192.168.1.212/stream1
D/vlc ( 6343): looking for meta fetcher module: 0 candidates
D/vlc ( 6343): no meta fetcher module matched "any"
D/vlc ( 6343): searching art for rtsp://192.168.1.212/stream1
E/vlc ( 6343): option logo-x does not exist
E/vlc ( 6343): option logo-y does not exist
D/vlc ( 6343): looking for art finder module: 1 candidate
E/vlc ( 6343): option logo-delay does not exist
D/vlc ( 6343): no art finder module matching "any" could be loaded
E/vlc ( 6343): option logo-repeat does not exist
E/vlc ( 6343): option logo-opacity does not exist
E/vlc ( 6343): option logo-position does not exist
D/vlc ( 6343): Creating an input for 'rtsp://192.168.1.212/stream1'
D/vlc ( 6343): no fetch required for (null) (art currently (null))
D/vlc ( 6343): art not found for rtsp://192.168.1.212/stream1
D/vlc ( 6343): using timeshift granularity of 50 MiB, in path '/tmp'
D/vlc ( 6343): `rtsp://192.168.1.212/stream1' gives access `rtsp' demux `' path `192.168.1.212/stream1'
D/vlc ( 6343): creating demux: access='rtsp' demux='' location='192.168.1.212/stream1' file='(null)'
D/vlc ( 6343): looking for access_demux module: 1 candidate
D/vlc ( 6343): version 2011.12.23
D/vlc ( 6343): RTP subsession 'video/H264'
D/vlc ( 6343): selecting program id=0
D/vlc ( 6343): RTP subsession 'audio/MPEG4-GENERIC'
D/vlc ( 6343): setup start: 0.000000 stop:0.000000
