W/ResourceType( 3444): Skipping entry 0x106006a in package table 0 because it is not complex!
D/TextView( 3444): Constructor - Got appearance for textColorPrimaryInverse
D/TextView( 3444): Constructor -- Got mEditTextBackgroundColor
D/TextView( 3444): Constructor - Got Res id for appearance for textColorPrimaryInverse
W/ResourceType( 3444): Skipping entry 0x106006a in package table 0 because it is not complex!
D/TextView( 3444): Constructor - Got appearance for textColorPrimaryInverse
D/TextView( 3444): Constructor -- Got mEditTextBackgroundColor
D/TextView( 3444): Constructor - Got Res id for appearance for textColorPrimaryInverse
W/ResourceType( 3444): Skipping entry 0x106006a in package table 0 because it is not complex!
D/TextView( 3444): Constructor - Got appearance for textColorPrimaryInverse
D/TextView( 3444): Constructor -- Got mEditTextBackgroundColor
D/TextView( 3444): Constructor - Got Res id for appearance for textColorPrimaryInverse
W/ResourceType( 3444): Skipping entry 0x106006a in package table 0 because it is not complex!
D/TextView( 3444): Constructor - Got appearance for textColorPrimaryInverse
D/TextView( 3444): Constructor -- Got mEditTextBackgroundColor
D/TextView( 3444): Constructor - Got Res id for appearance for textColorPrimaryInverse
W/ResourceType( 3444): Skipping entry 0x106006a in package table 0 because it is not complex!
D/TextView( 3444): Constructor - Got appearance for textColorPrimaryInverse
D/TextView( 3444): Constructor -- Got mEditTextBackgroundColor
D/TextView( 3444): Constructor - Got Res id for appearance for textColorPrimaryInverse
W/ResourceType( 3444): Skipping entry 0x106006a in package table 0 because it is not complex!
D/TextView( 3444): Constructor - Got appearance for textColorPrimaryInverse
D/TextView( 3444): Constructor -- Got mEditTextBackgroundColor
I/HK/LatinKeyboardBaseView( 418): closing org.pocketworkstation.pckeyboard.LatinKeyboardView@415ec2d8
I/wpa_supplicant( 416): wlan0: CTRL-EVENT-DISCONNECTED bssid=00:00:00:00:00:00 reason=0
D/CommandListener( 104): Clearing all IP addresses on wlan0
D/AlarmManager( 188): Removed alarm Alarm{413b36b8 type 2 android} type:ELAPSED_REALTIME_WAKEUP
D/ConnectivityService( 188): ConnectivityChange for WIFI: DISCONNECTED/DISCONNECTED
D/ConnectivityService( 188): Attempting to switch to mobile
D/ConnectivityService( 188): Attempting to switch to BLUETOOTH_TETHER
D/AlarmManager( 188): Added alarm Alarm{416000c0 type 0 android} type:RTC_WAKEUP when: At 3/17/12 8:43 PM repeatInterval: 0h:5m:0.0s
D/ConnectivityService( 188): Attempting to switch to ETHERNET
D/NetUtils( 188): android_net_utils_resetConnections in env=0xc02898 clazz=0xb7800001 iface=wlan0 mask=0x3
D/ConnectivityService( 188): resetConnections(wlan0, 3)
I/HK/LatinKeyboardBaseView( 418): closing org.pocketworkstation.pckeyboard.LatinKeyboardView@415ec2d8
I/wpa_supplicant( 416): wlan0: Trying to associate with 00:0f:66:54:4c:06 (SSID='Revenrock' freq=2437 MHz)
I/wpa_supplicant( 416): wlan0: Associated with 00:0f:66:54:4c:06
I/wpa_supplicant( 416): wlan0: CTRL-EVENT-CONNECTED - Connection to 00:0f:66:54:4c:06 completed (reauth) [id=0 id_str=]
D/AlarmManager( 188): Removed alarm Alarm{416000c0 type 0 android} type:RTC_WAKEUP
D/AlarmManager( 188): Removed alarm Alarm{41695510 type 2 com.google.android.location} type:ELAPSED_REALTIME_WAKEUP
D/AlarmManager( 188): Added alarm Alarm{4134df90 type 2 com.google.android.location} type:ELAPSED_REALTIME_WAKEUP when: After 23h:11m:2.0s
D/AlarmManager( 188): Removed alarm Alarm{418833c8 type 2 com.google.android.apps.maps} type:ELAPSED_REALTIME_WAKEUP
D/AlarmManager( 188): Added alarm Alarm{41570418 type 2 com.google.android.apps.maps} type:ELAPSED_REALTIME_WAKEUP when: After 596522h:1m:55.0s
D/Tethering( 188): MasterInitialState.processMessage what=3
D/CMC->PushUtil( 5085): State.DISCONNECTED
D/CMC->PushControlReceiver( 5085): cancel retry
D/AlarmManager( 188): Removed alarm Alarm{41874be8 type 0 com.asus.cm} type:RTC_WAKEUP
D/KeyBoxReceiver( 5205): === Connectivity.DISCONNECTED ===
I/ActivityManager( 188): Start proc com.google.android.apps.uploader for broadcast com.google.android.apps.uploader/.ConnectivityBroadcastReceiver: pid=5266 uid=10039 gids={3003}
I/dalvikvm( 5266): Turning on JNI app bug workarounds for target SDK version 11...
I/ActivityThread( 5266): Pub com.google.android.apps.uploader: com.google.android.apps.uploader.UploadsContentProvider
I/ActivityThread( 5266): Pub com.google.photos.provider.Album: com.google.android.apps.uploader.clients.picasa.AlbumProvider
D/MediaUploader( 5266): UploaderApplication.onCreate
D/MediaUploader( 5266): nonWifiLimit=20971520, default=20971520
I/MediaUploader( 5266): No need to wake up
I/ActivityManager( 188): Start proc com.ecareme.pixwe for broadcast com.ecareme.pixwe/net.yostore.utility.ConnectionChangeReceiver: pid=5281 uid=10024 gids={3003, 1015}
I/dalvikvm( 5281): Turning on JNI app bug workarounds for target SDK version 7...
I/ActivityThread( 5281): Pub com.ecareme.contentprovider.pixwe: com.ecareme.pixwe.aws.PixWeContentProvider
I/ActivityManager( 188): Start proc com.asus.weather for broadcast com.asus.weather/.WeatherReceiver: pid=5294 uid=10005 gids={3003}
I/ActivityManager( 188): No longer want com.android.keychain (pid 4957): hidden #16
I/dalvikvm( 5294): Turning on JNI app bug workarounds for target SDK version 11...
I/ActivityThread( 5294): Pub com.asus.weather.provider: com.asus.weather.WeatherContentProvider
I/[WeatherReceiver]( 5294): Connectivity is changed!
I/[WeatherReceiver]( 5294): noConnectivity:true
D/PicasaSyncManager( 4983): active network: null
D/PicasaSyncManager( 4983): background data: true
I/ActivityManager( 188): No longer want com.android.musicfx (pid 4970): hidden #16
D/UploadsManager( 4983): collect new photo: MediaTracker:***********************,trackNew:photo-external,46:photo-phoneStorage,-1:video-external,0:video-phoneStorage,-1
D/UploadsManager( 4983): collect new video: MediaTracker:***********************,trackNew:photo-external,46:photo-phoneStorage,-1:video-external,0:video-phoneStorage,-1
V/PicasaContentProvider( 4983): querySettings: defaults: {sync_on_wifi_only=1, auto_upload_account_type=null, sync_on_battery=1, sync_picasa_on_wifi_only=1, auto_upload_enabled=0, video_upload_wifi_only=1, sync_on_roaming=0, auto_upload_account_name=null}
D/PicasaSyncManager( 4983): reject MetadataSyncTask (***********************) for wifi connection
D/dalvikvm( 372): GC_EXPLICIT freed 85K, 8% free 7916K/8583K, paused 90ms+2ms
I/ActivityManager( 188): No longer want android.process.acore (pid 4165): hidden #16
D/AlarmManager( 188): Triggered Alarm 417f6818 ELAPSED_REALTIME_WAKEUP IntentSender{417e8310: PendingIntentRecord{412a69a0 android broadcastIntent}}
E/Ethernet( 188): DHCP request error:Timed out waiting for dhcpcd to start
I/ActivityManager( 188): START {act=android.intent.action.MAIN cat=[android.intent.category.HOME] flg=0x10200000 cmp=com.android.launcher/com.android.launcher2.Launcher} from pid 188
D/WindowManager( 188): adjustConfigurationLw, config:{1.0 0mcc0mnc (no locale) layoutdir=0 sw800dp w1280dp h752dp xlrg land ?uimode ?night finger -keyb/v/h -nav/v} mLidOpen:-1 mHasDockFeature:true mHasHallSensorFeature:true config.hardKeyboardHidden:2
D/OpenGLRenderer( 3444): Flushing caches (mode 0)
W/InputManagerService( 188): Starting input on non-focused client com.android.internal.view.IInputMethodClient$Stub$Proxy@415dd938 (uid=1000 pid=3444)
D/OpenGLRenderer( 3444): Flushing caches (mode 1)
I/ActivityManager( 188): START {act=android.intent.action.MAIN cat=[android.intent.category.LAUNCHER] flg=0x10200000 cmp=com.android.browser/.BrowserActivity bnds=[144,640][240,736]} from pid 472
D/dalvikvm( 188): GC_FOR_ALLOC freed 1528K, 12% free 13488K/15303K, paused 52ms
I/ActivityManager( 188): Start proc com.android.browser for activity com.android.browser/.BrowserActivity: pid=5312 uid=10067 gids={3003, 1015}
D/WindowManager( 188): adjustConfigurationLw, config:{1.0 0mcc0mnc (no locale) layoutdir=0 sw800dp w1280dp h752dp xlrg land ?uimode ?night finger -keyb/v/h -nav/v} mLidOpen:-1 mHasDockFeature:true mHasHallSensorFeature:true config.hardKeyboardHidden:2
D/OpenGLRenderer( 472): Flushing caches (mode 1)
D/ConnectivityService( 188): NetTransition Wakelock for WifiStateMachine released by timeout
D/OpenGLRenderer( 472): Flushing caches (mode 0)
I/ActivityThread( 5312): Pub com.android.browser;browser: com.android.browser.provider.BrowserProvider2
I/ActivityThread( 5312): Pub com.android.browser.home: com.android.browser.homepages.HomeProvider
I/ActivityThread( 5312): Pub com.android.browser.snapshots: com.android.browser.provider.SnapshotProvider
D/dalvikvm( 5312): GC_CONCURRENT freed 261K, 5% free 6706K/7047K, paused 3ms+3ms
D/TextView( 5312): Constructor - Got Res id for appearance for textColorPrimaryInverse
W/ResourceType( 5312): Skipping entry 0x106006a in package table 0 because it is not complex!
D/TextView( 5312): Constructor - Got appearance for textColorPrimaryInverse
D/TextView( 5312): Constructor -- Got mEditTextBackgroundColor
D/dalvikvm( 5312): GC_FOR_ALLOC freed 95K, 4% free 6918K/7175K, paused 19ms
D/BrowserWebView( 5312): init - PREF_FAST_SCROLLER = true
D/BrowserWebView( 5312): init - PREF_QUICK_CONTROLS = false
E/libEGL ( 5312): call to OpenGL ES API with no current context (logged once per thread)
D/ShaderProgram( 5312): couldn't load the vertex shader!
E/libEGL ( 5312): call to OpenGL ES API with no current context (logged once per thread)
D/ShaderProgram( 5312): couldn't load the vertex shader!
E/libEGL ( 5312): call to OpenGL ES API with no current context (logged once per thread)
D/ShaderProgram( 5312): couldn't load the vertex shader!
E/libEGL ( 5312): call to OpenGL ES API with no current context (logged once per thread)
D/ShaderProgram( 5312): couldn't load the vertex shader!
E/libEGL ( 5312): call to OpenGL ES API with no current context (logged once per thread)
D/ShaderProgram( 5312): couldn't load the vertex shader!
D/dalvikvm( 5312): GC_CONCURRENT freed 17K, 2% free 7375K/7495K, paused 2ms+3ms
D/BrowserWebView( 5312): init - PREF_FAST_SCROLLER = true
D/BrowserWebView( 5312): init - PREF_QUICK_CONTROLS = false
D/BrowserWebView( 5312): init - PREF_FAST_SCROLLER = true
D/BrowserWebView( 5312): init - PREF_QUICK_CONTROLS = false
W/TestFlashPlugin( 5312): support: true
D/WebViewTimersControl( 5312): onBrowserActivityResume
D/WebViewTimersControl( 5312): Resuming webview timers, view=com.android.browser.BrowserWebView@4117d658
W/BaseUi ( 5312): mMainView is already attached to wrapper in attachTabToContentView!
W/BaseUi ( 5312): mContainer is already attached to content in attachTabToContentView!
V/NFC ( 5312): this device does not have NFC support
W/dalvikvm( 5312): JNI WARNING: DeleteLocalRef(0x1d200226) failed to find entry
D/libEGL ( 5312): loaded /system/lib/egl/libEGL_tegra.so
D/libEGL ( 5312): loaded /system/lib/egl/libGLESv1_CM_tegra.so
W/dalvikvm( 5312): JNI WARNING: DeleteLocalRef(0x1d20022a) failed to find entry
D/libEGL ( 5312): loaded /system/lib/egl/libGLESv2_tegra.so
W/dalvikvm( 5312): JNI WARNING: DeleteLocalRef(0x1d400226) failed to find entry
D/OpenGLRenderer( 5312): Enabling debug mode 0
D/dalvikvm( 5312): GC_CONCURRENT freed 290K, 5% free 7567K/7943K, paused 2ms+3ms
D/dalvikvm( 5312): GC_FOR_ALLOC freed 26K, 6% free 7545K/7943K, paused 15ms
I/dalvikvm-heap( 5312): Grow heap (frag case) to 7.638MB for 225296-byte allocation
D/dalvikvm( 5312): GC_FOR_ALLOC freed 3K, 6% free 7762K/8199K, paused 15ms
D/dalvikvm( 5312): GC_FOR_ALLOC freed 2K, 6% free 7778K/8199K, paused 16ms
I/dalvikvm-heap( 5312): Grow heap (frag case) to 7.866MB for 225296-byte allocation
D/dalvikvm( 5312): GC_FOR_ALLOC freed 1K, 6% free 7996K/8455K, paused 16ms
I/ActivityManager( 188): Displayed com.android.browser/.BrowserActivity: +909ms
D/dalvikvm( 5312): GC_FOR_ALLOC freed 26K, 6% free 7994K/8455K, paused 25ms
I/dalvikvm-heap( 5312): Grow heap (frag case) to 8.027MB for 172816-byte allocation
D/dalvikvm( 5312): GC_FOR_ALLOC freed 1K, 6% free 8161K/8647K, paused 25ms
D/AlarmManager( 188): Added alarm Alarm{415dc670 type 2 android} type:ELAPSED_REALTIME_WAKEUP when: After 11h:31m:12.0s
D/ConnectivityService( 188): ConnectivityChange for WIFI: CONNECTED/CONNECTED
W/NetworkStats( 188): dropping UID delta from unknown iface: iface=wlan0 uid=0 set=DEFAULT tag=0x0 rxBytes=1728 rxPackets=3 txBytes=0 txPackets=0 operations=0
I/HK/LatinKeyboardBaseView( 418): closing org.pocketworkstation.pckeyboard.LatinKeyboardView@415ec2d8
D/CMC->PushUtil( 5085): State.CONNECTED
D/Tethering( 188): MasterInitialState.processMessage what=3
D/CMC->PushService( 5085): ============== PushService.onStartCommand() ==============
D/CMC->UniqueId( 5085): get cached uniqueID
I/GTalkService/c( 372): [AndroidEndpoint@1091713816] connect: acct=1000000, state=CONNECTING
D/AlarmManager( 188): Removed alarm Alarm{4157b8c0 type 2 com.google.android.gsf} type:ELAPSED_REALTIME_WAKEUP
I/GTalkService/c( 372): [GTalkConnection@1091753608] connect: acct=1, state=CONNECTING
D/dalvikvm( 188): GC_EXPLICIT freed 1004K, 15% free 13026K/15303K, paused 3ms+10ms
D/KeyBoxReceiver( 5205): === Connectivity.CONNECTED ===
D/KeyBoxService( 5205): === onStartCommand(), intent=Intent { cmp=com.asus.wvdrm/.KeyBoxService }, flags=2, startId=6
D/AlarmManager( 188): Added alarm Alarm{41309808 type 2 android} type:ELAPSED_REALTIME_WAKEUP when: After 0h:0m:29.0s
D/KeyBoxService( 5205): === StatusCode: SC_UNAUTHORIZED!
D/KeyBoxService( 5205): === OTA BEGIN
D/AlarmManager( 188): Added alarm Alarm{415d1060 type 0 com.google.android.gsf} type:RTC_WAKEUP when: At 3/20/12 6:59 AM repeatInterval: 152h:14m:32.0s
I/MediaUploader( 5266): No need to wake up
I/[WeatherReceiver]( 5294): Connectivity is changed!
I/[WeatherReceiver]( 5294): noConnectivity:false
I/[WeatherWidgetProvider]( 5294): LastUpdateCursor is NOT null
I/[WeatherReceiver]( 5294): time_last:1332031911135time_cur:1332041954575curTime:2012/03/17 PM 8:39:14
D/PicasaSyncManager( 4983): active network: NetworkInfo: type: WIFI[], state: CONNECTED/CONNECTED, reason: (unspecified), extra: (none), roaming: false, failover: false, isAvailable: true
D/PicasaSyncManager( 4983): background data: true
D/AlarmManager( 188): Removed alarm Alarm{413a0100 type 0 com.ted.android} type:RTC_WAKEUP
D/UploadsManager( 4983): collect new photo: MediaTracker:***********************,trackNew:photo-external,46:photo-phoneStorage,-1:video-external,0:video-phoneStorage,-1
D/UploadsManager( 4983): collect new video: MediaTracker:***********************,trackNew:photo-external,46:photo-phoneStorage,-1:video-external,0:video-phoneStorage,-1
D/PicasaSyncManager( 4983): reject MetadataSyncTask (***********************) because downsync is disabled
D/dalvikvm( 4983): GC_CONCURRENT freed 430K, 7% free 7150K/7687K, paused 4ms+4ms
E/KeyBoxService( 5205): === Connection to http://wvdrm.asus.com refused
D/KeyBoxService( 5205): === Retry after 300 seconds.
D/KeyBoxService( 5205): === OTA END
D/AlarmManager( 188): Added alarm Alarm{412ce220 type 2 com.google.android.gsf} type:ELAPSED_REALTIME_WAKEUP when: After 0h:15m:0.0s
D/AlarmManager( 188): Removed alarm Alarm{412ce220 type 2 com.google.android.gsf} type:ELAPSED_REALTIME_WAKEUP
D/AlarmManager( 188): Added alarm Alarm{41739ac0 type 2 com.google.android.gsf} type:ELAPSED_REALTIME_WAKEUP when: After 0h:14m:59.0s
I/HK/LatinKeyboardBaseView( 418): closing org.pocketworkstation.pckeyboard.LatinKeyboardView@415ec2d8
I/HK/LatinKeyboardBaseView( 418): closing org.pocketworkstation.pckeyboard.LatinKeyboardView@415ec2d8
D/ConnectivityService( 188): handleInetConditionHoldEnd: net=1, condition=100, published condition=0
I/ActivityManager( 188): Start proc com.google.android.gm for service com.google.android.gm/.provider.MailSyncAdapterService: pid=5393 uid=10052 gids={3003, 1015}
I/ActivityManager( 188): Start proc android.process.acore for content provider com.android.providers.contacts/.ContactsProvider2: pid=5405 uid=10010 gids={3003, 1015}
I/ActivityThread( 5405): Pub com.android.voicemail: com.android.providers.contacts.VoicemailContentProvider
I/ActivityThread( 5405): Pub user_dictionary: com.android.providers.userdictionary.UserDictionaryProvider
I/ActivityThread( 5405): Pub com.android.social: com.android.providers.contacts.SocialProvider
I/ActivityThread( 5405): Pub applications: com.android.providers.applications.ApplicationsProvider
I/ActivityThread( 5393): Pub gmail-ls: com.google.android.gm.provider.MailProvider
I/ActivityThread( 5393): Pub com.google.android.gmail.SuggestionProvider: com.google.android.gm.SuggestionsProvider
I/ActivityThread( 5393): Pub com.google.android.gm: com.google.android.gm.provider.PublicContentProvider
I/ActivityThread( 5405): Pub contacts;com.android.contacts: com.android.providers.contacts.ContactsProvider2
I/ActivityThread( 5405): Pub call_log: com.android.providers.contacts.CallLogProvider
D/dalvikvm( 5405): GC_CONCURRENT freed 192K, 4% free 6732K/6983K, paused 2ms+1ms
D/dalvikvm( 5393): GC_CONCURRENT freed 217K, 5% free 6724K/7047K, paused 1ms+2ms
I/QSB.QsbApplication( 4358): allowSuggestionLoginCreation
D/androidNetworkLocationListeners( 372): Still have listener com.google.android.location.internal.client.NetworkLocationClient$1@410d8f50
D/AlarmManager( 188): Removed alarm Alarm{41739ac0 type 2 com.google.android.gsf} type:ELAPSED_REALTIME_WAKEUP
D/androidNetworkLocationListeners( 372): Still have listener com.google.android.location.internal.client.NetworkLocationClient$1@410d8f50
I/QSB.GenieClient( 4358): request: chars=51;feeds=[qs, ns];loc=true;auth=false
D/AlarmManager( 188): Added alarm Alarm{41391d08 type 2 com.google.android.gsf} type:ELAPSED_REALTIME_WAKEUP when: After 0h:14m:59.0s
D/AlarmManager( 188): Removed alarm Alarm{4134df90 type 2 com.google.android.location} type:ELAPSED_REALTIME_WAKEUP
D/AlarmManager( 188): Added alarm Alarm{413687e0 type 2 com.google.android.location} type:ELAPSED_REALTIME_WAKEUP when: After 0h:0m:4.0s
D/NetworkLocator( 372): null cell state delivered
D/AlarmManager( 188): Removed alarm Alarm{413687e0 type 2 com.google.android.location} type:ELAPSED_REALTIME_WAKEUP
D/AlarmManager( 188): Added alarm Alarm{416d2d50 type 2 com.google.android.location} type:ELAPSED_REALTIME_WAKEUP when: After 0h:0m:4.0s
D/AlarmManager( 188): Removed alarm Alarm{41391d08 type 2 com.google.android.gsf} type:ELAPSED_REALTIME_WAKEUP
D/AlarmManager( 188): Added alarm Alarm{415e4038 type 2 com.google.android.gsf} type:ELAPSED_REALTIME_WAKEUP when: After 0h:15m:0.0s
D/AlarmManager( 188): Removed alarm Alarm{415e4038 type 2 com.google.android.gsf} type:ELAPSED_REALTIME_WAKEUP
D/AlarmManager( 188): Added alarm Alarm{41754810 type 2 com.google.android.gsf} type:ELAPSED_REALTIME_WAKEUP when: After 0h:15m:0.0s
I/Gmail ( 5393): calculateUnknownSyncRationalesAndPurgeInBackground: queueing
I/Gmail ( 5393): calculateUnknownSyncRationalesAndPurgeInBackground: queueing
D/dalvikvm( 372): GC_CONCURRENT freed 428K, 7% free 8000K/8583K, paused 5ms+4ms
D/AlarmManager( 188): Removed alarm Alarm{416d2d50 type 2 com.google.android.location} type:ELAPSED_REALTIME_WAKEUP
D/AlarmManager( 188): Added alarm Alarm{4172ee10 type 2 com.google.android.location} type:ELAPSED_REALTIME_WAKEUP when: After 0h:4m:59.0s
D/NetworkLocator( 372): null cell state delivered
D/AlarmManager( 188): Removed alarm Alarm{4172ee10 type 2 com.google.android.location} type:ELAPSED_REALTIME_WAKEUP
D/AlarmManager( 188): Added alarm Alarm{412b9b70 type 2 com.google.android.location} type:ELAPSED_REALTIME_WAKEUP when: After 0h:4m:59.0s
D/dalvikvm( 5393): GC_CONCURRENT freed 281K, 6% free 6848K/7239K, paused 4ms+5ms
I/Gmail ( 5393): calculateUnknownSyncRationalesAndPurgeInBackground: running
I/Gmail ( 5393): calculateUnknownSyncRationalesAndPurgeInBackground: running
I/Gmail ( 5393): MainSyncRequestProto: lowestBkwdConvoId: 0, highestHandledServerOp: 618438, normalSync: true
I/QSB.GenieClient( 4358): response: suggestions=
D/dalvikvm( 5312): GC_CONCURRENT freed 373K, 6% free 8310K/8775K, paused 9ms+4ms
I/QSB.QsbApplication( 4358): allowSuggestionLoginCreation
I/QSB.GenieClient( 4358): request: chars=50;feeds=[qs, ns];loc=true;auth=false
I/QSB.GenieClient( 4358): response: suggestions=
I/QSB.QsbApplication( 4358): allowSuggestionLoginCreation
I/QSB.GenieClient( 4358): request: chars=49;feeds=[qs, ns];loc=true;auth=false
I/NuCachedSource2( 4882): ERROR_END_OF_STREAM
D/AwesomePlayer( 4882): Failed to open file, all profile flags have to set through setprop method.
I/AudioService( 188): AudioFocus requestAudioFocus() from android.media.AudioManager@41380e68
I/QSB.GenieClient( 4358): response: suggestions=
I/ActivityManager( 188): Start proc com.google.android.talk for broadcast com.google.android.talk/.ConnectionStateOnlineReceiver: pid=5442 uid=10013 gids={3003, 1015, 1006, 3002}
I/QSB.QsbApplication( 4358): allowSuggestionLoginCreation
I/QSB.GenieClient( 4358): request: chars=48;feeds=[qs, ns];loc=true;auth=false
I/ActivityThread( 5442): Pub com.google.android.talk.SuggestionProvider: com.google.android.talk.SuggestionsProvider
D/AlarmManager( 188): Removed alarm Alarm{41754810 type 2 com.google.android.gsf} type:ELAPSED_REALTIME_WAKEUP
D/AlarmManager( 188): Added alarm Alarm{4176e0e0 type 2 com.google.android.gsf} type:ELAPSED_REALTIME_WAKEUP when: After 0h:14m:59.0s
D/vclib:CallStateClient( 5442): startListening
I/QSB.GenieClient( 4358): response: suggestions=
D/dalvikvm( 5442): GC_CONCURRENT freed 204K, 4% free 6779K/7047K, paused 2ms+3ms
I/QSB.QsbApplication( 4358): allowSuggestionLoginCreation
I/QSB.GenieClient( 4358): request: chars=47;feeds=[qs, ns];loc=true;auth=false
D/dalvikvm( 5405): GC_CONCURRENT freed 191K, 5% free 6941K/7239K, paused 6ms+3ms
D/AlarmManager( 188): Removed alarm Alarm{4176e0e0 type 2 com.google.android.gsf} type:ELAPSED_REALTIME_WAKEUP
I/QSB.GenieClient( 4358): response: suggestions=
I/QSB.QsbApplication( 4358): allowSuggestionLoginCreation
I/QSB.GenieClient( 4358): request: chars=46;feeds=[qs, ns];loc=true;auth=false
I/Sensors ( 188): **** No Motion ****
D/dalvikvm( 290): GC_CONCURRENT freed 625K, 72% free 9016K/31111K, paused 2ms+10ms
D/dalvikvm( 5393): GC_CONCURRENT freed 311K, 6% free 6962K/7367K, paused 3ms+2ms
D/dalvikvm( 5312): GC_CONCURRENT freed 554K, 8% free 8306K/8967K, paused 3ms+2ms
D/AlarmManager( 188): Added alarm Alarm{4169d400 type 2 com.google.android.gsf} type:ELAPSED_REALTIME_WAKEUP when: After 0h:14m:59.0s
I/AudioService( 188): AudioFocus abandonAudioFocus() from android.media.AudioManager@41380e68
D/AlarmManager( 188): Removed alarm Alarm{4169d400 type 2 com.google.android.gsf} type:ELAPSED_REALTIME_WAKEUP
D/AlarmManager( 188): Added alarm Alarm{4179b420 type 2 com.google.android.gsf} type:ELAPSED_REALTIME_WAKEUP when: After 0h:14m:59.0s
D/AlarmManager( 188): Removed alarm Alarm{4179b420 type 2 com.google.android.gsf} type:ELAPSED_REALTIME_WAKEUP
D/AlarmManager( 188): Added alarm Alarm{417d9708 type 2 com.google.android.gsf} type:ELAPSED_REALTIME_WAKEUP when: After 0h:15m:0.0s
D/AlarmManager( 188): Removed alarm Alarm{417d9708 type 2 com.google.android.gsf} type:ELAPSED_REALTIME_WAKEUP
D/AlarmManager( 188): Added alarm Alarm{41625320 type 2 com.google.android.gsf} type:ELAPSED_REALTIME_WAKEUP when: After 0h:15m:0.0s
D/AlarmManager( 188): Removed alarm Alarm{41625320 type 2 com.google.android.gsf} type:ELAPSED_REALTIME_WAKEUP
D/AlarmManager( 188): Added alarm Alarm{41846438 type 2 com.google.android.gsf} type:ELAPSED_REALTIME_WAKEUP when: After 0h:14m:59.0s
D/AlarmManager( 188): Removed alarm Alarm{41846438 type 2 com.google.android.gsf} type:ELAPSED_REALTIME_WAKEUP
D/AlarmManager( 188): Added alarm Alarm{417e4680 type 2 com.google.android.gsf} type:ELAPSED_REALTIME_WAKEUP when: After 0h:15m:0.0s
D/AlarmManager( 188): Removed alarm Alarm{417e4680 type 2 com.google.android.gsf} type:ELAPSED_REALTIME_WAKEUP
D/AlarmManager( 188): Added alarm Alarm{415f2208 type 2 com.google.android.gsf} type:ELAPSED_REALTIME_WAKEUP when: After 0h:15m:0.0s
D/dalvikvm( 372): GC_CONCURRENT freed 351K, 7% free 8048K/8583K, paused 11ms+2ms
D/AlarmManager( 188): Removed alarm Alarm{415f2208 type 2 com.google.android.gsf} type:ELAPSED_REALTIME_WAKEUP
D/AlarmManager( 188): Added alarm Alarm{417f3ee8 type 2 com.google.android.gsf} type:ELAPSED_REALTIME_WAKEUP when: After 0h:14m:59.0s
D/CMC->NioClient3( 5085): addClient: C8600013F6CA
D/AlarmManager( 188): Removed alarm Alarm{417f3ee8 type 2 com.google.android.gsf} type:ELAPSED_REALTIME_WAKEUP
D/AlarmManager( 188): Added alarm Alarm{4169cca0 type 2 com.google.android.gsf} type:ELAPSED_REALTIME_WAKEUP when: After 0h:14m:59.0s
D/AlarmManager( 188): Removed alarm Alarm{4169cca0 type 2 com.google.android.gsf} type:ELAPSED_REALTIME_WAKEUP
D/AlarmManager( 188): Added alarm Alarm{415ae528 type 2 com.google.android.gsf} type:ELAPSED_REALTIME_WAKEUP when: After 0h:15m:0.0s
D/dalvikvm( 5393): GC_CONCURRENT freed 432K, 7% free 6991K/7495K, paused 2ms+2ms
D/dalvikvm( 5393): GC_CONCURRENT freed 537K, 9% free 6996K/7623K, paused 1ms+2ms
D/dalvikvm( 5393): GC_CONCURRENT freed 494K, 9% free 6993K/7623K, paused 1ms+2ms
I/HK/LatinKeyboardBaseView( 418): closing org.pocketworkstation.pckeyboard.LatinKeyboardView@415ec2d8
I/QSB.GenieClient( 4358): response: suggestions=
I/QSB.QsbApplication( 4358): allowSuggestionLoginCreation
I/QSB.GenieClient( 4358): request: chars=45;feeds=[qs, ns];loc=true;auth=false
D/dalvikvm( 4358): GC_CONCURRENT freed 424K, 9% free 6683K/7303K, paused 1ms+2ms
I/QSB.GenieClient( 4358): response: suggestions=
I/QSB.QsbApplication( 4358): allowSuggestionLoginCreation
I/QSB.GenieClient( 4358): request: chars=44;feeds=[qs, ns];loc=true;auth=false
I/QSB.GenieClient( 4358): response: suggestions=
I/QSB.QsbApplication( 4358): allowSuggestionLoginCreation
I/QSB.GenieClient( 4358): request: chars=43;feeds=[qs, ns];loc=true;auth=false
I/QSB.GenieClient( 4358): response: suggestions=
I/QSB.QsbApplication( 4358): allowSuggestionLoginCreation
I/QSB.GenieClient( 4358): request: chars=42;feeds=[qs, ns];loc=true;auth=false
D/dalvikvm( 5393): GC_EXPLICIT freed 385K, 9% free 6972K/7623K, paused 2ms+2ms
I/Gmail ( 5393): MainSyncRequestProto: lowestBkwdConvoId: 0, highestHandledServerOp: 618573, normalSync: true
I/QSB.GenieClient( 4358): response: suggestions=
I/QSB.QsbApplication( 4358): allowSuggestionLoginCreation
I/QSB.GenieClient( 4358): request: chars=41;feeds=[qs, ns];loc=true;auth=false
I/QSB.GenieClient( 4358): response: suggestions=
I/QSB.QsbApplication( 4358): allowSuggestionLoginCreation
I/QSB.GenieClient( 4358): request: chars=40;feeds=[qs, ns];loc=true;auth=false
I/QSB.GenieClient( 4358): response: suggestions=
I/QSB.QsbApplication( 4358): allowSuggestionLoginCreation
I/QSB.GenieClient( 4358): request: chars=39;feeds=[qs, ns];loc=true;auth=false
D/dalvikvm( 188): GC_EXPLICIT freed 605K, 15% free 13108K/15303K, paused 2ms+6ms
I/QSB.GenieClient( 4358): response: suggestions=
D/dalvikvm( 4983): GC_CONCURRENT freed 318K, 6% free 7285K/7687K, paused 1ms+2ms
I/ActivityManager( 188): START {act=android.intent.action.VIEW dat=content://com.google.android.providers.talk/messagesByAccount/1 flg=0x34000000 cmp=com.google.android.talk/.SigningInActivity bnds=[920,736][1280,800] (has extras)} from pid -1
D/WebViewTimersControl( 5312): onBrowserActivityPause
D/WebViewTimersControl( 5312): Pausing webview timers, view=com.android.browser.BrowserWebView@4116b368
W/KeyguardViewMediator( 188): verifyUnlock called when not externally disabled
D/WindowManager( 188): adjustConfigurationLw, config:{1.0 0mcc0mnc (no locale) layoutdir=0 sw800dp w1280dp h752dp xlrg land ?uimode ?night finger -keyb/v/h -nav/v} mLidOpen:-1 mHasDockFeature:true mHasHallSensorFeature:true config.hardKeyboardHidden:2
D/OpenGLRenderer( 5312): Flushing caches (mode 1)
I/AudioService( 188): AudioFocus abandonAudioFocus() from android.media.AudioManager@41380e68
D/dalvikvm( 5442): GC_CONCURRENT freed 335K, 6% free 6945K/7367K, paused 2ms+5ms
D/TextView( 5442): Constructor - Got Res id for appearance for textColorPrimaryInverse
W/ResourceType( 5442): Skipping entry 0x106006a in package table 0 because it is not complex!
D/TextView( 5442): Constructor - Got appearance for textColorPrimaryInverse
D/TextView( 5442): Constructor -- Got mEditTextBackgroundColor
D/OpenGLRenderer( 5312): Flushing caches (mode 0)
D/TextView( 5442): Constructor - Got Res id for appearance for textColorPrimaryInverse
W/ResourceType( 5442): Skipping entry 0x1060069 in package table 0 because it is not complex!
D/TextView( 5442): Constructor - Got appearance for textColorPrimaryInverse
D/TextView( 5442): Constructor -- Got mEditTextBackgroundColor
D/vclib:CallStateClient( 5442): startListening
D/TextView( 5442): Constructor - Got Res id for appearance for textColorPrimaryInverse
W/ResourceType( 5442): Skipping entry 0x106006a in package table 0 because it is not complex!
D/TextView( 5442): Constructor - Got appearance for textColorPrimaryInverse
D/TextView( 5442): Constructor -- Got mEditTextBackgroundColor
D/TextView( 5442): Constructor - Got Res id for appearance for textColorPrimaryInverse
W/ResourceType( 5442): Skipping entry 0x106006a in package table 0 because it is not complex!
D/TextView( 5442): Constructor - Got appearance for textColorPrimaryInverse
D/TextView( 5442): Constructor -- Got mEditTextBackgroundColor
D/vclib:CallStateClient( 5442): startListening
D/TextView( 5442): Constructor - Got Res id for appearance for textColorPrimaryInverse
W/ResourceType( 5442): Skipping entry 0x106006a in package table 0 because it is not complex!
D/TextView( 5442): Constructor - Got appearance for textColorPrimaryInverse
D/TextView( 5442): Constructor -- Got mEditTextBackgroundColor
D/TextView( 5442): Constructor - Got Res id for appearance for textColorPrimaryInverse
W/ResourceType( 5442): Skipping entry 0x106006a in package table 0 because it is not complex!
D/TextView( 5442): Constructor - Got appearance for textColorPrimaryInverse
D/TextView( 5442): Constructor -- Got mEditTextBackgroundColor
D/dalvikvm( 5442): GC_CONCURRENT freed 287K, 6% free 7105K/7495K, paused 2ms+3ms
D/libEGL ( 5442): loaded /system/lib/egl/libEGL_tegra.so
D/libEGL ( 5442): loaded /system/lib/egl/libGLESv1_CM_tegra.so
D/libEGL ( 5442): loaded /system/lib/egl/libGLESv2_tegra.so
D/OpenGLRenderer( 5442): Enabling debug mode 0
W/InputManagerService( 188): Starting input on non-focused client com.android.internal.view.IInputMethodClient$Stub$Proxy@41396098 (uid=10067 pid=5312)
I/ActivityManager( 188): Displayed com.google.android.talk/.SigningInActivity: +553ms
W/InputMethodManager( 5442): Ignoring onBind: cur seq=179, given seq=177
V/DrawerLayout( 5442): animation frames count: 5 in 515
D/TextView( 5442): Constructor - Got Res id for appearance for textColorPrimaryInverse
W/ResourceType( 5442): Skipping entry 0x106006a in package table 0 because it is not complex!
D/TextView( 5442): Constructor - Got appearance for textColorPrimaryInverse
D/TextView( 5442): Constructor -- Got mEditTextBackgroundColor
D/TextView( 5442): Constructor - Got Res id for appearance for textColorPrimaryInverse
W/ResourceType( 5442): Skipping entry 0x106006a in package table 0 because it is not complex!
D/TextView( 5442): Constructor - Got appearance for textColorPrimaryInverse
D/TextView( 5442): Constructor -- Got mEditTextBackgroundColor
D/dalvikvm( 5312): GC_CONCURRENT freed 731K, 10% free 8119K/8967K, paused 3ms+8ms
D/AlarmManager( 188): Removed alarm Alarm{415ae528 type 2 com.google.android.gsf} type:ELAPSED_REALTIME_WAKEUP
D/AlarmManager( 188): Added alarm Alarm{41322da8 type 2 com.google.android.gsf} type:ELAPSED_REALTIME_WAKEUP when: After 0h:15m:0.0s
D/TextView( 5442): Constructor - Got Res id for appearance for textColorPrimaryInverse
W/ResourceType( 5442): Skipping entry 0x106006a in package table 0 because it is not complex!
D/TextView( 5442): Constructor - Got appearance for textColorPrimaryInverse
D/TextView( 5442): Constructor -- Got mEditTextBackgroundColor
D/dalvikvm( 4983): GC_CONCURRENT freed 426K, 7% free 7275K/7815K, paused 4ms+2ms
D/dalvikvm( 5393): GC_EXPLICIT freed 250K, 8% free 7017K/7623K, paused 4ms+2ms
I/Gmail ( 5393): MainSyncRequestProto: lowestBkwdConvoId: 0, highestHandledServerOp: 618574, normalSync: true
I/dalvikvm( 372): Jit: resizing JitTable from 4096 to 8192
W/Gmail ( 5393): Scheduling index for 300000 ms from now
D/TextView( 5442): Constructor - Got Res id for appearance for textColorPrimaryInverse
W/ResourceType( 5442): Skipping entry 0x106006a in package table 0 because it is not complex!
D/TextView( 5442): Constructor - Got appearance for textColorPrimaryInverse
D/TextView( 5442): Constructor -- Got mEditTextBackgroundColor
D/dalvikvm( 372): GC_EXPLICIT freed 374K, 7% free 8066K/8583K, paused 2ms+3ms
D/vclib:CallStateClient( 5442): stopListening
D/vclib:CallStateClient( 5442): startListening
D/dalvikvm( 5442): GC_CONCURRENT freed 292K, 6% free 7284K/7687K, paused 2ms+3ms
D/AlarmManager( 188): Removed alarm Alarm{41322da8 type 2 com.google.android.gsf} type:ELAPSED_REALTIME_WAKEUP
D/AlarmManager( 188): Added alarm Alarm{41346b08 type 2 com.google.android.gsf} type:ELAPSED_REALTIME_WAKEUP when: After 0h:15m:0.0s
D/dalvikvm( 5442): GC_CONCURRENT freed 226K, 4% free 7521K/7815K, paused 2ms+3ms
D/dalvikvm( 4983): GC_CONCURRENT freed 415K, 7% free 7288K/7815K, paused 2ms+3ms
D/dalvikvm( 4983): GC_CONCURRENT freed 366K, 6% free 7385K/7815K, paused 3ms+2ms
D/dalvikvm( 4983): GC_CONCURRENT freed 336K, 6% free 7539K/7943K, paused 5ms+3ms
I/HK/LatinKeyboardBaseView( 418): closing org.pocketworkstation.pckeyboard.LatinKeyboardView@415ec2d8
D/dalvikvm( 4983): GC_FOR_ALLOC freed 250K, 7% free 7620K/8135K, paused 19ms
I/dalvikvm-heap( 4983): Grow heap (frag case) to 7.645MB for 155992-byte allocation
D/dalvikvm( 4983): GC_FOR_ALLOC freed 10K, 7% free 7762K/8327K, paused 18ms
D/dalvikvm( 4983): GC_FOR_ALLOC freed 152K, 9% free 7609K/8327K, paused 17ms
D/dalvikvm( 4983): GC_CONCURRENT freed 330K, 8% free 7682K/8327K, paused 2ms+2ms
D/dalvikvm( 4983): GC_CONCURRENT freed 232K, 6% free 7848K/8327K, paused 2ms+6ms
D/dalvikvm( 4983): GC_CONCURRENT freed 123K, 3% free 8148K/8391K, paused 2ms+2ms
D/dalvikvm( 4983): GC_CONCURRENT freed 456K, 7% free 8151K/8711K, paused 1ms+1ms
D/dalvikvm( 4983): GC_CONCURRENT freed 460K, 7% free 8146K/8711K, paused 2ms+2ms
D/dalvikvm( 4983): GC_CONCURRENT freed 446K, 7% free 8170K/8711K, paused 2ms+2ms
D/dalvikvm( 4983): GC_CONCURRENT freed 577K, 8% free 8156K/8839K, paused 2ms+2ms
D/dalvikvm( 4983): GC_CONCURRENT freed 502K, 8% free 8159K/8839K, paused 2ms+2ms
D/dalvikvm( 4983): GC_CONCURRENT freed 474K, 8% free 8160K/8839K, paused 1ms+2ms
D/dalvikvm( 4983): GC_EXPLICIT freed 861K, 16% free 7467K/8839K, paused 2ms+2ms
D/dalvikvm( 5405): GC_CONCURRENT freed 461K, 8% free 6929K/7495K, paused 1ms+3ms
D/KeyBoxService( 5205): === StatusCode: SC_UNAUTHORIZED!
D/KeyBoxService( 5205): === OTA BEGIN
E/KeyBoxService( 5205): === Connection to http://wvdrm.asus.com refused
D/KeyBoxService( 5205): === Retry after 600 seconds.
D/KeyBoxService( 5205): === OTA END
D/TextView( 5442): Constructor - Got Res id for appearance for textColorPrimaryInverse
W/ResourceType( 5442): Skipping entry 0x106006a in package table 0 because it is not complex!
D/TextView( 5442): Constructor - Got appearance for textColorPrimaryInverse
D/TextView( 5442): Constructor -- Got mEditTextBackgroundColor
D/TextView( 5442): Constructor - Got Res id for appearance for textColorPrimaryInverse
W/ResourceType( 5442): Skipping entry 0x106006a in package table 0 because it is not complex!
D/TextView( 5442): Constructor - Got appearance for textColorPrimaryInverse
D/TextView( 5442): Constructor -- Got mEditTextBackgroundColor
D/dalvikvm( 5442): GC_CONCURRENT freed 505K, 8% free 7534K/8135K, paused 2ms+4ms
D/dalvikvm( 4983): GC_CONCURRENT freed 378K, 16% free 7478K/8839K, paused 2ms+2ms
D/dalvikvm( 188): GC_EXPLICIT freed 787K, 15% free 13079K/15303K, paused 3ms+8ms
I/Sensors ( 188): **** Motion ****
D/AlarmManager( 188): Added alarm Alarm{4155a4a8 type 0 com.ted.android} type:RTC_WAKEUP when: At 3/17/12 9:39 PM
D/PowerManagerService( 188): @PowerManagement: Sleep state requested, reason:2
D/PowerManagerService( 188): @PowerManagement: Screen Bright {true -> false}
I/power ( 188): *** set_screen_state 0
V/Sensors ( 188): enable - sensor Accelerometer (handle 4) en -> dis
V/Sensors ( 188): enabled_sensors: 0 dmp_started: 1
V/Sensors ( 188): Stopping DMP
I/Sensors ( 188): Disabled 9 axis sensor fusion
D/PowerManagerService( 188): @PowerManagement: Screen turned off mScreenOnTime=60434ms Battery: <100,8>
D/PowerManagerService( 188): @PowerManagement: Acquire UWL 'sleep_broadcast' flags [partial] refcount=1
I/MPL-mldl_cfg_mpu:( 188): inv_mpu_suspend(,,,,7fff) -> 0000
V/Sensors ( 188): setDelay - sensor Accelerometer (handle 4), rate 66 ms (15.00 Hz)
D/SurfaceFlinger( 107): About to give-up screen, flinger = 0x5df958
V/TransportControlView( 188): Create TCV com.android.internal.widget.TransportControlView@4166cf30
D/PowerManagerService( 188): @PowerManagement: sending ordered bcast for ACTION_SCREEN_OFF
D/vclib:CallStateClient( 5442): stopListening
D/vclib:CallStateClient( 5442): stopListening
D/AlarmManager( 188): Added alarm Alarm{4139ddf0 type 2 com.google.android.gsf} type:ELAPSED_REALTIME_WAKEUP when: After 0h:0m:30.0s
D/PowerManagerService( 188): @PowerManagement: Release UWL 'sleep_broadcast' flags [partial] refcount=0
I/TabletStatusBar( 290): DISABLE_CLOCK: yes
D/AlarmManager( 188): Triggered Alarm 41309808 ELAPSED_REALTIME_WAKEUP IntentSender{41606978: PendingIntentRecord{412a69a0 android broadcastIntent}}
D/AlarmManager( 188): Added alarm Alarm{41741740 type 2 android} type:ELAPSED_REALTIME_WAKEUP when: After 0h:0m:29.0s
I/power ( 188): *** set_screen_state 1
V/Sensors ( 188): enable - sensor Accelerometer (handle 4) dis -> en
V/Sensors ( 188): enabled_sensors: 16 dmp_started: 0
V/Sensors ( 188): Starting DMP
W/MPL-9_sup( 188): 9 axis sensor fusion not available - No compass detected.
I/Sensors ( 188): Enabled 9 axis sensor fusion
D/PowerManagerService( 188): @PowerManagement: Screen Bright {false -> true}
D/PowerManagerService( 188): @PowerManagement: Screen turned on mScreenOffTime=2011ms Battery: <100,8>
D/PowerManagerService( 188): @PowerManagement: Acquire UWL 'sleep_broadcast' flags [partial] refcount=1
D/PowerManagerService( 188): @PowerManagement: Acquire UWL 'sleep_broadcast' flags [partial] refcount=2
I/MPL-mldl_cfg_mpu:( 188): inv_mpu_resume(,,,,0070) -> 0070
V/Sensors ( 188): setDelay - sensor Accelerometer (handle 4), rate 200 ms (5.00 Hz)
V/Sensors ( 188): set fifo rate - divider : 39, delay : 200 ms (5.00 Hz)
I/MPL-fifo( 188): Actual ODR: 25000 mHz
V/Sensors ( 188): setDelay - sensor Accelerometer (handle 4), rate 66 ms (15.00 Hz)
V/Sensors ( 188): set fifo rate - divider : 13, delay : 66 ms (15.00 Hz)
I/MPL-fifo( 188): Actual ODR: 25000 mHz
D/TextView( 5442): Constructor - Got Res id for appearance for textColorPrimaryInverse
W/ResourceType( 5442): Skipping entry 0x106006a in package table 0 because it is not complex!
D/TextView( 5442): Constructor - Got appearance for textColorPrimaryInverse
D/TextView( 5442): Constructor -- Got mEditTextBackgroundColor
D/WindowManager( 188): adjustConfigurationLw, config:{1.0 0mcc0mnc (no locale) layoutdir=0 sw800dp w1280dp h752dp xlrg land ?uimode ?night finger -keyb/v/h -nav/v} mLidOpen:-1 mHasDockFeature:true mHasHallSensorFeature:true config.hardKeyboardHidden:2
D/PowerManagerService( 188): @PowerManagement: sending ordered bcast for ACTION_SCREEN_ON
D/PowerManagerService( 188): @PowerManagement: Release UWL 'sleep_broadcast' flags [partial] refcount=1
I/WindowManager( 188): Lock screen displayed!
D/PowerManagerService( 188): @PowerManagement: Release UWL 'sleep_broadcast' flags [partial] refcount=0
D/TextView( 5442): Constructor - Got Res id for appearance for textColorPrimaryInverse
W/ResourceType( 5442): Skipping entry 0x106006a in package table 0 because it is not complex!
D/TextView( 5442): Constructor - Got appearance for textColorPrimaryInverse
D/TextView( 5442): Constructor -- Got mEditTextBackgroundColor
D/vclib:CallStateClient( 5442): startListening
D/vclib:CallStateClient( 5442): startListening
W/InputManagerService( 188): Starting input on non-focused client com.android.internal.view.IInputMethodClient$Stub$Proxy@415771e8 (uid=10013 pid=5442)
D/TextView( 5442): Constructor - Got Res id for appearance for textColorPrimaryInverse
W/ResourceType( 5442): Skipping entry 0x106006a in package table 0 because it is not complex!
D/TextView( 5442): Constructor - Got appearance for textColorPrimaryInverse
D/TextView( 5442): Constructor -- Got mEditTextBackgroundColor
D/TextView( 5442): Constructor - Got Res id for appearance for textColorPrimaryInverse
W/ResourceType( 5442): Skipping entry 0x106006a in package table 0 because it is not complex!
D/TextView( 5442): Constructor - Got appearance for textColorPrimaryInverse
D/TextView( 5442): Constructor -- Got mEditTextBackgroundColor
D/dalvikvm( 5405): GC_EXPLICIT freed 266K, 9% free 6886K/7495K, paused 1ms+28ms
D/dalvikvm( 5442): GC_CONCURRENT freed 385K, 7% free 7627K/8135K, paused 2ms+5ms
D/SurfaceFlinger( 107): Screen about to return, flinger = 0x5df958
D/TextView( 5442): Constructor - Got Res id for appearance for textColorPrimaryInverse
W/ResourceType( 5442): Skipping entry 0x106006a in package table 0 because it is not complex!
D/TextView( 5442): Constructor - Got appearance for textColorPrimaryInverse
D/TextView( 5442): Constructor -- Got mEditTextBackgroundColor
D/vclib:CallStateClient( 5442): stopListening
D/vclib:CallStateClient( 5442): startListening
I/dalvikvm( 188): Total arena pages for JIT: 11
D/AlarmManager( 188): Removed alarm Alarm{41346b08 type 2 com.google.android.gsf} type:ELAPSED_REALTIME_WAKEUP
D/AlarmManager( 188): Added alarm Alarm{416229c0 type 2 com.google.android.gsf} type:ELAPSED_REALTIME_WAKEUP when: After 0h:15m:0.0s
D/dalvikvm( 5442): GC_CONCURRENT freed 403K, 7% free 7703K/8199K, paused 6ms+9ms
I/ActivityManager( 188): No longer want com.android.vending (pid 5000): hidden #16
D/PowerManagerService( 188): @PowerManagement: 'keyguard' releaseWakeLock when screen locked
D/OpenGLRenderer( 188): Flushing caches (mode 0)
D/AlarmManager( 188): Removed alarm Alarm{4139ddf0 type 2 com.google.android.gsf} type:ELAPSED_REALTIME_WAKEUP
I/TabletStatusBar( 290): DISABLE_CLOCK: no
I/HK/LatinKeyboardBaseView( 418): closing org.pocketworkstation.pckeyboard.LatinKeyboardView@415ec2d8
W/InputManagerService( 188): Window already focused, ignoring focus gain of: com.android.internal.view.IInputMethodClient$Stub$Proxy@41578e80
W/IInputConnectionWrapper( 5442): finishComposingText on inactive InputConnection
I/ActivityManager( 188): START {act=android.intent.action.MAIN cat=[android.intent.category.HOME] flg=0x10200000 cmp=com.android.launcher/com.android.launcher2.Launcher} from pid 188
D/WindowManager( 188): adjustConfigurationLw, config:{1.0 0mcc0mnc (no locale) layoutdir=0 sw800dp w1280dp h752dp xlrg land ?uimode ?night finger -keyb/v/h -nav/v} mLidOpen:-1 mHasDockFeature:true mHasHallSensorFeature:true config.hardKeyboardHidden:2
D/OpenGLRenderer( 5442): Flushing caches (mode 0)
W/IInputConnectionWrapper( 5442): showStatusIcon on inactive InputConnection
D/OpenGLRenderer( 5442): Flushing caches (mode 1)
D/vclib:CallStateClient( 5442): stopListening
D/vclib:CallStateClient( 5442): stopListening
I/ActivityManager( 188): No longer want com.google.android.apps.maps (pid 3687): hidden #16
I/ActivityManager( 188): No longer want com.google.android.inputmethod.latin (pid 2680): hidden #17
I/ActivityManager( 188): START {act=android.intent.action.MAIN cat=[android.intent.category.LAUNCHER] flg=0x10200000 cmp=com.android.browser/.BrowserActivity bnds=[144,640][240,736]} from pid 472
D/dalvikvm( 188): GC_FOR_ALLOC freed 657K, 12% free 13480K/15303K, paused 49ms
D/WindowManager( 188): adjustConfigurationLw, config:{1.0 0mcc0mnc (no locale) layoutdir=0 sw800dp w1280dp h752dp xlrg land ?uimode ?night finger -keyb/v/h -nav/v} mLidOpen:-1 mHasDockFeature:true mHasHallSensorFeature:true config.hardKeyboardHidden:2
D/WebViewTimersControl( 5312): onBrowserActivityResume
D/WebViewTimersControl( 5312): Resuming webview timers, view=com.android.browser.BrowserWebView@4116b368
W/BaseUi ( 5312): mMainView is already attached to wrapper in attachTabToContentView!
W/BaseUi ( 5312): mContainer is already attached to content in attachTabToContentView!
D/OpenGLRenderer( 472): Flushing caches (mode 0)
W/IInputConnectionWrapper( 5442): showStatusIcon on inactive InputConnection
W/InputManagerService( 188): Starting input on non-focused client com.android.internal.view.IInputMethodClient$Stub$Proxy@415771e8 (uid=10013 pid=5442)
D/OpenGLRenderer( 472): Flushing caches (mode 1)
I/DownloadManager( 5027): Initiating request for download 178
D/PowerManagerService( 188): @PowerManagement: 'KEEP_SCREEN_ON_FLAG' releaseWakeLock when screen locked
D/QuickSettingsView( 290): onFinishInflate(): check if slider should be shown
V/StatusBar.StereoSepElement( 290): HDMI Display NOT connected
D/QuickSettingsView( 290): onFinishInflate(): set visibility on entire slider element to GONE
V/NvCPLService( 494): handleIntent(): START
V/NvOTAHelper( 494): IsBootEvent(): bIsBootEvent = false
V/NvOTAHelper( 494): IsAlarmWakeupEvent(): bIsAlarmWakeupEvent = false
V/NvCPLService( 494): IsPropSetNeeded(): This is NOT a request to set property NV_STEREOCTRL
V/NvCPLService( 494): IsPropSetNeeded(): This is NOT a request to set property NV_STEREOMETHOD
V/NvCPLService( 494): IsPropSetNeeded(): This is NOT a request to set property NV_STEREOSEP
V/NvCPLService( 494): IsPropSetNeeded(): Need to set property NV_STEREOSEPCHG to 0
D/NvControl_JNI( 494): com_nvidia_NvCPLSvc_setProperty(): START, set NV_STEREOSEPCHG to 0, stateId = 1, size = 1
D/NvControl_JNI( 494): com_nvidia_NvCPLSvc_setProperty(): could set the property.
D/NvControl_JNI( 494): com_nvidia_NvCPLSvc_setProperty(): FINISHED
V/NvCPLService( 494): handleIntent(): END
D/dalvikvm( 5027): GC_CONCURRENT freed 287K, 6% free 6777K/7175K, paused 5ms+3ms
D/AlarmManager( 188): Triggered Alarm 41741740 ELAPSED_REALTIME_WAKEUP IntentSender{41571e70: PendingIntentRecord{412a69a0 android broadcastIntent}}
D/AlarmManager( 188): Added alarm Alarm{416da9b0 type 2 android} type:ELAPSED_REALTIME_WAKEUP when: After 0h:0m:30.0s
D/AlarmManager( 188): Added alarm Alarm{41681848 type 0 com.google.android.apps.plus} type:RTC_WAKEUP when: At 3/17/12 8:40 PM
D/AlarmManager( 188): Removed alarm Alarm{41681848 type 0 com.google.android.apps.plus} type:RTC_WAKEUP
D/AlarmManager( 188): Added alarm Alarm{416970d0 type 0 com.google.android.apps.plus} type:RTC_WAKEUP when: At 3/17/12 8:40 PM
D/AlarmManager( 188): Removed alarm Alarm{416970d0 type 0 com.google.android.apps.plus} type:RTC_WAKEUP
D/AlarmManager( 188): Added alarm Alarm{4184a5e0 type 0 com.google.android.apps.plus} type:RTC_WAKEUP when: At 3/17/12 8:40 PM
D/AlarmManager( 188): Removed alarm Alarm{4184a5e0 type 0 com.google.android.apps.plus} type:RTC_WAKEUP
D/AlarmManager( 188): Added alarm Alarm{41670908 type 0 com.google.android.apps.plus} type:RTC_WAKEUP when: At 3/17/12 8:40 PM
D/AlarmManager( 188): Removed alarm Alarm{41670908 type 0 com.google.android.apps.plus} type:RTC_WAKEUP
D/AlarmManager( 188): Added alarm Alarm{41616898 type 0 com.google.android.apps.plus} type:RTC_WAKEUP when: At 3/17/12 8:40 PM
D/AlarmManager( 188): Removed alarm Alarm{41616898 type 0 com.google.android.apps.plus} type:RTC_WAKEUP
D/AlarmManager( 188): Added alarm Alarm{4168bc50 type 0 com.google.android.apps.plus} type:RTC_WAKEUP when: At 3/17/12 8:40 PM
D/UploadsManager( 4983): FsId changed! -1
D/UploadsManager( 4983): fsid not changed
D/UploadsManager( 4983): collect new photo: MediaTracker:***********************,trackNew:photo-external,46:photo-phoneStorage,-1:video-external,0:video-phoneStorage,-1
D/UploadsManager( 4983): collect new video: MediaTracker:***********************,trackNew:photo-external,46:photo-phoneStorage,-1:video-external,0:video-phoneStorage,-1
D/PicasaSyncManager( 4983): reject MetadataSyncTask (***********************) because downsync is disabled
D/QuickSettingsView( 290): onFinishInflate(): check if slider should be shown
V/StatusBar.StereoSepElement( 290): HDMI Display NOT connected
D/QuickSettingsView( 290): onFinishInflate(): set visibility on entire slider element to GONE
V/NvCPLService( 494): handleIntent(): START
V/NvOTAHelper( 494): IsBootEvent(): bIsBootEvent = false
V/NvOTAHelper( 494): IsAlarmWakeupEvent(): bIsAlarmWakeupEvent = false
V/NvCPLService( 494): IsPropSetNeeded(): This is NOT a request to set property NV_STEREOCTRL
V/NvCPLService( 494): IsPropSetNeeded(): This is NOT a request to set property NV_STEREOMETHOD
V/NvCPLService( 494): IsPropSetNeeded(): This is NOT a request to set property NV_STEREOSEP
V/NvCPLService( 494): IsPropSetNeeded(): Need to set property NV_STEREOSEPCHG to 0
D/NvControl_JNI( 494): com_nvidia_NvCPLSvc_setProperty(): START, set NV_STEREOSEPCHG to 0, stateId = 1, size = 1
D/OpenGLRenderer( 290): Flushing caches (mode 0)
D/NvControl_JNI( 494): com_nvidia_NvCPLSvc_setProperty(): could set the property.
D/NvControl_JNI( 494): com_nvidia_NvCPLSvc_setProperty(): FINISHED
V/NvCPLService( 494): handleIntent(): END
W/InputManagerService( 188): Window already focused, ignoring focus gain of: com.android.internal.view.IInputMethodClient$Stub$Proxy@411eb6c8
D/QuickSettingsView( 290): onFinishInflate(): check if slider should be shown
V/StatusBar.StereoSepElement( 290): HDMI Display NOT connected
D/QuickSettingsView( 290): onFinishInflate(): set visibility on entire slider element to GONE
V/NvCPLService( 494): handleIntent(): START
V/NvOTAHelper( 494): IsBootEvent(): bIsBootEvent = false
V/NvOTAHelper( 494): IsAlarmWakeupEvent(): bIsAlarmWakeupEvent = false
