D/AlarmManager( 188): Removed alarm Alarm{4162e6b8 type 2 com.google.android.apps.maps} type:ELAPSED_REALTIME_WAKEUP
D/AlarmManager( 188): Added alarm Alarm{41568010 type 2 com.google.android.apps.maps} type:ELAPSED_REALTIME_WAKEUP when: After 596521h:52m:53.0s
D/AlarmManager( 188): Removed alarm Alarm{418b1b10 type 2 com.google.android.location} type:ELAPSED_REALTIME_WAKEUP
D/AlarmManager( 188): Added alarm Alarm{41567c80 type 2 com.google.android.location} type:ELAPSED_REALTIME_WAKEUP when: After 0h:4m:58.0s
I/ActivityManager( 188): No longer want com.facebook.katana (pid 2396): hidden #16
I/ActivityManager( 188): START {act=android.intent.action.MAIN cat=[android.intent.category.LAUNCHER] flg=0x10200000 cmp=org.videolan.vlc/.gui.MainActivity} from pid 472
V/TabletStatusBar( 290): setLightsOn(true)
W/InputManagerService( 188): Starting input on non-focused client com.android.internal.view.IInputMethodClient$Stub$Proxy@415cc0a0 (uid=1000 pid=472)
D/AlarmManager( 188): Removed alarm Alarm{41580c10 type 2 com.google.android.gsf} type:ELAPSED_REALTIME_WAKEUP
D/AlarmManager( 188): Added alarm Alarm{415853f0 type 2 com.google.android.gsf} type:ELAPSED_REALTIME_WAKEUP when: After 0h:14m:59.0s
W/InputManagerService( 188): Window already focused, ignoring focus gain of: com.android.internal.view.IInputMethodClient$Stub$Proxy@4131e2b8
D/AlarmManager( 188): Removed alarm Alarm{415853f0 type 2 com.google.android.gsf} type:ELAPSED_REALTIME_WAKEUP
D/AlarmManager( 188): Added alarm Alarm{4161e560 type 2 com.google.android.gsf} type:ELAPSED_REALTIME_WAKEUP when: After 0h:15m:0.0s
I/ActivityManager( 188): START {act=android.intent.action.VIEW dat=content://com.google.android.providers.talk/messagesByAccount/1 flg=0x34000000 cmp=com.google.android.talk/.SigningInActivity bnds=[422,1166][788,1230] (has extras)} from pid -1
I/ActivityManager( 188): Start proc com.google.android.talk for activity com.google.android.talk/.SigningInActivity: pid=2917 uid=10013 gids={3003, 1015, 1006, 3002}
W/InputManagerService( 188): Starting input on non-focused client com.android.internal.view.IInputMethodClient$Stub$Proxy@415613e8 (uid=10092 pid=2728)
D/AlarmManager( 188): Removed alarm Alarm{4161e560 type 2 com.google.android.gsf} type:ELAPSED_REALTIME_WAKEUP
D/AlarmManager( 188): Added alarm Alarm{416cc990 type 2 com.google.android.gsf} type:ELAPSED_REALTIME_WAKEUP when: After 0h:14m:59.0s
D/AlarmManager( 188): Removed alarm Alarm{416cc990 type 2 com.google.android.gsf} type:ELAPSED_REALTIME_WAKEUP
D/AlarmManager( 188): Added alarm Alarm{413199e0 type 2 com.google.android.gsf} type:ELAPSED_REALTIME_WAKEUP when: After 0h:14m:59.0s
I/ActivityManager( 188): START {act=android.intent.action.MAIN cat=[android.intent.category.HOME] flg=0x10200000 cmp=com.android.launcher/com.android.launcher2.Launcher} from pid 188
I/ActivityManager( 188): No longer want com.android.calendar (pid 2491): hidden #16
I/ActivityManager( 188): Config changed: {1.0 0mcc0mnc en_US layoutdir=0 sw800dp w1280dp h752dp xlrg land finger -keyb/v/h -nav/h s.11}
I/StatusBar.HeightReceiver( 290): Resizing status bar plugged=false height=48 old=48
W/InputManagerService( 188): Starting input on non-focused client com.android.internal.view.IInputMethodClient$Stub$Proxy@4157aae8 (uid=10013 pid=2917)
I/ActivityManager( 188): START {act=android.settings.SETTINGS flg=0x14000000 cmp=com.android.settings/.Settings} from pid 290
I/ActivityManager( 188): Start proc com.android.settings for activity com.android.settings/.Settings: pid=2997 uid=1000 gids={3003, 1015, 3002, 3001, 3007}
D/AlarmManager( 188): Removed alarm Alarm{41567c80 type 2 com.google.android.location} type:ELAPSED_REALTIME_WAKEUP
D/AlarmManager( 188): Added alarm Alarm{416de798 type 2 com.google.android.location} type:ELAPSED_REALTIME_WAKEUP when: After 0h:2m:50.0s
D/AlarmManager( 188): Removed alarm Alarm{41568010 type 2 com.google.android.apps.maps} type:ELAPSED_REALTIME_WAKEUP
D/AlarmManager( 188): Added alarm Alarm{417de5e8 type 2 com.google.android.apps.maps} type:ELAPSED_REALTIME_WAKEUP when: After 596521h:50m:45.0s
D/AlarmManager( 188): Removed alarm Alarm{415d0d08 type 2 android} type:ELAPSED_REALTIME_WAKEUP
D/ConnectivityService( 188): ConnectivityChange for WIFI: DISCONNECTED/DISCONNECTED
D/AlarmManager( 188): Added alarm Alarm{41671d08 type 0 android} type:RTC_WAKEUP when: At 3/17/12 7:20 PM repeatInterval: 0h:5m:0.0s
D/ConnectivityService( 188): Attempting to switch to mobile
D/ConnectivityService( 188): Attempting to switch to BLUETOOTH_TETHER
D/ConnectivityService( 188): Attempting to switch to ETHERNET
D/ConnectivityService( 188): resetConnections(wlan0, 3)
D/AlarmManager( 188): Added alarm Alarm{417f2618 type 0 com.asus.cm} type:RTC_WAKEUP when: At 3/17/12 7:19 PM
I/ActivityManager( 188): No longer want com.asus.cm (pid 1117): hidden #16
D/ConnectivityService( 188): handleInetConditionChange: no active default network - ignore
D/AlarmManager( 188): Removed alarm Alarm{413199e0 type 2 com.google.android.gsf} type:ELAPSED_REALTIME_WAKEUP
D/AlarmManager( 188): Added alarm Alarm{41874818 type 2 com.google.android.gsf} type:ELAPSED_REALTIME_WAKEUP when: After 0h:0m:5.0s
D/AlarmManager( 188): Removed alarm Alarm{41671d08 type 0 android} type:RTC_WAKEUP
D/AlarmManager( 188): Removed alarm Alarm{416de798 type 2 com.google.android.location} type:ELAPSED_REALTIME_WAKEUP
D/AlarmManager( 188): Added alarm Alarm{415390c8 type 2 com.google.android.location} type:ELAPSED_REALTIME_WAKEUP when: After 0h:2m:45.0s
D/AlarmManager( 188): Removed alarm Alarm{417de5e8 type 2 com.google.android.apps.maps} type:ELAPSED_REALTIME_WAKEUP
D/AlarmManager( 188): Added alarm Alarm{41755c40 type 2 com.google.android.apps.maps} type:ELAPSED_REALTIME_WAKEUP when: After 596521h:50m:40.0s
I/ActivityManager( 188): Start proc com.asus.cm for broadcast com.asus.cm/.push.PushControlReceiver: pid=3041 uid=1000 gids={3003, 1015, 3002, 3001, 3007}
D/AlarmManager( 188): Removed alarm Alarm{417f2618 type 0 com.asus.cm} type:RTC_WAKEUP
I/ActivityManager( 188): No longer want com.google.android.gm (pid 2441): hidden #16
I/ActivityManager( 188): Start proc com.google.android.apps.uploader for broadcast com.google.android.apps.uploader/.ConnectivityBroadcastReceiver: pid=3053 uid=10039 gids={3003}
I/ActivityManager( 188): Start proc com.ecareme.pixwe for broadcast com.ecareme.pixwe/net.yostore.utility.ConnectionChangeReceiver: pid=3068 uid=10024 gids={3003, 1015}
I/ActivityManager( 188): No longer want com.google.android.apps.books (pid 2562): hidden #16
I/ActivityManager( 188): Start proc com.asus.weather for broadcast com.asus.weather/.WeatherReceiver: pid=3081 uid=10005 gids={3003}
I/ActivityManager( 188): No longer want com.google.android.syncadapters.calendar (pid 2453): hidden #16
I/ActivityManager( 188): Start proc com.ted.android for broadcast com.ted.android/.service.DataUpdateCheckBroadcastReceiver: pid=3094 uid=10012 gids={3003, 1015}
I/ActivityManager( 188): No longer want com.android.providers.calendar (pid 2470): hidden #16
I/ActivityManager( 188): Start proc com.facebook.katana for broadcast com.facebook.katana/.binding.UploadManagerConnectivity: pid=3106 uid=10073 gids={3003, 1015}
I/ActivityManager( 188): No longer want com.android.gallery3d (pid 2547): hidden #16
D/AlarmManager( 188): Added alarm Alarm{4168ff10 type 0 com.facebook.katana} type:RTC_WAKEUP when: At 3/17/12 7:15 PM
D/AlarmManager( 188): Added alarm Alarm{4169a2f8 type 0 com.facebook.katana} type:RTC_WAKEUP when: At 3/17/12 7:15 PM
D/AlarmManager( 188): Added alarm Alarm{4162c2b8 type 2 android} type:ELAPSED_REALTIME_WAKEUP when: After 11h:31m:12.0s
D/ConnectivityService( 188): ConnectivityChange for WIFI: CONNECTED/CONNECTED
D/AlarmManager( 188): Triggered Alarm 4168ff10 RTC_WAKEUP IntentSender{4168f910: PendingIntentRecord{4184b380 com.facebook.katana startService}}
D/AlarmManager( 188): Added alarm Alarm{416daaa0 type 0 com.facebook.katana} type:RTC_WAKEUP when: At 3/17/12 7:20 PM
D/AlarmManager( 188): Added alarm Alarm{416ca310 type 0 com.facebook.katana} type:RTC_WAKEUP when: At 3/17/12 7:15 PM
D/ConnectivityService( 188): NetTransition Wakelock for WifiStateMachine released by timeout
D/AlarmManager( 188): Triggered Alarm 41874818 ELAPSED_REALTIME_WAKEUP IntentSender{41685a68: PendingIntentRecord{418747a0 com.google.android.gsf broadcastIntent}}
D/AlarmManager( 188): Added alarm Alarm{417efa50 type 2 com.google.android.gsf} type:ELAPSED_REALTIME_WAKEUP when: After 0h:0m:10.0s
D/AlarmManager( 188): Removed alarm Alarm{415390c8 type 2 com.google.android.location} type:ELAPSED_REALTIME_WAKEUP
D/AlarmManager( 188): Added alarm Alarm{417e55a8 type 2 com.google.android.location} type:ELAPSED_REALTIME_WAKEUP when: After 0h:2m:40.0s
D/AlarmManager( 188): Removed alarm Alarm{41755c40 type 2 com.google.android.apps.maps} type:ELAPSED_REALTIME_WAKEUP
D/AlarmManager( 188): Added alarm Alarm{41694fa8 type 2 com.google.android.apps.maps} type:ELAPSED_REALTIME_WAKEUP when: After 596521h:50m:35.0s
D/AlarmManager( 188): Triggered Alarm 416ca310 RTC_WAKEUP IntentSender{4185c888: PendingIntentRecord{416ca220 com.facebook.katana startService}}
D/AlarmManager( 188): Removed alarm Alarm{417efa50 type 2 com.google.android.gsf} type:ELAPSED_REALTIME_WAKEUP
W/ActivityThread( 3041): ClassLoader.getResources: The class loader returned by Thread.getContextClassLoader() may fail for processes that host multiple applications. You should explicitly specify a context class loader. For example: Thread.setContextClassLoader(getClass().getClassLoader());
D/AlarmManager( 188): Added alarm Alarm{41751258 type 0 com.asus.cm} type:RTC_WAKEUP when: At 3/17/12 7:21 PM
D/AlarmManager( 188): Removed alarm Alarm{4136ab38 type 0 com.ted.android} type:RTC_WAKEUP
D/AlarmManager( 188): Added alarm Alarm{415ffe38 type 0 com.google.android.gsf} type:RTC_WAKEUP when: At 3/20/12 6:59 AM repeatInterval: 152h:14m:32.0s
D/AlarmManager( 188): Added alarm Alarm{4169efa8 type 0 com.ted.android} type:RTC_WAKEUP when: At 3/17/12 8:15 PM
I/ActivityManager( 188): No longer want com.clov4r.android.nil (pid 2647): hidden #16
I/WindowManager( 188): WINDOW DIED Window{415be408 com.clov4r.android.nil/com.clov4r.android.nil.MainActivity paused=false}
I/WindowManager( 188): WINDOW DIED Window{41374e00 com.clov4r.android.nil/com.clov4r.android.nil.ActivityStreamInput paused=false}
W/WindowManager( 188): Failed looking up window
W/WindowManager( 188): java.lang.IllegalArgumentException: Requested window android.os.BinderProxy@417e7f40 does not exist
W/WindowManager( 188): at com.android.server.wm.WindowManagerService.windowForClientLocked(WindowManagerService.java:7156)
W/WindowManager( 188): at com.android.server.wm.WindowManagerService.windowForClientLocked(WindowManagerService.java:7147)
W/WindowManager( 188): at com.android.server.wm.WindowState$DeathRecipient.binderDied(WindowState.java:1529)
W/WindowManager( 188): at android.os.BinderProxy.sendDeathNotice(Binder.java:417)
W/WindowManager( 188): at dalvik.system.NativeStart.run(Native Method)
I/WindowManager( 188): WIN DEATH: null
I/ActivityManager( 188): No longer want com.google.android.inputmethod.latin.dictionarypack (pid 2699): hidden #16
I/ActivityManager( 188): START {act=android.intent.action.MAIN cat=[android.intent.category.HOME] flg=0x10200000 cmp=com.android.launcher/com.android.launcher2.Launcher} from pid 188
D/ConnectivityService( 188): handleInetConditionHoldEnd: net=1, condition=0, published condition=0
W/InputManagerService( 188): Starting input on non-focused client com.android.internal.view.IInputMethodClient$Stub$Proxy@415560c8 (uid=1000 pid=2997)
I/ActivityManager( 188): No longer want com.google.android.gsf.login (pid 2350): hidden #16
D/AlarmManager( 188): Added alarm Alarm{415cd198 type 2 com.google.android.gsf} type:ELAPSED_REALTIME_WAKEUP when: After 0h:0m:7.0s
I/ActivityManager( 188): START {act=android.intent.action.MAIN cat=[android.intent.category.LAUNCHER] flg=0x10000000 pkg=com.clov4r.android.nil cmp=com.clov4r.android.nil/.MainActivity bnds=[144,542][240,638]} from pid 472
I/ActivityManager( 188): Start proc com.clov4r.android.nil for activity com.clov4r.android.nil/.ActivityStreamInput: pid=3168 uid=10018 gids={3003, 1015}
I/ActivityManager( 188): Start proc com.google.android.inputmethod.latin.dictionarypack for content provider com.google.android.inputmethod.latin.dictionarypack/.DictionaryProvider: pid=3180 uid=10082 gids={3003, 1015}
V/TabletStatusBar( 290): setLightsOn(true)
D/ConnectivityService( 188): handleInetConditionHoldEnd: net=1, condition=0, published condition=0
D/AlarmManager( 188): Triggered Alarm 4169a2f8 RTC_WAKEUP IntentSender{41671498: PendingIntentRecord{41583070 com.facebook.katana startService}}
D/AlarmManager( 188): Added alarm Alarm{41726ce0 type 0 com.facebook.katana} type:RTC_WAKEUP when: At 3/17/12 7:16 PM
D/AlarmManager( 188): Triggered Alarm 415cd198 ELAPSED_REALTIME_WAKEUP IntentSender{4139da98: PendingIntentRecord{418747a0 com.google.android.gsf broadcastIntent}}
D/AlarmManager( 188): Added alarm Alarm{415f5ca8 type 2 com.google.android.gsf} type:ELAPSED_REALTIME_WAKEUP when: After 0h:0m:15.0s
D/ConnectivityService( 188): handleInetConditionHoldEnd: net=1, condition=0, published condition=0
I/BootReceiver( 188): Copying /data/tombstones/tombstone_01 to DropBox (SYSTEM_TOMBSTONE)
I/ActivityManager( 188): START {cmp=com.clov4r.android.nil/.SystemPlayer (has extras)} from pid 3168
E/AndroidRuntime( 3168): FATAL EXCEPTION: main
E/AndroidRuntime( 3168): java.lang.RuntimeException: Unable to start activity ComponentInfo{com.clov4r.android.nil/com.clov4r.android.nil.SystemPlayer}: java.lang.NumberFormatException: Invalid float: ""
E/AndroidRuntime( 3168): at android.app.ActivityThread.performLaunchActivity(ActivityThread.java:1956)
E/AndroidRuntime( 3168): at android.app.ActivityThread.handleLaunchActivity(ActivityThread.java:1981)
E/AndroidRuntime( 3168): at android.app.ActivityThread.access$600(ActivityThread.java:123)
E/AndroidRuntime( 3168): at android.app.ActivityThread$H.handleMessage(ActivityThread.java:1147)
E/AndroidRuntime( 3168): at android.os.Handler.dispatchMessage(Handler.java:99)
E/AndroidRuntime( 3168): at android.os.Looper.loop(Looper.java:137)
E/AndroidRuntime( 3168): at android.app.ActivityThread.main(ActivityThread.java:4424)
E/AndroidRuntime( 3168): at java.lang.reflect.Method.invokeNative(Native Method)
E/AndroidRuntime( 3168): at java.lang.reflect.Method.invoke(Method.java:511)
E/AndroidRuntime( 3168): at com.android.internal.os.ZygoteInit$MethodAndArgsCaller.run(ZygoteInit.java:784)
E/AndroidRuntime( 3168): at com.android.internal.os.ZygoteInit.main(ZygoteInit.java:551)
E/AndroidRuntime( 3168): at dalvik.system.NativeStart.main(Native Method)
E/AndroidRuntime( 3168): Caused by: java.lang.NumberFormatException: Invalid float: ""
E/AndroidRuntime( 3168): at java.lang.StringToReal.invalidReal(StringToReal.java:63)
E/AndroidRuntime( 3168): at java.lang.StringToReal.parseFloat(StringToReal.java:289)
E/AndroidRuntime( 3168): at java.lang.Float.parseFloat(Float.java:300)
E/AndroidRuntime( 3168): at java.lang.Float.valueOf(Float.java:337)
E/AndroidRuntime( 3168): at com.clov4r.android.nil.SystemPlayer.onCreate(Unknown Source)
E/AndroidRuntime( 3168): at android.app.Activity.performCreate(Activity.java:4465)
E/AndroidRuntime( 3168): at android.app.Instrumentation.callActivityOnCreate(Instrumentation.java:1049)
E/AndroidRuntime( 3168): at android.app.ActivityThread.performLaunchActivity(ActivityThread.java:1920)
E/AndroidRuntime( 3168): ... 11 more
W/ActivityManager( 188): Force finishing activity com.clov4r.android.nil/.SystemPlayer
W/ActivityManager( 188): Force finishing activity com.clov4r.android.nil/.ActivityStreamInput
W/ActivityManager( 188): Activity pause timeout for ActivityRecord{415391d0 com.clov4r.android.nil/.SystemPlayer}
D/AlarmManager( 188): Triggered Alarm 415f5ca8 ELAPSED_REALTIME_WAKEUP IntentSender{415d1298: PendingIntentRecord{418747a0 com.google.android.gsf broadcastIntent}}
D/AlarmManager( 188): Added alarm Alarm{4139c080 type 2 com.google.android.gsf} type:ELAPSED_REALTIME_WAKEUP when: After 0h:0m:31.0s
I/WindowManager( 188): WINDOW DIED Window{41365008 com.clov4r.android.nil/com.clov4r.android.nil.ActivityStreamInput paused=true}
I/ActivityManager( 188): Process com.clov4r.android.nil (pid 3168) has died.
W/ActivityManager( 188): Force removing ActivityRecord{4183aa28 com.clov4r.android.nil/.MainActivity}: app died, no saved state
W/WindowManager( 188): Failed looking up window
W/WindowManager( 188): java.lang.IllegalArgumentException: Requested window android.os.BinderProxy@415c3948 does not exist
W/WindowManager( 188): at com.android.server.wm.WindowManagerService.windowForClientLocked(WindowManagerService.java:7156)
W/WindowManager( 188): at com.android.server.wm.WindowManagerService.windowForClientLocked(WindowManagerService.java:7147)
W/WindowManager( 188): at com.android.server.wm.WindowState$DeathRecipient.binderDied(WindowState.java:1529)
W/WindowManager( 188): at android.os.BinderProxy.sendDeathNotice(Binder.java:417)
W/WindowManager( 188): at dalvik.system.NativeStart.run(Native Method)
I/WindowManager( 188): WIN DEATH: null
I/ActivityManager( 188): No longer want com.google.android.googlequicksearchbox (pid 2819): hidden #16
W/InputManagerService( 188): Got RemoteException sending setActive(false) notification to pid 3168 uid 10018
D/AlarmManager( 188): Removed alarm Alarm{417e55a8 type 2 com.google.android.location} type:ELAPSED_REALTIME_WAKEUP
D/AlarmManager( 188): Added alarm Alarm{415532b8 type 2 com.google.android.location} type:ELAPSED_REALTIME_WAKEUP when: After 0h:0m:4.0s
D/AlarmManager( 188): Removed alarm Alarm{415532b8 type 2 com.google.android.location} type:ELAPSED_REALTIME_WAKEUP
D/AlarmManager( 188): Added alarm Alarm{41651838 type 2 com.google.android.location} type:ELAPSED_REALTIME_WAKEUP when: After 23h:59m:59.0s
D/ConnectivityService( 188): handleInetConditionHoldEnd: net=1, condition=0, published condition=0
I/ActivityManager( 188): START {act=android.intent.action.MAIN cat=[android.intent.category.LAUNCHER] flg=0x10200000 cmp=org.videolan.vlc/.gui.MainActivity} from pid 472
V/TabletStatusBar( 290): setLightsOn(true)
W/InputManagerService( 188): Starting input on non-focused client com.android.internal.view.IInputMethodClient$Stub$Proxy@415cc0a0 (uid=1000 pid=472)
I/ActivityManager( 188): START {cmp=org.videolan.vlc/.gui.SearchActivity} from pid 2728
V/TabletStatusBar( 290): setLightsOn(true)
I/ActivityManager( 188): Config changed: {1.0 0mcc0mnc en_US layoutdir=0 sw800dp w800dp h1232dp xlrg port finger -keyb/v/h -nav/h s.12}
I/StatusBar.HeightReceiver( 290): Resizing status bar plugged=false height=48 old=48
D/AlarmManager( 188): Triggered Alarm 4139c080 ELAPSED_REALTIME_WAKEUP IntentSender{413b14b8: PendingIntentRecord{418747a0 com.google.android.gsf broadcastIntent}}
D/AlarmManager( 188): Added alarm Alarm{41607568 type 2 com.google.android.gsf} type:ELAPSED_REALTIME_WAKEUP when: After 0h:1m:2.0s
D/ConnectivityService( 188): handleInetConditionHoldEnd: net=1, condition=0, published condition=0
D/AlarmManager( 188): Triggered Alarm 41726ce0 RTC_WAKEUP IntentSender{41238ea8: PendingIntentRecord{41767ca8 com.facebook.katana startService}}
D/AlarmManager( 188): Added alarm Alarm{4154f7b8 type 0 com.facebook.katana} type:RTC_WAKEUP when: At 3/17/12 7:17 PM
V/TabletStatusBar( 290): setLightsOn(true)
W/InputManagerService( 188): Window already focused, ignoring focus gain of: com.android.internal.view.IInputMethodClient$Stub$Proxy@413479e8
V/TabletStatusBar( 290): setLightsOn(true)
I/ActivityManager( 188): START {cmp=org.videolan.vlc/.gui.PreferencesActivity} from pid 2728
V/TabletStatusBar( 290): setLightsOn(true)
I/ActivityManager( 188): START {act=android.intent.action.MAIN cat=[android.intent.category.HOME] flg=0x10200000 cmp=com.android.launcher/com.android.launcher2.Launcher} from pid 188
W/InputManagerService( 188): Starting input on non-focused client com.android.internal.view.IInputMethodClient$Stub$Proxy@415613e8 (uid=10092 pid=2728)
I/ActivityManager( 188): START {act=android.intent.action.MAIN cat=[android.intent.category.LAUNCHER] flg=0x10200000 cmp=com.android.browser/.BrowserActivity bnds=[16,970][112,1066]} from pid 472
W/ProcessStats( 188): Skipping unknown process pid 3337
W/ProcessStats( 188): Skipping unknown process pid 3340
W/ProcessStats( 188): Skipping unknown process pid 3342
D/PowerManagerService( 188): @PowerManagement: 'KEEP_SCREEN_ON_FLAG' releaseWakeLock when screen locked
I/ActivityManager( 188): Start proc com.google.android.googlequicksearchbox for content provider com.google.android.googlequicksearchbox/.google.GoogleSuggestionProvider: pid=3347 uid=10049 gids={3003}
I/ActivityManager( 188): Start proc com.google.android.gsf.login for service com.google.android.gsf.login/com.google.android.gsf.loginservice.GoogleLoginService: pid=3365 uid=10030 gids={3003, 1015, 1007, 2001, 3006}
D/AlarmManager( 188): Removed alarm Alarm{41651838 type 2 com.google.android.location} type:ELAPSED_REALTIME_WAKEUP
D/AlarmManager( 188): Added alarm Alarm{4169bed0 type 2 com.google.android.location} type:ELAPSED_REALTIME_WAKEUP when: After 0h:0m:4.0s
D/AlarmManager( 188): Removed alarm Alarm{4169bed0 type 2 com.google.android.location} type:ELAPSED_REALTIME_WAKEUP
D/AlarmManager( 188): Added alarm Alarm{41674678 type 2 com.google.android.location} type:ELAPSED_REALTIME_WAKEUP when: After 0h:0m:4.0s
D/AlarmManager( 188): Removed alarm Alarm{41674678 type 2 com.google.android.location} type:ELAPSED_REALTIME_WAKEUP
D/AlarmManager( 188): Added alarm Alarm{4169ea20 type 2 com.google.android.location} type:ELAPSED_REALTIME_WAKEUP when: After 0h:0m:5.0s
D/AlarmManager( 188): Removed alarm Alarm{4169ea20 type 2 com.google.android.location} type:ELAPSED_REALTIME_WAKEUP
D/AlarmManager( 188): Added alarm Alarm{417386f8 type 2 com.google.android.location} type:ELAPSED_REALTIME_WAKEUP when: After 0h:0m:4.0s
D/AlarmManager( 188): Removed alarm Alarm{41694fa8 type 2 com.google.android.apps.maps} type:ELAPSED_REALTIME_WAKEUP
D/AlarmManager( 188): Added alarm Alarm{4173eb68 type 2 com.google.android.apps.maps} type:ELAPSED_REALTIME_WAKEUP when: After 596521h:48m:54.0s
D/AlarmManager( 188): Removed alarm Alarm{417386f8 type 2 com.google.android.location} type:ELAPSED_REALTIME_WAKEUP
D/AlarmManager( 188): Added alarm Alarm{41670830 type 2 com.google.android.location} type:ELAPSED_REALTIME_WAKEUP when: After 0h:4m:58.0s
I/ActivityManager( 188): No longer want com.google.android.talk (pid 2917): hidden #16
I/WindowManager( 188): WIN DEATH: Window{415c3c78 com.google.android.talk/com.google.android.talk.SigningInActivity paused=false}
D/AlarmManager( 188): Triggered Alarm 41607568 ELAPSED_REALTIME_WAKEUP IntentSender{415d85b8: PendingIntentRecord{418747a0 com.google.android.gsf broadcastIntent}}
D/AlarmManager( 188): Added alarm Alarm{4164af60 type 2 com.google.android.gsf} type:ELAPSED_REALTIME_WAKEUP when: After 0h:2m:5.0s
D/ConnectivityService( 188): handleInetConditionHoldEnd: net=1, condition=0, published condition=0
D/AlarmManager( 188): Triggered Alarm 4154f7b8 RTC_WAKEUP IntentSender{4136df40: PendingIntentRecord{415594b0 com.facebook.katana startService}}
D/AlarmManager( 188): Removed alarm Alarm{41653868 type 0 com.facebook.katana} type:RTC_WAKEUP
D/AlarmManager( 188): Added alarm Alarm{41736d98 type 0 com.facebook.katana} type:RTC_WAKEUP when: At 3/17/12 7:47 PM
I/ActivityManager( 188): START {act=android.intent.action.MAIN cat=[android.intent.category.HOME] flg=0x10200000 cmp=com.android.launcher/com.android.launcher2.Launcher} from pid 188
W/InputManagerService( 188): Starting input on non-focused client com.android.internal.view.IInputMethodClient$Stub$Proxy@41364e68 (uid=10067 pid=1703)
I/ActivityManager( 188): No longer want com.android.settings (pid 2997): hidden #16
I/WindowManager( 188): WIN DEATH: Window{4179bd90 com.android.settings/com.android.settings.Settings paused=false}
D/PowerManagerService( 188): @PowerManagement: Auto-dim timeout
D/PowerManagerService( 188): @PowerManagement: Screen Bright {true -> false}
D/PowerManagerService( 188): @PowerManagement: Auto-sleep timeout
D/PowerManagerService( 188): @PowerManagement: Screen turned off mScreenOnTime=460481ms Battery: <88,8>
D/PowerManagerService( 188): @PowerManagement: Acquire UWL 'sleep_broadcast' flags [partial] refcount=1
D/AlarmManager( 188): Added alarm Alarm{417eaf20 type 2 android} type:ELAPSED_REALTIME_WAKEUP when: After 0h:0m:4.0s
D/PowerManagerService( 188): @PowerManagement: sending ordered bcast for ACTION_SCREEN_OFF
D/AlarmManager( 188): Added alarm Alarm{41642c10 type 2 com.google.android.gsf} type:ELAPSED_REALTIME_WAKEUP when: After 0h:0m:30.0s
D/PowerManagerService( 188): @PowerManagement: Release UWL 'sleep_broadcast' flags [partial] refcount=0
D/PowerManagerService( 188): @PowerManagement: Screen Bright {false -> true}
D/PowerManagerService( 188): @PowerManagement: Screen turned on mScreenOffTime=2550ms Battery: <88,8>
D/PowerManagerService( 188): @PowerManagement: Acquire UWL 'sleep_broadcast' flags [partial] refcount=1
D/PowerManagerService( 188): @PowerManagement: Acquire UWL 'sleep_broadcast' flags [partial] refcount=2
I/WindowManager( 188): No lock screen!
D/PowerManagerService( 188): @PowerManagement: Release UWL 'sleep_broadcast' flags [partial] refcount=1
D/PowerManagerService( 188): @PowerManagement: sending ordered bcast for ACTION_SCREEN_ON
D/PowerManagerService( 188): @PowerManagement: Release UWL 'sleep_broadcast' flags [partial] refcount=0
D/AlarmManager( 188): Triggered Alarm 417eaf20 ELAPSED_REALTIME_WAKEUP IntentSender{4169a788: PendingIntentRecord{417eae80 android broadcastIntent}}
I/ActivityManager( 188): START {act=android.settings.SETTINGS flg=0x14000000 cmp=com.android.settings/.Settings} from pid 290
I/ActivityManager( 188): Start proc com.android.settings for activity com.android.settings/.Settings: pid=3444 uid=1000 gids={3003, 1015, 3002, 3001, 3007}
D/AlarmManager( 188): Removed alarm Alarm{41670830 type 2 com.google.android.location} type:ELAPSED_REALTIME_WAKEUP
D/AlarmManager( 188): Added alarm Alarm{41603bc0 type 2 com.google.android.location} type:ELAPSED_REALTIME_WAKEUP when: After 0h:2m:46.0s
D/AlarmManager( 188): Removed alarm Alarm{4173eb68 type 2 com.google.android.apps.maps} type:ELAPSED_REALTIME_WAKEUP
D/AlarmManager( 188): Added alarm Alarm{415ecb78 type 2 com.google.android.apps.maps} type:ELAPSED_REALTIME_WAKEUP when: After 596521h:46m:41.0s
D/AlarmManager( 188): Removed alarm Alarm{4162c2b8 type 2 android} type:ELAPSED_REALTIME_WAKEUP
D/ConnectivityService( 188): ConnectivityChange for WIFI: DISCONNECTED/DISCONNECTED
D/ConnectivityService( 188): Attempting to switch to mobile
D/ConnectivityService( 188): Attempting to switch to BLUETOOTH_TETHER
D/AlarmManager( 188): Added alarm Alarm{41650748 type 0 android} type:RTC_WAKEUP when: At 3/17/12 7:24 PM repeatInterval: 0h:5m:0.0s
D/ConnectivityService( 188): Attempting to switch to ETHERNET
D/ConnectivityService( 188): resetConnections(wlan0, 3)
D/AlarmManager( 188): Removed alarm Alarm{41650748 type 0 android} type:RTC_WAKEUP
D/AlarmManager( 188): Removed alarm Alarm{41603bc0 type 2 com.google.android.location} type:ELAPSED_REALTIME_WAKEUP
D/AlarmManager( 188): Added alarm Alarm{413748c0 type 2 com.google.android.location} type:ELAPSED_REALTIME_WAKEUP when: After 0h:2m:41.0s
D/AlarmManager( 188): Removed alarm Alarm{415ecb78 type 2 com.google.android.apps.maps} type:ELAPSED_REALTIME_WAKEUP
D/AlarmManager( 188): Added alarm Alarm{413697e8 type 2 com.google.android.apps.maps} type:ELAPSED_REALTIME_WAKEUP when: After 596521h:46m:37.0s
D/AlarmManager( 188): Removed alarm Alarm{41751258 type 0 com.asus.cm} type:RTC_WAKEUP
D/AlarmManager( 188): Added alarm Alarm{41663128 type 2 android} type:ELAPSED_REALTIME_WAKEUP when: After 11h:31m:12.0s
D/ConnectivityService( 188): ConnectivityChange for WIFI: CONNECTED/CONNECTED
D/ConnectivityService( 188): NetTransition Wakelock for WifiStateMachine released by timeout
D/AlarmManager( 188): Removed alarm Alarm{413748c0 type 2 com.google.android.location} type:ELAPSED_REALTIME_WAKEUP
D/AlarmManager( 188): Added alarm Alarm{41583fb0 type 2 com.google.android.location} type:ELAPSED_REALTIME_WAKEUP when: After 0h:2m:37.0s
D/AlarmManager( 188): Removed alarm Alarm{413697e8 type 2 com.google.android.apps.maps} type:ELAPSED_REALTIME_WAKEUP
D/AlarmManager( 188): Added alarm Alarm{41738a98 type 2 com.google.android.apps.maps} type:ELAPSED_REALTIME_WAKEUP when: After 596521h:46m:33.0s
D/AlarmManager( 188): Removed alarm Alarm{4164af60 type 2 com.google.android.gsf} type:ELAPSED_REALTIME_WAKEUP
D/AlarmManager( 188): Removed alarm Alarm{4169efa8 type 0 com.ted.android} type:RTC_WAKEUP
D/AlarmManager( 188): Added alarm Alarm{415ffeb8 type 0 com.google.android.gsf} type:RTC_WAKEUP when: At 3/20/12 6:59 AM repeatInterval: 152h:14m:32.0s
D/AlarmManager( 188): Added alarm Alarm{417f1cc8 type 2 com.google.android.gsf} type:ELAPSED_REALTIME_WAKEUP when: After 0h:14m:59.0s
D/AlarmManager( 188): Removed alarm Alarm{417f1cc8 type 2 com.google.android.gsf} type:ELAPSED_REALTIME_WAKEUP
D/AlarmManager( 188): Added alarm Alarm{416780f0 type 2 com.google.android.gsf} type:ELAPSED_REALTIME_WAKEUP when: After 0h:15m:0.0s
D/AlarmManager( 188): Removed alarm Alarm{416780f0 type 2 com.google.android.gsf} type:ELAPSED_REALTIME_WAKEUP
D/AlarmManager( 188): Added alarm Alarm{41674c68 type 2 com.google.android.gsf} type:ELAPSED_REALTIME_WAKEUP when: After 0h:15m:0.0s
D/AlarmManager( 188): Removed alarm Alarm{41674c68 type 2 com.google.android.gsf} type:ELAPSED_REALTIME_WAKEUP
D/AlarmManager( 188): Added alarm Alarm{41669630 type 2 com.google.android.gsf} type:ELAPSED_REALTIME_WAKEUP when: After 0h:14m:59.0s
D/ConnectivityService( 188): handleInetConditionHoldEnd: net=1, condition=100, published condition=0
I/ActivityManager( 188): START {act=android.intent.action.MAIN cat=[android.intent.category.HOME] flg=0x10200000 cmp=com.android.launcher/com.android.launcher2.Launcher} from pid 188
W/InputManagerService( 188): Starting input on non-focused client com.android.internal.view.IInputMethodClient$Stub$Proxy@415dd938 (uid=1000 pid=3444)
I/ActivityManager( 188): Start proc com.google.android.talk for broadcast com.google.android.talk/.ConnectionStateOnlineReceiver: pid=3510 uid=10013 gids={3003, 1015, 1006, 3002}
D/AlarmManager( 188): Removed alarm Alarm{41669630 type 2 com.google.android.gsf} type:ELAPSED_REALTIME_WAKEUP
D/AlarmManager( 188): Added alarm Alarm{415f33a0 type 2 com.google.android.gsf} type:ELAPSED_REALTIME_WAKEUP when: After 0h:14m:59.0s
D/AlarmManager( 188): Removed alarm Alarm{415f33a0 type 2 com.google.android.gsf} type:ELAPSED_REALTIME_WAKEUP
D/AlarmManager( 188): Added alarm Alarm{41334508 type 2 com.google.android.gsf} type:ELAPSED_REALTIME_WAKEUP when: After 0h:14m:59.0s
D/AlarmManager( 188): Removed alarm Alarm{41334508 type 2 com.google.android.gsf} type:ELAPSED_REALTIME_WAKEUP
D/AlarmManager( 188): Added alarm Alarm{41681f18 type 2 com.google.android.gsf} type:ELAPSED_REALTIME_WAKEUP when: After 0h:14m:59.0s
D/AlarmManager( 188): Removed alarm Alarm{41681f18 type 2 com.google.android.gsf} type:ELAPSED_REALTIME_WAKEUP
D/AlarmManager( 188): Added alarm Alarm{415fe820 type 2 com.google.android.gsf} type:ELAPSED_REALTIME_WAKEUP when: After 0h:14m:59.0s
D/AlarmManager( 188): Removed alarm Alarm{415fe820 type 2 com.google.android.gsf} type:ELAPSED_REALTIME_WAKEUP
D/AlarmManager( 188): Added alarm Alarm{4156b578 type 2 com.google.android.gsf} type:ELAPSED_REALTIME_WAKEUP when: After 0h:15m:0.0s
D/AlarmManager( 188): Removed alarm Alarm{4156b578 type 2 com.google.android.gsf} type:ELAPSED_REALTIME_WAKEUP
D/AlarmManager( 188): Added alarm Alarm{41624bc0 type 2 com.google.android.gsf} type:ELAPSED_REALTIME_WAKEUP when: After 0h:15m:0.0s
D/AlarmManager( 188): Removed alarm Alarm{41624bc0 type 2 com.google.android.gsf} type:ELAPSED_REALTIME_WAKEUP
D/AlarmManager( 188): Added alarm Alarm{41533c40 type 2 com.google.android.gsf} type:ELAPSED_REALTIME_WAKEUP when: After 0h:14m:59.0s
I/ActivityManager( 188): START {act=android.intent.action.MAIN cat=[android.intent.category.LAUNCHER] flg=0x10200000 cmp=com.android.browser/.BrowserActivity bnds=[16,970][112,1066]} from pid 472
I/ActivityManager( 188): START {act=android.intent.action.VIEW dat=content://com.google.android.providers.talk/messagesByAccount/1 flg=0x34000000 cmp=com.google.android.talk/.SigningInActivity bnds=[440,1216][800,1280] (has extras)} from pid -1
W/InputManagerService( 188): Starting input on non-focused client com.android.internal.view.IInputMethodClient$Stub$Proxy@41364e68 (uid=10067 pid=1703)
D/AlarmManager( 188): Removed alarm Alarm{41533c40 type 2 com.google.android.gsf} type:ELAPSED_REALTIME_WAKEUP
D/AlarmManager( 188): Added alarm Alarm{412ffbf0 type 2 com.google.android.gsf} type:ELAPSED_REALTIME_WAKEUP when: After 0h:14m:59.0s
D/AlarmManager( 188): Triggered Alarm 41642c10 ELAPSED_REALTIME_WAKEUP IntentSender{4136ae50: PendingIntentRecord{4161a6d8 com.google.android.gsf broadcastIntent}}
I/ActivityManager( 188): START {act=android.intent.action.MAIN cat=[android.intent.category.HOME] flg=0x10200000 cmp=com.android.launcher/com.android.launcher2.Launcher} from pid 188
I/ActivityManager( 188): START {act=android.intent.action.MAIN cat=[android.intent.category.LAUNCHER] flg=0x10200000 cmp=com.android.browser/.BrowserActivity bnds=[16,970][112,1066]} from pid 472
W/InputManagerService( 188): Starting input on non-focused client com.android.internal.view.IInputMethodClient$Stub$Proxy@41534648 (uid=10013 pid=3510)
D/AlarmManager( 188): Triggered Alarm 416daaa0 RTC_WAKEUP IntentSender{415f73d0: PendingIntentRecord{416da9a0 com.facebook.katana startService}}
D/AlarmManager( 188): Added alarm Alarm{4112b408 type 0 com.facebook.katana} type:RTC_WAKEUP when: At 3/19/12 7:20 PM
D/AlarmManager( 188): Added alarm Alarm{416ce3d8 type 0 com.facebook.katana} type:RTC_WAKEUP when: At 3/17/12 7:20 PM
I/ActivityManager( 188): START {act=android.intent.action.WEB_SEARCH cat=[android.intent.category.DEFAULT] cmp=com.google.android.googlequicksearchbox/.google.GoogleSearch (has extras)} from pid 1703
I/ActivityManager( 188): START {act=android.intent.action.VIEW dat=http://www.google.com/search?mmns=0&hl=en&redir_esc=&client=tablet-android-asus&source=android-browser-type&v=141239410&qsubts=1332037214771&action=devloc&q=android+vlc+open+rtsp flg=0x10000000 pkg=com.android.browser cmp=com.android.browser/.BrowserActivity (has extras)} from pid -1
W/ActivityManager( 188): Duplicate finish request for ActivityRecord{41611fa0 com.google.android.googlequicksearchbox/.google.GoogleSearch}
W/InputManagerService( 188): Window already focused, ignoring focus gain of: com.android.internal.view.IInputMethodClient$Stub$Proxy@41534920
D/AlarmManager( 188): Triggered Alarm 416ce3d8 RTC_WAKEUP IntentSender{41672cf0: PendingIntentRecord{4169b820 com.facebook.katana startService}}
D/AlarmManager( 188): Added alarm Alarm{41691ba0 type 2 com.google.android.apps.plus} type:ELAPSED_REALTIME_WAKEUP when: After 12h:0m:0.0s repeatInterval: 12h:0m:0.0s
D/AlarmManager( 188): Added alarm Alarm{41579ca0 type 2 com.google.android.apps.plus} type:ELAPSED_REALTIME_WAKEUP when: After 1h:0m:0.0s repeatInterval: 1h:0m:0.0s
D/AlarmManager( 188): Added alarm Alarm{4186f948 type 2 com.google.android.apps.maps} type:ELAPSED_REALTIME_WAKEUP when: After 0h:15m:0.0s repeatInterval: 0h:15m:0.0s
D/AlarmManager( 188): Triggered Alarm 41691ba0 ELAPSED_REALTIME_WAKEUP IntentSender{41613c98: PendingIntentRecord{41691b00 com.google.android.apps.plus startService}}
D/AlarmManager( 188): Triggered Alarm 41579ca0 ELAPSED_REALTIME_WAKEUP IntentSender{416704f8: PendingIntentRecord{418b3fc8 com.google.android.apps.plus startService}}
D/AlarmManager( 188): Triggered Alarm 4186f948 ELAPSED_REALTIME_WAKEUP IntentSender{41603540: PendingIntentRecord{4172dd10 com.google.android.apps.maps startService}}
I/ActivityManager( 188): Start proc com.google.android.apps.maps for service com.google.android.apps.maps/com.google.googlenav.prefetch.android.PrefetcherService: pid=3687 uid=10042 gids={3003, 1015}
D/AlarmManager( 188): Removed alarm Alarm{4186f948 type 2 com.google.android.apps.maps} type:ELAPSED_REALTIME_WAKEUP
D/AlarmManager( 188): Added alarm Alarm{416ca5f8 type 2 com.google.android.apps.maps} type:ELAPSED_REALTIME_WAKEUP when: After 0h:29m:59.0s repeatInterval: 0h:15m:0.0s
W/ThrottleService( 188): unable to find stats for iface rmnet0
D/AlarmManager( 188): Removed alarm Alarm{412ffbf0 type 2 com.google.android.gsf} type:ELAPSED_REALTIME_WAKEUP
D/AlarmManager( 188): Added alarm Alarm{417f8378 type 2 com.google.android.gsf} type:ELAPSED_REALTIME_WAKEUP when: After 0h:14m:59.0s
I/ActivityManager( 188): START {act=android.intent.action.VIEW dat=content://com.google.android.providers.talk/messagesByAccount/1 flg=0x34000000 cmp=com.google.android.talk/.SigningInActivity bnds=[440,1216][800,1280] (has extras)} from pid -1
W/InputManagerService( 188): Starting input on non-focused client com.android.internal.view.IInputMethodClient$Stub$Proxy@41364e68 (uid=10067 pid=1703)
D/AlarmManager( 188): Removed alarm Alarm{417f8378 type 2 com.google.android.gsf} type:ELAPSED_REALTIME_WAKEUP
D/AlarmManager( 188): Added alarm Alarm{4155aba0 type 2 com.google.android.gsf} type:ELAPSED_REALTIME_WAKEUP when: After 0h:14m:59.0s
D/AlarmManager( 188): Removed alarm Alarm{4155aba0 type 2 com.google.android.gsf} type:ELAPSED_REALTIME_WAKEUP
D/AlarmManager( 188): Added alarm Alarm{41674aa0 type 2 com.google.android.gsf} type:ELAPSED_REALTIME_WAKEUP when: After 0h:14m:59.0s
I/ActivityManager( 188): START {act=android.intent.action.MAIN cat=[android.intent.category.HOME] flg=0x10200000 cmp=com.android.launcher/com.android.launcher2.Launcher} from pid 188
D/AlarmManager( 188): Added alarm Alarm{418b47a0 type 0 com.google.android.gsf} type:RTC_WAKEUP when: At 3/17/12 7:51 PM repeatInterval: 0h:30m:0.0s
D/AlarmManager( 188): Triggered Alarm 418b47a0 RTC_WAKEUP IntentSender{4164f548: PendingIntentRecord{417277b8 com.google.android.gsf broadcastIntent}}
D/AlarmManager( 188): Removed alarm Alarm{418b47a0 type 0 com.google.android.gsf} type:RTC_WAKEUP
D/AlarmManager( 188): Added alarm Alarm{416a3890 type 0 com.google.android.gsf} type:RTC_WAKEUP when: At 3/17/12 7:51 PM repeatInterval: 0h:30m:0.0s
D/AlarmManager( 188): Triggered Alarm 41583fb0 ELAPSED_REALTIME_WAKEUP IntentSender{4185d100: PendingIntentRecord{415df358 com.google.android.location broadcastIntent}}
D/AlarmManager( 188): Added alarm Alarm{418b4348 type 2 com.google.android.location} type:ELAPSED_REALTIME_WAKEUP when: After 0h:0m:4.0s
D/AlarmManager( 188): Removed alarm Alarm{418b4348 type 2 com.google.android.location} type:ELAPSED_REALTIME_WAKEUP
D/AlarmManager( 188): Added alarm Alarm{416643d8 type 2 com.google.android.location} type:ELAPSED_REALTIME_WAKEUP when: After 0h:0m:4.0s
D/AlarmManager( 188): Removed alarm Alarm{41738a98 type 2 com.google.android.apps.maps} type:ELAPSED_REALTIME_WAKEUP
D/AlarmManager( 188): Added alarm Alarm{416a61f0 type 2 com.google.android.apps.maps} type:ELAPSED_REALTIME_WAKEUP when: After 596521h:43m:55.0s
D/AlarmManager( 188): Removed alarm Alarm{416a61f0 type 2 com.google.android.apps.maps} type:ELAPSED_REALTIME_WAKEUP
D/AlarmManager( 188): Added alarm Alarm{415e4338 type 2 com.google.android.apps.maps} type:ELAPSED_REALTIME_WAKEUP when: After 596521h:43m:54.0s
D/AlarmManager( 188): Removed alarm Alarm{416643d8 type 2 com.google.android.location} type:ELAPSED_REALTIME_WAKEUP
D/AlarmManager( 188): Added alarm Alarm{41685b60 type 2 com.google.android.location} type:ELAPSED_REALTIME_WAKEUP when: After 0h:4m:58.0s
D/PowerManagerService( 188): @PowerManagement: Auto-dim timeout
D/PowerManagerService( 188): @PowerManagement: Screen Bright {true -> false}
D/PowerManagerService( 188): @PowerManagement: Auto-sleep timeout
D/PowerManagerService( 188): @PowerManagement: Screen turned off mScreenOnTime=214032ms Battery: <90,8>
D/PowerManagerService( 188): @PowerManagement: Acquire UWL 'sleep_broadcast' flags [partial] refcount=1
D/AlarmManager( 188): Added alarm Alarm{4179cd98 type 2 android} type:ELAPSED_REALTIME_WAKEUP when: After 0h:0m:4.0s
D/PowerManagerService( 188): @PowerManagement: sending ordered bcast for ACTION_SCREEN_OFF
D/AlarmManager( 188): Added alarm Alarm{4161e5c8 type 2 com.google.android.gsf} type:ELAPSED_REALTIME_WAKEUP when: After 0h:0m:30.0s
D/PowerManagerService( 188): @PowerManagement: Release UWL 'sleep_broadcast' flags [partial] refcount=0
D/AlarmManager( 188): Triggered Alarm 4179cd98 ELAPSED_REALTIME_WAKEUP IntentSender{416646a8: PendingIntentRecord{4179ccf8 android broadcastIntent}}
I/TabletStatusBar( 290): DISABLE_CLOCK: yes
D/AlarmManager( 188): Removed alarm Alarm{41674aa0 type 2 com.google.android.gsf} type:ELAPSED_REALTIME_WAKEUP
D/AlarmManager( 188): Added alarm Alarm{41603508 type 2 com.google.android.gsf} type:ELAPSED_REALTIME_WAKEUP when: After 0h:15m:0.0s
D/PowerManagerService( 188): @PowerManagement: Auto-sleep timeout
D/AlarmManager( 188): Triggered Alarm 4161e5c8 ELAPSED_REALTIME_WAKEUP IntentSender{4173d788: PendingIntentRecord{4161a6d8 com.google.android.gsf broadcastIntent}}
D/PowerManagerService( 188): @PowerManagement: Screen Bright {false -> true}
D/PowerManagerService( 188): @PowerManagement: Screen turned on mScreenOffTime=76940ms Battery: <91,8>
D/PowerManagerService( 188): @PowerManagement: Acquire UWL 'sleep_broadcast' flags [partial] refcount=1
D/PowerManagerService( 188): @PowerManagement: Acquire UWL 'sleep_broadcast' flags [partial] refcount=2
D/PowerManagerService( 188): @PowerManagement: sending ordered bcast for ACTION_SCREEN_ON
D/PowerManagerService( 188): @PowerManagement: Release UWL 'sleep_broadcast' flags [partial] refcount=1
I/WindowManager( 188): Lock screen displayed!
D/PowerManagerService( 188): @PowerManagement: Release UWL 'sleep_broadcast' flags [partial] refcount=0
I/ActivityManager( 188): Config changed: {1.0 0mcc0mnc en_US layoutdir=0 sw800dp w1280dp h752dp xlrg land finger -keyb/v/h -nav/h s.13}
I/StatusBar.HeightReceiver( 290): Resizing status bar plugged=false height=48 old=48
D/PowerManagerService( 188): @PowerManagement: 'keyguard' releaseWakeLock when screen locked
D/AlarmManager( 188): Removed alarm Alarm{41603508 type 2 com.google.android.gsf} type:ELAPSED_REALTIME_WAKEUP
D/AlarmManager( 188): Added alarm Alarm{41630658 type 2 com.google.android.gsf} type:ELAPSED_REALTIME_WAKEUP when: After 0h:15m:0.0s
I/TabletStatusBar( 290): DISABLE_CLOCK: no
W/InputManagerService( 188): Starting input on non-focused client com.android.internal.view.IInputMethodClient$Stub$Proxy@41534648 (uid=10013 pid=3510)
I/ActivityManager( 188): START {act=android.intent.action.VIEW dat=content://com.google.android.providers.talk/messagesByAccount/1 flg=0x34000000 cmp=com.google.android.talk/.SigningInActivity bnds=[902,686][1268,750] (has extras)} from pid -1
D/AlarmManager( 188): Removed alarm Alarm{41630658 type 2 com.google.android.gsf} type:ELAPSED_REALTIME_WAKEUP
D/AlarmManager( 188): Added alarm Alarm{417f3080 type 2 com.google.android.gsf} type:ELAPSED_REALTIME_WAKEUP when: After 0h:15m:0.0s
I/ActivityManager( 188): START {act=android.intent.action.MAIN cat=[android.intent.category.HOME] flg=0x10200000 cmp=com.android.launcher/com.android.launcher2.Launcher} from pid 188
I/ActivityManager( 188): START {act=android.intent.action.MAIN cat=[android.intent.category.LAUNCHER] flg=0x10200000 cmp=com.android.browser/.BrowserActivity bnds=[144,640][240,736]} from pid 472
W/InputManagerService( 188): Starting input on non-focused client com.android.internal.view.IInputMethodClient$Stub$Proxy@41534648 (uid=10013 pid=3510)
I/ActivityManager( 188): START {act=android.settings.SETTINGS flg=0x14000000 cmp=com.android.settings/.Settings} from pid 290
W/InputManagerService( 188): Starting input on non-focused client com.android.internal.view.IInputMethodClient$Stub$Proxy@41364e68 (uid=10067 pid=1703)
D/AlarmManager( 188): Removed alarm Alarm{41685b60 type 2 com.google.android.location} type:ELAPSED_REALTIME_WAKEUP
D/AlarmManager( 188): Added alarm Alarm{41722f38 type 2 com.google.android.location} type:ELAPSED_REALTIME_WAKEUP when: After 0h:2m:35.0s
D/AlarmManager( 188): Removed alarm Alarm{415e4338 type 2 com.google.android.apps.maps} type:ELAPSED_REALTIME_WAKEUP
D/AlarmManager( 188): Added alarm Alarm{416ad768 type 2 com.google.android.apps.maps} type:ELAPSED_REALTIME_WAKEUP when: After 596521h:41m:31.0s
D/AlarmManager( 188): Removed alarm Alarm{41663128 type 2 android} type:ELAPSED_REALTIME_WAKEUP
D/ConnectivityService( 188): ConnectivityChange for WIFI: DISCONNECTED/DISCONNECTED
D/ConnectivityService( 188): Attempting to switch to mobile
D/ConnectivityService( 188): Attempting to switch to BLUETOOTH_TETHER
D/AlarmManager( 188): Added alarm Alarm{41692240 type 0 android} type:RTC_WAKEUP when: At 3/17/12 7:29 PM repeatInterval: 0h:5m:0.0s
D/ConnectivityService( 188): Attempting to switch to ETHERNET
D/ConnectivityService( 188): resetConnections(wlan0, 3)
D/AlarmManager( 188): Added alarm Alarm{416192c0 type 0 com.asus.cm} type:RTC_WAKEUP when: At 3/17/12 7:25 PM
D/AlarmManager( 188): Added alarm Alarm{418af7a8 type 0 com.ted.android} type:RTC_WAKEUP when: At 3/17/12 8:24 PM
I/ActivityManager( 188): No longer want org.videolan.vlc (pid 2728): hidden #16
W/ActivityManager( 188): Scheduling restart of crashed service org.videolan.vlc/.AudioService in 5000ms
I/WindowManager( 188): WIN DEATH: Window{417366f8 org.videolan.vlc/org.videolan.vlc.gui.MainActivity paused=false}
I/WindowManager( 188): WIN DEATH: Window{4160a798 org.videolan.vlc/org.videolan.vlc.gui.PreferencesActivity paused=false}
D/ConnectivityService( 188): handleInetConditionChange: no active default network - ignore
D/AlarmManager( 188): Removed alarm Alarm{417f3080 type 2 com.google.android.gsf} type:ELAPSED_REALTIME_WAKEUP
D/AlarmManager( 188): Added alarm Alarm{415c7140 type 2 com.google.android.gsf} type:ELAPSED_REALTIME_WAKEUP when: After 0h:0m:10.0s
D/AlarmManager( 188): Removed alarm Alarm{41692240 type 0 android} type:RTC_WAKEUP
D/AlarmManager( 188): Removed alarm Alarm{41722f38 type 2 com.google.android.location} type:ELAPSED_REALTIME_WAKEUP
D/AlarmManager( 188): Added alarm Alarm{417f3980 type 2 com.google.android.location} type:ELAPSED_REALTIME_WAKEUP when: After 0h:2m:31.0s
D/AlarmManager( 188): Removed alarm Alarm{416ad768 type 2 com.google.android.apps.maps} type:ELAPSED_REALTIME_WAKEUP
D/AlarmManager( 188): Added alarm Alarm{4139d5a0 type 2 com.google.android.apps.maps} type:ELAPSED_REALTIME_WAKEUP when: After 596521h:41m:27.0s
D/AlarmManager( 188): Added alarm Alarm{413b36b8 type 2 android} type:ELAPSED_REALTIME_WAKEUP when: After 11h:31m:11.0s
D/ConnectivityService( 188): ConnectivityChange for WIFI: CONNECTED/CONNECTED
D/AlarmManager( 188): Removed alarm Alarm{416192c0 type 0 com.asus.cm} type:RTC_WAKEUP
D/AlarmManager( 188): Removed alarm Alarm{415c7140 type 2 com.google.android.gsf} type:ELAPSED_REALTIME_WAKEUP
D/AlarmManager( 188): Removed alarm Alarm{418af7a8 type 0 com.ted.android} type:RTC_WAKEUP
D/AlarmManager( 188): Removed alarm Alarm{415ffeb8 type 0 com.google.android.gsf} type:RTC_WAKEUP
D/AlarmManager( 188): Added alarm Alarm{4168f798 type 0 com.google.android.gsf} type:RTC_WAKEUP when: At 3/20/12 6:59 AM repeatInterval: 152h:14m:32.0s
D/ConnectivityService( 188): NetTransition Wakelock for WifiStateMachine released by timeout
D/AlarmManager( 188): Added alarm Alarm{4168e850 type 0 com.ted.android} type:RTC_WAKEUP when: At 3/17/12 8:24 PM
D/AlarmManager( 188): Added alarm Alarm{417f9b20 type 2 com.google.android.gsf} type:ELAPSED_REALTIME_WAKEUP when: After 0h:0m:10.0s
D/AlarmManager( 188): Removed alarm Alarm{4139d5a0 type 2 com.google.android.apps.maps} type:ELAPSED_REALTIME_WAKEUP
D/AlarmManager( 188): Added alarm Alarm{41694d60 type 2 com.google.android.apps.maps} type:ELAPSED_REALTIME_WAKEUP when: After 596521h:41m:24.0s
D/AlarmManager( 188): Removed alarm Alarm{417f3980 type 2 com.google.android.location} type:ELAPSED_REALTIME_WAKEUP
D/AlarmManager( 188): Added alarm Alarm{417d7668 type 2 com.google.android.location} type:ELAPSED_REALTIME_WAKEUP when: After 0h:2m:28.0s
I/ActivityManager( 188): Start proc org.videolan.vlc for service org.videolan.vlc/.AudioService: pid=3902 uid=10092 gids={3003, 1007, 1015}
D/AlarmManager( 188): Removed alarm Alarm{417f9b20 type 2 com.google.android.gsf} type:ELAPSED_REALTIME_WAKEUP
D/AlarmManager( 188): Added alarm Alarm{418738d0 type 0 com.asus.cm} type:RTC_WAKEUP when: At 3/17/12 7:33 PM
D/AlarmManager( 188): Removed alarm Alarm{4168e850 type 0 com.ted.android} type:RTC_WAKEUP
D/AlarmManager( 188): Removed alarm Alarm{4168f798 type 0 com.google.android.gsf} type:RTC_WAKEUP
D/AlarmManager( 188): Added alarm Alarm{4165e888 type 0 com.google.android.gsf} type:RTC_WAKEUP when: At 3/20/12 6:59 AM repeatInterval: 152h:14m:32.0s
D/ConnectivityService( 188): handleInetConditionHoldEnd: net=1, condition=0, published condition=0
W/InputManagerService( 188): Starting input on non-focused client com.android.internal.view.IInputMethodClient$Stub$Proxy@415dd938 (uid=1000 pid=3444)
I/ActivityManager( 188): START {act=android.intent.action.VIEW cat=[android.intent.category.BROWSABLE] dat=rtsp://192.168.1.212/stream1 cmp=android/com.android.internal.app.ResolverActivity (has extras)} from pid 1703
D/AlarmManager( 188): Added alarm Alarm{415c2a18 type 0 com.ted.android} type:RTC_WAKEUP when: At 3/17/12 8:24 PM
I/ActivityManager( 188): No longer want com.google.android.inputmethod.latin.dictionarypack (pid 3180): hidden #16
D/AlarmManager( 188): Added alarm Alarm{416109e8 type 2 com.google.android.gsf} type:ELAPSED_REALTIME_WAKEUP when: After 0h:0m:13.0s
D/ConnectivityService( 188): handleInetConditionHoldEnd: net=1, condition=0, published condition=0
